-- Table structure for table `wp_daztp5_queue`
--

CREATE TABLE `wp_daztp5_queue` (
  `id` bigint(20) NOT NULL AUTO_INCREMENT,
  `job` text COLLATE utf8mb4_unicode_520_ci NOT NULL,
  `attempts` tinyint(1) NOT NULL DEFAULT '0',
  `locked` tinyint(1) NOT NULL DEFAULT '0',
  `locked_at` datetime DEFAULT NULL,
  `available_at` datetime NOT NULL,
  `created_at` datetime NOT NULL,
  PRIMARY KEY (`id`)
) ENGINE=InnoDB DEFAULT CHARSET=utf8mb4 COLLATE=utf8mb4_unicode_520_ci;

--
-- Dumping data for table `wp_daztp5_queue`
--


--
-- Table structure for table `wp_daztp5_sender_automated_emails_carts`
--

CREATE TABLE `wp_daztp5_sender_automated_emails_carts` (
  `id` int(11) NOT NULL AUTO_INCREMENT,
  `user_id` int(11) NOT NULL,
  `user_type` varchar(15) COLLATE utf8mb4_unicode_520_ci DEFAULT NULL,
  `session` varchar(50) CHARACTER SET utf8 COLLATE utf8_unicode_ci NOT NULL,
  `cart_data` text CHARACTER SET utf8 COLLATE utf8_unicode_ci NOT NULL,
  `cart_recovered` int(11) NOT NULL,
  `cart_status` int(11) NOT NULL,
  `created` int(11) NOT NULL,
  `updated` int(11) NOT NULL,
  PRIMARY KEY (`id`)
) ENGINE=InnoDB AUTO_INCREMENT=14 DEFAULT CHARSET=utf8mb4 COLLATE=utf8mb4_unicode_520_ci;

--
-- Dumping data for table `wp_daztp5_sender_automated_emails_carts`
--

INSERT INTO `wp_daztp5_sender_automated_emails_carts` VALUES (2,0,NULL,'22d9f4c94143e757e60e7d85b6880e2c','a:2:{s:32:\"6a0f9e3b1acd19c9586f9f202cf64e33\";a:13:{s:15:\"thwepof_options\";a:1:{s:8:\"language\";a:5:{s:4:\"name\";s:8:\"language\";s:5:\"value\";s:18:\"Original Norwegian\";s:4:\"type\";s:6:\"select\";s:5:\"label\";s:22:\"Language (month names)\";s:7:\"options\";a:2:{i:0;s:18:\"Original Norwegian\";i:1;s:7:\"English\";}}}s:3:\"key\";s:32:\"6a0f9e3b1acd19c9586f9f202cf64e33\";s:10:\"product_id\";i:964;s:12:\"variation_id\";i:0;s:9:\"variation\";a:0:{}s:8:\"quantity\";i:1;s:9:\"data_hash\";s:32:\"b5c1d5ca8bae6d4896cf1807cdf763f0\";s:13:\"line_tax_data\";a:2:{s:8:\"subtotal\";a:0:{}s:5:\"total\";a:0:{}}s:13:\"line_subtotal\";d:180;s:17:\"line_subtotal_tax\";i:0;s:10:\"line_total\";d:180;s:8:\"line_tax\";i:0;s:4:\"data\";O:17:\"WC_Product_Simple\":1:{s:5:\"\0*\0id\";i:964;}}s:32:\"5df07ecf4cea616e3eb384a9be3511bb\";a:12:{s:3:\"key\";s:32:\"5df07ecf4cea616e3eb384a9be3511bb\";s:10:\"product_id\";i:2614;s:12:\"variation_id\";i:0;s:9:\"variation\";a:0:{}s:8:\"quantity\";i:1;s:9:\"data_hash\";s:32:\"b5c1d5ca8bae6d4896cf1807cdf763f0\";s:13:\"line_tax_data\";a:2:{s:8:\"subtotal\";a:0:{}s:5:\"total\";a:0:{}}s:13:\"line_subtotal\";d:225;s:17:\"line_subtotal_tax\";i:0;s:10:\"line_total\";d:225;s:8:\"line_tax\";i:0;s:4:\"data\";O:17:\"WC_Product_Simple\":1:{s:5:\"\0*\0id\";i:2614;}}}',0,0,1623857888,1623857888),(4,0,NULL,'92d02a0f85585c78c2eb0cac9c6f08bd','a:1:{s:32:\"6a0f9e3b1acd19c9586f9f202cf64e33\";a:13:{s:15:\"thwepof_options\";a:1:{s:8:\"language\";a:5:{s:4:\"name\";s:8:\"language\";s:5:\"value\";s:18:\"Original Norwegian\";s:4:\"type\";s:6:\"select\";s:5:\"label\";s:22:\"Language (month names)\";s:7:\"options\";a:2:{i:0;s:18:\"Original Norwegian\";i:1;s:7:\"English\";}}}s:3:\"key\";s:32:\"6a0f9e3b1acd19c9586f9f202cf64e33\";s:10:\"product_id\";i:964;s:12:\"variation_id\";i:0;s:9:\"variation\";a:0:{}s:8:\"quantity\";i:1;s:9:\"data_hash\";s:32:\"b5c1d5ca8bae6d4896cf1807cdf763f0\";s:13:\"line_tax_data\";a:2:{s:8:\"subtotal\";a:0:{}s:5:\"total\";a:0:{}}s:13:\"line_subtotal\";d:180;s:17:\"line_subtotal_tax\";i:0;s:10:\"line_total\";d:0;s:8:\"line_tax\";i:0;s:4:\"data\";O:17:\"WC_Product_Simple\":1:{s:5:\"\0*\0id\";i:964;}}}',0,0,1624472044,1624513794),(5,0,NULL,'b3ca81d0d925c03e0f94772a287eac6d','a:3:{s:32:\"6a0f9e3b1acd19c9586f9f202cf64e33\";a:13:{s:15:\"thwepof_options\";a:1:{s:8:\"language\";a:5:{s:4:\"name\";s:8:\"language\";s:5:\"value\";s:18:\"Original Norwegian\";s:4:\"type\";s:6:\"select\";s:5:\"label\";s:22:\"Language (month names)\";s:7:\"options\";a:2:{i:0;s:18:\"Original Norwegian\";i:1;s:7:\"English\";}}}s:3:\"key\";s:32:\"6a0f9e3b1acd19c9586f9f202cf64e33\";s:10:\"product_id\";i:964;s:12:\"variation_id\";i:0;s:9:\"variation\";a:0:{}s:8:\"quantity\";i:2;s:9:\"data_hash\";s:32:\"b5c1d5ca8bae6d4896cf1807cdf763f0\";s:13:\"line_tax_data\";a:2:{s:8:\"subtotal\";a:0:{}s:5:\"total\";a:0:{}}s:13:\"line_subtotal\";d:360;s:17:\"line_subtotal_tax\";i:0;s:10:\"line_total\";d:360;s:8:\"line_tax\";i:0;s:4:\"data\";O:17:\"WC_Product_Simple\":1:{s:5:\"\0*\0id\";i:964;}}s:32:\"c0e90532fb42ac6de18e25e95db73047\";a:12:{s:3:\"key\";s:32:\"c0e90532fb42ac6de18e25e95db73047\";s:10:\"product_id\";i:2572;s:12:\"variation_id\";i:0;s:9:\"variation\";a:0:{}s:8:\"quantity\";i:1;s:9:\"data_hash\";s:32:\"b5c1d5ca8bae6d4896cf1807cdf763f0\";s:13:\"line_tax_data\";a:2:{s:8:\"subtotal\";a:0:{}s:5:\"total\";a:0:{}}s:13:\"line_subtotal\";d:200;s:17:\"line_subtotal_tax\";i:0;s:10:\"line_total\";d:200;s:8:\"line_tax\";i:0;s:4:\"data\";O:17:\"WC_Product_Simple\":1:{s:5:\"\0*\0id\";i:2572;}}s:32:\"8065d07da4a77621450aa84fee5656d9\";a:12:{s:3:\"key\";s:32:\"8065d07da4a77621450aa84fee5656d9\";s:10:\"product_id\";i:964;s:12:\"variation_id\";i:0;s:9:\"variation\";a:0:{}s:8:\"quantity\";i:1;s:9:\"data_hash\";s:32:\"b5c1d5ca8bae6d4896cf1807cdf763f0\";s:4:\"data\";O:17:\"WC_Product_Simple\":1:{s:5:\"\0*\0id\";i:964;}s:13:\"line_tax_data\";a:2:{s:8:\"subtotal\";a:0:{}s:5:\"total\";a:0:{}}s:13:\"line_subtotal\";d:180;s:17:\"line_subtotal_tax\";i:0;s:10:\"line_total\";d:180;s:8:\"line_tax\";i:0;}}',0,0,1624475819,1624475819),(6,0,NULL,'5a211beee62b565de41211ea35d83ffd','a:3:{s:32:\"6a0f9e3b1acd19c9586f9f202cf64e33\";a:13:{s:15:\"thwepof_options\";a:1:{s:8:\"language\";a:5:{s:4:\"name\";s:8:\"language\";s:5:\"value\";s:18:\"Original Norwegian\";s:4:\"type\";s:6:\"select\";s:5:\"label\";s:22:\"Language (month names)\";s:7:\"options\";a:2:{i:0;s:18:\"Original Norwegian\";i:1;s:7:\"English\";}}}s:3:\"key\";s:32:\"6a0f9e3b1acd19c9586f9f202cf64e33\";s:10:\"product_id\";i:964;s:12:\"variation_id\";i:0;s:9:\"variation\";a:0:{}s:8:\"quantity\";i:2;s:9:\"data_hash\";s:32:\"b5c1d5ca8bae6d4896cf1807cdf763f0\";s:13:\"line_tax_data\";a:2:{s:8:\"subtotal\";a:0:{}s:5:\"total\";a:0:{}}s:13:\"line_subtotal\";d:360;s:17:\"line_subtotal_tax\";i:0;s:10:\"line_total\";d:360;s:8:\"line_tax\";i:0;s:4:\"data\";O:17:\"WC_Product_Simple\":1:{s:5:\"\0*\0id\";i:964;}}s:32:\"c0e90532fb42ac6de18e25e95db73047\";a:12:{s:3:\"key\";s:32:\"c0e90532fb42ac6de18e25e95db73047\";s:10:\"product_id\";i:2572;s:12:\"variation_id\";i:0;s:9:\"variation\";a:0:{}s:8:\"quantity\";i:1;s:9:\"data_hash\";s:32:\"b5c1d5ca8bae6d4896cf1807cdf763f0\";s:13:\"line_tax_data\";a:2:{s:8:\"subtotal\";a:0:{}s:5:\"total\";a:0:{}}s:13:\"line_subtotal\";d:200;s:17:\"line_subtotal_tax\";i:0;s:10:\"line_total\";d:200;s:8:\"line_tax\";i:0;s:4:\"data\";O:17:\"WC_Product_Simple\":1:{s:5:\"\0*\0id\";i:2572;}}s:32:\"8065d07da4a77621450aa84fee5656d9\";a:12:{s:3:\"key\";s:32:\"8065d07da4a77621450aa84fee5656d9\";s:10:\"product_id\";i:964;s:12:\"variation_id\";i:0;s:9:\"variation\";a:0:{}s:8:\"quantity\";i:1;s:9:\"data_hash\";s:32:\"b5c1d5ca8bae6d4896cf1807cdf763f0\";s:13:\"line_tax_data\";a:2:{s:8:\"subtotal\";a:0:{}s:5:\"total\";a:0:{}}s:13:\"line_subtotal\";d:180;s:17:\"line_subtotal_tax\";i:0;s:10:\"line_total\";d:180;s:8:\"line_tax\";i:0;s:4:\"data\";O:17:\"WC_Product_Simple\":1:{s:5:\"\0*\0id\";i:964;}}}',0,0,1624696087,1624696087),(12,0,NULL,'1','a:1:{s:32:\"126e6b70e5ad97d4874e096ff089b5e2\";a:12:{s:3:\"key\";s:32:\"126e6b70e5ad97d4874e096ff089b5e2\";s:10:\"product_id\";i:964;s:12:\"variation_id\";i:11810;s:9:\"variation\";a:1:{s:21:\"attribute_pa_language\";s:7:\"english\";}s:8:\"quantity\";i:2;s:9:\"data_hash\";s:32:\"09111df983208cfac71a834497156663\";s:13:\"line_tax_data\";a:2:{s:8:\"subtotal\";a:0:{}s:5:\"total\";a:0:{}}s:13:\"line_subtotal\";d:324;s:17:\"line_subtotal_tax\";i:0;s:10:\"line_total\";d:324;s:8:\"line_tax\";i:0;s:4:\"data\";O:20:\"WC_Product_Variation\":1:{s:5:\"\0*\0id\";i:11810;}}}',0,0,1625119330,1625559491),(13,0,NULL,'6923041a85ebc3a22bac0a3fa1dc9275','a:4:{s:32:\"9b70e8fe62e40c570a322f1b0b659098\";a:13:{s:3:\"key\";s:32:\"9b70e8fe62e40c570a322f1b0b659098\";s:10:\"product_id\";i:448;s:12:\"variation_id\";i:0;s:9:\"variation\";a:0:{}s:8:\"quantity\";i:1;s:9:\"data_hash\";s:32:\"b5c1d5ca8bae6d4896cf1807cdf763f0\";s:13:\"line_tax_data\";a:2:{s:8:\"subtotal\";a:0:{}s:5:\"total\";a:0:{}}s:13:\"line_subtotal\";d:3227.5;s:17:\"line_subtotal_tax\";i:0;s:10:\"line_total\";d:3227.5;s:8:\"line_tax\";i:0;s:3:\"adp\";a:12:{s:12:\"original_key\";N;s:4:\"attr\";N;s:4:\"orig\";a:4:{s:20:\"initial_custom_price\";N;s:14:\"original_price\";d:250;s:26:\"original_price_without_tax\";d:250;s:18:\"original_price_tax\";d:0;}s:7:\"history\";a:0:{}s:8:\"discount\";a:0:{}s:9:\"new_price\";d:250;s:29:\"free_item_replace_with_coupon\";N;s:29:\"free_item_replace_coupon_name\";N;s:8:\"currency\";a:0:{}s:9:\"gift_hash\";s:0:\"\";s:19:\"free_cart_item_hash\";s:0:\"\";s:23:\"selected_free_cart_item\";b:0;}s:4:\"data\";O:17:\"WC_Product_Simple\":1:{s:5:\"\0*\0id\";i:448;}}s:32:\"126e6b70e5ad97d4874e096ff089b5e2\";a:12:{s:3:\"key\";s:32:\"126e6b70e5ad97d4874e096ff089b5e2\";s:10:\"product_id\";i:964;s:12:\"variation_id\";i:11810;s:9:\"variation\";a:1:{s:21:\"attribute_pa_language\";s:7:\"english\";}s:8:\"quantity\";i:2;s:9:\"data_hash\";s:32:\"09111df983208cfac71a834497156663\";s:13:\"line_tax_data\";a:2:{s:8:\"subtotal\";a:0:{}s:5:\"total\";a:0:{}}s:13:\"line_subtotal\";d:4218822.562816999852657318115234375;s:17:\"line_subtotal_tax\";i:0;s:10:\"line_total\";d:4218822.562816999852657318115234375;s:8:\"line_tax\";i:0;s:4:\"data\";O:20:\"WC_Product_Variation\":1:{s:5:\"\0*\0id\";i:11810;}}s:32:\"5df07ecf4cea616e3eb384a9be3511bb\";a:12:{s:3:\"key\";s:32:\"5df07ecf4cea616e3eb384a9be3511bb\";s:10:\"product_id\";i:2614;s:12:\"variation_id\";i:0;s:9:\"variation\";a:0:{}s:8:\"quantity\";i:1;s:9:\"data_hash\";s:32:\"b5c1d5ca8bae6d4896cf1807cdf763f0\";s:13:\"line_tax_data\";a:2:{s:8:\"subtotal\";a:0:{}s:5:\"total\";a:0:{}}s:13:\"line_subtotal\";d:2904.75;s:17:\"line_subtotal_tax\";i:0;s:10:\"line_total\";d:2904.75;s:8:\"line_tax\";i:0;s:4:\"data\";O:17:\"WC_Product_Simple\":1:{s:5:\"\0*\0id\";i:2614;}}s:32:\"412bce29ca8329305b72398dab948c25\";a:12:{s:3:\"key\";s:32:\"412bce29ca8329305b72398dab948c25\";s:10:\"product_id\";i:964;s:12:\"variation_id\";i:11811;s:9:\"variation\";a:1:{s:21:\"attribute_pa_language\";s:9:\"norwegian\";}s:8:\"quantity\";i:3;s:9:\"data_hash\";s:32:\"9a6c60d4e5dc9462ecbe6ef0c3b73771\";s:13:\"line_tax_data\";a:2:{s:8:\"subtotal\";a:0:{}s:5:\"total\";a:0:{}}s:13:\"line_subtotal\";d:6328233.8442250005900859832763671875;s:17:\"line_subtotal_tax\";i:0;s:10:\"line_total\";d:6328233.8442250005900859832763671875;s:8:\"line_tax\";i:0;s:4:\"data\";O:20:\"WC_Product_Variation\":1:{s:5:\"\0*\0id\";i:11811;}}}',0,0,1625515975,1625516193);

--
-- Table structure for table `wp_daztp5_sender_automated_emails_users`
--

CREATE TABLE `wp_daztp5_sender_automated_emails_users` (
  `id` int(15) NOT NULL AUTO_INCREMENT,
  `first_name` text COLLATE utf8mb4_unicode_520_ci,
  `last_name` text COLLATE utf8mb4_unicode_520_ci,
  `email` text COLLATE utf8mb4_unicode_520_ci,
  `created` int(11) NOT NULL,
  `updated` int(11) NOT NULL,
  `wp_user_id` int(11) DEFAULT NULL,
  `visitor_id` varchar(32) COLLATE utf8mb4_unicode_520_ci DEFAULT NULL,
  PRIMARY KEY (`id`)
) ENGINE=InnoDB DEFAULT CHARSET=utf8mb4 COLLATE=utf8mb4_unicode_520_ci;

--
-- Dumping data for table `wp_daztp5_sender_automated_emails_users`
--


--
-- Table structure for table `wp_daztp5_shopmagic_automation_outcome`
--

CREATE TABLE `wp_daztp5_shopmagic_automation_outcome` (
  `id` int(11) NOT NULL AUTO_INCREMENT,
  `execution_id` varchar(48) COLLATE utf8mb4_unicode_520_ci NOT NULL,
  `automation_id` int(11) NOT NULL,
  `automation_name` varchar(255) COLLATE utf8mb4_unicode_520_ci NOT NULL,
  `action_index` varchar(255) COLLATE utf8mb4_unicode_520_ci NOT NULL,
  `action_name` varchar(255) COLLATE utf8mb4_unicode_520_ci NOT NULL,
  `customer_id` int(11) DEFAULT NULL,
  `guest_id` int(11) DEFAULT NULL,
  `customer_email` varchar(255) COLLATE utf8mb4_unicode_520_ci NOT NULL,
  `success` tinyint(1) DEFAULT NULL,
  `finished` tinyint(1) NOT NULL DEFAULT '0',
  `created` datetime NOT NULL,
  `updated` datetime NOT NULL,
  PRIMARY KEY (`id`)
) ENGINE=InnoDB AUTO_INCREMENT=5 DEFAULT CHARSET=utf8mb4 COLLATE=utf8mb4_unicode_520_ci;

--
-- Dumping data for table `wp_daztp5_shopmagic_automation_outcome`
--

INSERT INTO `wp_daztp5_shopmagic_automation_outcome` VALUES (1,'execute_60670f8fdb4d92.13943685',9597,'New Order','0','Send Email',1,NULL,'abacaba@gmail.com',0,1,'2021-04-02 12:35:27','2021-04-02 12:36:47'),(2,'execute_60671c072f68b5.37002897',9597,'New Order','0','Send Email',NULL,90,'nsdenbraber@hotmail.com',0,1,'2021-04-02 13:28:39','2021-04-02 13:29:18'),(3,'execute_60671c526cedd6.95161450',9597,'New Order','0','Send Email',NULL,91,'dede.de.haan@gmail.com',0,1,'2021-04-02 13:29:54','2021-04-02 13:30:20'),(4,'execute_6067364201dff2.95922427',9597,'New Order','0','Send Email',1,NULL,'abacaba@gmail.com',1,1,'2021-04-02 15:20:34','2021-04-02 15:21:21');

--
-- Table structure for table `wp_daztp5_shopmagic_automation_outcome_logs`
--

CREATE TABLE `wp_daztp5_shopmagic_automation_outcome_logs` (
  `id` int(11) NOT NULL AUTO_INCREMENT,
  `execution_id` varchar(48) COLLATE utf8mb4_unicode_520_ci NOT NULL,
  `note` text COLLATE utf8mb4_unicode_520_ci NOT NULL,
  `created` datetime NOT NULL,
  `note_context` text COLLATE utf8mb4_unicode_520_ci,
  PRIMARY KEY (`id`),
  KEY `execution_id` (`execution_id`)
) ENGINE=InnoDB AUTO_INCREMENT=4 DEFAULT CHARSET=utf8mb4 COLLATE=utf8mb4_unicode_520_ci;

--
-- Dumping data for table `wp_daztp5_shopmagic_automation_outcome_logs`
--

INSERT INTO `wp_daztp5_shopmagic_automation_outcome_logs` VALUES (1,'1','alert: Could not instantiate mail function.','2021-04-02 12:36:47','{\"Code\":\"wp_mail_failed\",\"Error_data\":{\"to\":[\"abacaba@gmail.com\"],\"subject\":\"Thank you for your order!\",\"message\":\"<!DOCTYPE html>\\n<html lang=\\\"en-US\\\">\\n<head>\\n<meta http-equiv=\\\"Content-Type\\\" content=\\\"text\\/html; charset=UTF-8\\\">\\n<title>DragonFjord<\\/title>\\n<\\/head>\\n<body leftmargin=\\\"0\\\" marginwidth=\\\"0\\\" topmargin=\\\"0\\\" marginheight=\\\"0\\\" offset=\\\"0\\\" style=\\\"padding: 0;\\\">\\n\\t\\t<div id=\\\"wrapper\\\" dir=\\\"ltr\\\" style=\\\"background-color: #f7f7f7; margin: 0; padding: 70px 0; width: 100%; -webkit-text-size-adjust: none;\\\">\\n\\t\\t\\t<table border=\\\"0\\\" cellpadding=\\\"0\\\" cellspacing=\\\"0\\\" height=\\\"100%\\\" width=\\\"100%\\\">\\n<tr>\\n<td align=\\\"center\\\" valign=\\\"top\\\">\\n\\t\\t\\t\\t\\t\\t<div id=\\\"template_header_image\\\">\\n\\t\\t\\t\\t\\t\\t\\t\\t\\t\\t\\t\\t\\t<\\/div>\\n\\t\\t\\t\\t\\t\\t<table border=\\\"0\\\" cellpadding=\\\"0\\\" cellspacing=\\\"0\\\" width=\\\"600\\\" id=\\\"template_container\\\" style=\\\"background-color: #ffffff; border: 1px solid #dedede; box-shadow: 0 1px 4px rgba(0, 0, 0, 0.1); border-radius: 3px;\\\">\\n<tr>\\n<td align=\\\"center\\\" valign=\\\"top\\\">\\n\\t\\t\\t\\t\\t\\t\\t\\t\\t<!-- Header -->\\n\\t\\t\\t\\t\\t\\t\\t\\t\\t<table border=\\\"0\\\" cellpadding=\\\"0\\\" cellspacing=\\\"0\\\" width=\\\"100%\\\" id=\\\"template_header\\\" style=\'background-color: #1e43bc; color: #ffffff; border-bottom: 0; font-weight: bold; line-height: 100%; vertical-align: middle; font-family: \\\"Helvetica Neue\\\", Helvetica, Roboto, Arial, sans-serif; border-radius: 3px 3px 0 0;\'><tr>\\n<td id=\\\"header_wrapper\\\" style=\\\"padding: 36px 48px; display: block;\\\">\\n\\t\\t\\t\\t\\t\\t\\t\\t\\t\\t\\t\\t<h1 style=\'font-family: \\\"Helvetica Neue\\\", Helvetica, Roboto, Arial, sans-serif; font-size: 30px; font-weight: 300; line-height: 150%; margin: 0; text-align: left; text-shadow: 0 1px 0 #4b69c9; color: #ffffff; background-color: inherit;\'><\\/h1>\\n\\t\\t\\t\\t\\t\\t\\t\\t\\t\\t\\t<\\/td>\\n\\t\\t\\t\\t\\t\\t\\t\\t\\t\\t<\\/tr><\\/table>\\n<!-- End Header -->\\n<\\/td>\\n\\t\\t\\t\\t\\t\\t\\t<\\/tr>\\n<tr>\\n<td align=\\\"center\\\" valign=\\\"top\\\">\\n\\t\\t\\t\\t\\t\\t\\t\\t\\t<!-- Body -->\\n\\t\\t\\t\\t\\t\\t\\t\\t\\t<table border=\\\"0\\\" cellpadding=\\\"0\\\" cellspacing=\\\"0\\\" width=\\\"600\\\" id=\\\"template_body\\\"><tr>\\n<td valign=\\\"top\\\" id=\\\"body_content\\\" style=\\\"background-color: #ffffff;\\\">\\n\\t\\t\\t\\t\\t\\t\\t\\t\\t\\t\\t\\t<!-- Content -->\\n\\t\\t\\t\\t\\t\\t\\t\\t\\t\\t\\t\\t<table border=\\\"0\\\" cellpadding=\\\"20\\\" cellspacing=\\\"0\\\" width=\\\"100%\\\"><tr>\\n<td valign=\\\"top\\\" style=\\\"padding: 48px 48px 32px;\\\">\\n\\t\\t\\t\\t\\t\\t\\t\\t\\t\\t\\t\\t\\t\\t\\t<div id=\\\"body_content_inner\\\" style=\'color: #636363; font-family: \\\"Helvetica Neue\\\", Helvetica, Roboto, Arial, sans-serif; font-size: 14px; line-height: 150%; text-align: left;\'>\\n<p style=\\\"margin: 0 0 16px;\\\">Thank you for your order! We\'ll let you know when your puzzle ships!<\\/p>\\n<p style=\\\"margin: 0 0 16px;\\\">DragonFjord<\\/p>\\n\\t\\t\\t\\t\\t\\t\\t\\t\\t\\t\\t\\t\\t\\t\\t<\\/div>\\n\\t\\t\\t\\t\\t\\t\\t\\t\\t\\t\\t\\t\\t\\t<\\/td>\\n\\t\\t\\t\\t\\t\\t\\t\\t\\t\\t\\t\\t\\t<\\/tr><\\/table>\\n<!-- End Content -->\\n<\\/td>\\n\\t\\t\\t\\t\\t\\t\\t\\t\\t\\t<\\/tr><\\/table>\\n<!-- End Body -->\\n<\\/td>\\n\\t\\t\\t\\t\\t\\t\\t<\\/tr>\\n<\\/table>\\n<\\/td>\\n\\t\\t\\t\\t<\\/tr>\\n<tr>\\n<td align=\\\"center\\\" valign=\\\"top\\\">\\n\\t\\t\\t\\t\\t\\t<!-- Footer -->\\n\\t\\t\\t\\t\\t\\t<table border=\\\"0\\\" cellpadding=\\\"10\\\" cellspacing=\\\"0\\\" width=\\\"600\\\" id=\\\"template_footer\\\"><tr>\\n<td valign=\\\"top\\\" style=\\\"padding: 0; border-radius: 6px;\\\">\\n\\t\\t\\t\\t\\t\\t\\t\\t\\t<table border=\\\"0\\\" cellpadding=\\\"10\\\" cellspacing=\\\"0\\\" width=\\\"100%\\\"><tr>\\n<td colspan=\\\"2\\\" valign=\\\"middle\\\" id=\\\"credit\\\" style=\'border-radius: 6px; border: 0; color: #8a8a8a; font-family: \\\"Helvetica Neue\\\", Helvetica, Roboto, Arial, sans-serif; font-size: 12px; line-height: 150%; text-align: center; padding: 24px 0;\'>\\n\\t\\t\\t\\t\\t\\t\\t\\t\\t\\t\\t\\t<p style=\\\"margin: 0 0 16px;\\\">DragonFjord \\u2014 Built with <a href=\\\"https:\\/\\/woocommerce.com\\\" style=\\\"color: #1e43bc; font-weight: normal; text-decoration: underline;\\\">WooCommerce<\\/a><\\/p>\\n\\t\\t\\t\\t\\t\\t\\t\\t\\t\\t\\t<\\/td>\\n\\t\\t\\t\\t\\t\\t\\t\\t\\t\\t<\\/tr><\\/table>\\n<\\/td>\\n\\t\\t\\t\\t\\t\\t\\t<\\/tr><\\/table>\\n<!-- End Footer -->\\n<\\/td>\\n\\t\\t\\t\\t<\\/tr>\\n<\\/table>\\n<\\/div>\\n\\t<\\/body>\\n<\\/html>\\n\",\"headers\":[],\"attachments\":[],\"phpmailer_exception_code\":2},\"WP_Error\":{\"errors\":{\"wp_mail_failed\":[\"Could not instantiate mail function.\"]},\"error_data\":{\"wp_mail_failed\":{\"to\":[\"abacaba@gmail.com\"],\"subject\":\"Thank you for your order!\",\"message\":\"<!DOCTYPE html>\\n<html lang=\\\"en-US\\\">\\n<head>\\n<meta http-equiv=\\\"Content-Type\\\" content=\\\"text\\/html; charset=UTF-8\\\">\\n<title>DragonFjord<\\/title>\\n<\\/head>\\n<body leftmargin=\\\"0\\\" marginwidth=\\\"0\\\" topmargin=\\\"0\\\" marginheight=\\\"0\\\" offset=\\\"0\\\" style=\\\"padding: 0;\\\">\\n\\t\\t<div id=\\\"wrapper\\\" dir=\\\"ltr\\\" style=\\\"background-color: #f7f7f7; margin: 0; padding: 70px 0; width: 100%; -webkit-text-size-adjust: none;\\\">\\n\\t\\t\\t<table border=\\\"0\\\" cellpadding=\\\"0\\\" cellspacing=\\\"0\\\" height=\\\"100%\\\" width=\\\"100%\\\">\\n<tr>\\n<td align=\\\"center\\\" valign=\\\"top\\\">\\n\\t\\t\\t\\t\\t\\t<div id=\\\"template_header_image\\\">\\n\\t\\t\\t\\t\\t\\t\\t\\t\\t\\t\\t\\t\\t<\\/div>\\n\\t\\t\\t\\t\\t\\t<table border=\\\"0\\\" cellpadding=\\\"0\\\" cellspacing=\\\"0\\\" width=\\\"600\\\" id=\\\"template_container\\\" style=\\\"background-color: #ffffff; border: 1px solid #dedede; box-shadow: 0 1px 4px rgba(0, 0, 0, 0.1); border-radius: 3px;\\\">\\n<tr>\\n<td align=\\\"center\\\" valign=\\\"top\\\">\\n\\t\\t\\t\\t\\t\\t\\t\\t\\t<!-- Header -->\\n\\t\\t\\t\\t\\t\\t\\t\\t\\t<table border=\\\"0\\\" cellpadding=\\\"0\\\" cellspacing=\\\"0\\\" width=\\\"100%\\\" id=\\\"template_header\\\" style=\'background-color: #1e43bc; color: #ffffff; border-bottom: 0; font-weight: bold; line-height: 100%; vertical-align: middle; font-family: \\\"Helvetica Neue\\\", Helvetica, Roboto, Arial, sans-serif; border-radius: 3px 3px 0 0;\'><tr>\\n<td id=\\\"header_wrapper\\\" style=\\\"padding: 36px 48px; display: block;\\\">\\n\\t\\t\\t\\t\\t\\t\\t\\t\\t\\t\\t\\t<h1 style=\'font-family: \\\"Helvetica Neue\\\", Helvetica, Roboto, Arial, sans-serif; font-size: 30px; font-weight: 300; line-height: 150%; margin: 0; text-align: left; text-shadow: 0 1px 0 #4b69c9; color: #ffffff; background-color: inherit;\'><\\/h1>\\n\\t\\t\\t\\t\\t\\t\\t\\t\\t\\t\\t<\\/td>\\n\\t\\t\\t\\t\\t\\t\\t\\t\\t\\t<\\/tr><\\/table>\\n<!-- End Header -->\\n<\\/td>\\n\\t\\t\\t\\t\\t\\t\\t<\\/tr>\\n<tr>\\n<td align=\\\"center\\\" valign=\\\"top\\\">\\n\\t\\t\\t\\t\\t\\t\\t\\t\\t<!-- Body -->\\n\\t\\t\\t\\t\\t\\t\\t\\t\\t<table border=\\\"0\\\" cellpadding=\\\"0\\\" cellspacing=\\\"0\\\" width=\\\"600\\\" id=\\\"template_body\\\"><tr>\\n<td valign=\\\"top\\\" id=\\\"body_content\\\" style=\\\"background-color: #ffffff;\\\">\\n\\t\\t\\t\\t\\t\\t\\t\\t\\t\\t\\t\\t<!-- Content -->\\n\\t\\t\\t\\t\\t\\t\\t\\t\\t\\t\\t\\t<table border=\\\"0\\\" cellpadding=\\\"20\\\" cellspacing=\\\"0\\\" width=\\\"100%\\\"><tr>\\n<td valign=\\\"top\\\" style=\\\"padding: 48px 48px 32px;\\\">\\n\\t\\t\\t\\t\\t\\t\\t\\t\\t\\t\\t\\t\\t\\t\\t<div id=\\\"body_content_inner\\\" style=\'color: #636363; font-family: \\\"Helvetica Neue\\\", Helvetica, Roboto, Arial, sans-serif; font-size: 14px; line-height: 150%; text-align: left;\'>\\n<p style=\\\"margin: 0 0 16px;\\\">Thank you for your order! We\'ll let you know when your puzzle ships!<\\/p>\\n<p style=\\\"margin: 0 0 16px;\\\">DragonFjord<\\/p>\\n\\t\\t\\t\\t\\t\\t\\t\\t\\t\\t\\t\\t\\t\\t\\t<\\/div>\\n\\t\\t\\t\\t\\t\\t\\t\\t\\t\\t\\t\\t\\t\\t<\\/td>\\n\\t\\t\\t\\t\\t\\t\\t\\t\\t\\t\\t\\t\\t<\\/tr><\\/table>\\n<!-- End Content -->\\n<\\/td>\\n\\t\\t\\t\\t\\t\\t\\t\\t\\t\\t<\\/tr><\\/table>\\n<!-- End Body -->\\n<\\/td>\\n\\t\\t\\t\\t\\t\\t\\t<\\/tr>\\n<\\/table>\\n<\\/td>\\n\\t\\t\\t\\t<\\/tr>\\n<tr>\\n<td align=\\\"center\\\" valign=\\\"top\\\">\\n\\t\\t\\t\\t\\t\\t<!-- Footer -->\\n\\t\\t\\t\\t\\t\\t<table border=\\\"0\\\" cellpadding=\\\"10\\\" cellspacing=\\\"0\\\" width=\\\"600\\\" id=\\\"template_footer\\\"><tr>\\n<td valign=\\\"top\\\" style=\\\"padding: 0; border-radius: 6px;\\\">\\n\\t\\t\\t\\t\\t\\t\\t\\t\\t<table border=\\\"0\\\" cellpadding=\\\"10\\\" cellspacing=\\\"0\\\" width=\\\"100%\\\"><tr>\\n<td colspan=\\\"2\\\" valign=\\\"middle\\\" id=\\\"credit\\\" style=\'border-radius: 6px; border: 0; color: #8a8a8a; font-family: \\\"Helvetica Neue\\\", Helvetica, Roboto, Arial, sans-serif; font-size: 12px; line-height: 150%; text-align: center; padding: 24px 0;\'>\\n\\t\\t\\t\\t\\t\\t\\t\\t\\t\\t\\t\\t<p style=\\\"margin: 0 0 16px;\\\">DragonFjord \\u2014 Built with <a href=\\\"https:\\/\\/woocommerce.com\\\" style=\\\"color: #1e43bc; font-weight: normal; text-decoration: underline;\\\">WooCommerce<\\/a><\\/p>\\n\\t\\t\\t\\t\\t\\t\\t\\t\\t\\t\\t<\\/td>\\n\\t\\t\\t\\t\\t\\t\\t\\t\\t\\t<\\/tr><\\/table>\\n<\\/td>\\n\\t\\t\\t\\t\\t\\t\\t<\\/tr><\\/table>\\n<!-- End Footer -->\\n<\\/td>\\n\\t\\t\\t\\t<\\/tr>\\n<\\/table>\\n<\\/div>\\n\\t<\\/body>\\n<\\/html>\\n\",\"headers\":[],\"attachments\":[],\"phpmailer_exception_code\":2}}}}'),(2,'2','alert: Could not instantiate mail function.','2021-04-02 13:29:18','{\"Code\":\"wp_mail_failed\",\"Error_data\":{\"to\":[\"nsdenbraber@hotmail.com\"],\"subject\":\"Thank you for your order!\",\"message\":\"<!DOCTYPE html>\\n<html lang=\\\"en-US\\\">\\n<head>\\n<meta http-equiv=\\\"Content-Type\\\" content=\\\"text\\/html; charset=UTF-8\\\">\\n<title>DragonFjord<\\/title>\\n<\\/head>\\n<body leftmargin=\\\"0\\\" marginwidth=\\\"0\\\" topmargin=\\\"0\\\" marginheight=\\\"0\\\" offset=\\\"0\\\" style=\\\"padding: 0;\\\">\\n\\t\\t<div id=\\\"wrapper\\\" dir=\\\"ltr\\\" style=\\\"background-color: #f7f7f7; margin: 0; padding: 70px 0; width: 100%; -webkit-text-size-adjust: none;\\\">\\n\\t\\t\\t<table border=\\\"0\\\" cellpadding=\\\"0\\\" cellspacing=\\\"0\\\" height=\\\"100%\\\" width=\\\"100%\\\">\\n<tr>\\n<td align=\\\"center\\\" valign=\\\"top\\\">\\n\\t\\t\\t\\t\\t\\t<div id=\\\"template_header_image\\\">\\n\\t\\t\\t\\t\\t\\t\\t\\t\\t\\t\\t\\t\\t<\\/div>\\n\\t\\t\\t\\t\\t\\t<table border=\\\"0\\\" cellpadding=\\\"0\\\" cellspacing=\\\"0\\\" width=\\\"600\\\" id=\\\"template_container\\\" style=\\\"background-color: #ffffff; border: 1px solid #dedede; box-shadow: 0 1px 4px rgba(0, 0, 0, 0.1); border-radius: 3px;\\\">\\n<tr>\\n<td align=\\\"center\\\" valign=\\\"top\\\">\\n\\t\\t\\t\\t\\t\\t\\t\\t\\t<!-- Header -->\\n\\t\\t\\t\\t\\t\\t\\t\\t\\t<table border=\\\"0\\\" cellpadding=\\\"0\\\" cellspacing=\\\"0\\\" width=\\\"100%\\\" id=\\\"template_header\\\" style=\'background-color: #1e43bc; color: #ffffff; border-bottom: 0; font-weight: bold; line-height: 100%; vertical-align: middle; font-family: \\\"Helvetica Neue\\\", Helvetica, Roboto, Arial, sans-serif; border-radius: 3px 3px 0 0;\'><tr>\\n<td id=\\\"header_wrapper\\\" style=\\\"padding: 36px 48px; display: block;\\\">\\n\\t\\t\\t\\t\\t\\t\\t\\t\\t\\t\\t\\t<h1 style=\'font-family: \\\"Helvetica Neue\\\", Helvetica, Roboto, Arial, sans-serif; font-size: 30px; font-weight: 300; line-height: 150%; margin: 0; text-align: left; text-shadow: 0 1px 0 #4b69c9; color: #ffffff; background-color: inherit;\'><\\/h1>\\n\\t\\t\\t\\t\\t\\t\\t\\t\\t\\t\\t<\\/td>\\n\\t\\t\\t\\t\\t\\t\\t\\t\\t\\t<\\/tr><\\/table>\\n<!-- End Header -->\\n<\\/td>\\n\\t\\t\\t\\t\\t\\t\\t<\\/tr>\\n<tr>\\n<td align=\\\"center\\\" valign=\\\"top\\\">\\n\\t\\t\\t\\t\\t\\t\\t\\t\\t<!-- Body -->\\n\\t\\t\\t\\t\\t\\t\\t\\t\\t<table border=\\\"0\\\" cellpadding=\\\"0\\\" cellspacing=\\\"0\\\" width=\\\"600\\\" id=\\\"template_body\\\"><tr>\\n<td valign=\\\"top\\\" id=\\\"body_content\\\" style=\\\"background-color: #ffffff;\\\">\\n\\t\\t\\t\\t\\t\\t\\t\\t\\t\\t\\t\\t<!-- Content -->\\n\\t\\t\\t\\t\\t\\t\\t\\t\\t\\t\\t\\t<table border=\\\"0\\\" cellpadding=\\\"20\\\" cellspacing=\\\"0\\\" width=\\\"100%\\\"><tr>\\n<td valign=\\\"top\\\" style=\\\"padding: 48px 48px 32px;\\\">\\n\\t\\t\\t\\t\\t\\t\\t\\t\\t\\t\\t\\t\\t\\t\\t<div id=\\\"body_content_inner\\\" style=\'color: #636363; font-family: \\\"Helvetica Neue\\\", Helvetica, Roboto, Arial, sans-serif; font-size: 14px; line-height: 150%; text-align: left;\'>\\n<p style=\\\"margin: 0 0 16px;\\\">Thank you for your order! We\'ll let you know when your puzzle ships!<\\/p>\\n<p style=\\\"margin: 0 0 16px;\\\">DragonFjord<\\/p>\\n\\t\\t\\t\\t\\t\\t\\t\\t\\t\\t\\t\\t\\t\\t\\t<\\/div>\\n\\t\\t\\t\\t\\t\\t\\t\\t\\t\\t\\t\\t\\t\\t<\\/td>\\n\\t\\t\\t\\t\\t\\t\\t\\t\\t\\t\\t\\t\\t<\\/tr><\\/table>\\n<!-- End Content -->\\n<\\/td>\\n\\t\\t\\t\\t\\t\\t\\t\\t\\t\\t<\\/tr><\\/table>\\n<!-- End Body -->\\n<\\/td>\\n\\t\\t\\t\\t\\t\\t\\t<\\/tr>\\n<\\/table>\\n<\\/td>\\n\\t\\t\\t\\t<\\/tr>\\n<tr>\\n<td align=\\\"center\\\" valign=\\\"top\\\">\\n\\t\\t\\t\\t\\t\\t<!-- Footer -->\\n\\t\\t\\t\\t\\t\\t<table border=\\\"0\\\" cellpadding=\\\"10\\\" cellspacing=\\\"0\\\" width=\\\"600\\\" id=\\\"template_footer\\\"><tr>\\n<td valign=\\\"top\\\" style=\\\"padding: 0; border-radius: 6px;\\\">\\n\\t\\t\\t\\t\\t\\t\\t\\t\\t<table border=\\\"0\\\" cellpadding=\\\"10\\\" cellspacing=\\\"0\\\" width=\\\"100%\\\"><tr>\\n<td colspan=\\\"2\\\" valign=\\\"middle\\\" id=\\\"credit\\\" style=\'border-radius: 6px; border: 0; color: #8a8a8a; font-family: \\\"Helvetica Neue\\\", Helvetica, Roboto, Arial, sans-serif; font-size: 12px; line-height: 150%; text-align: center; padding: 24px 0;\'>\\n\\t\\t\\t\\t\\t\\t\\t\\t\\t\\t\\t\\t<p style=\\\"margin: 0 0 16px;\\\">DragonFjord \\u2014 Built with <a href=\\\"https:\\/\\/woocommerce.com\\\" style=\\\"color: #1e43bc; font-weight: normal; text-decoration: underline;\\\">WooCommerce<\\/a><\\/p>\\n\\t\\t\\t\\t\\t\\t\\t\\t\\t\\t\\t<\\/td>\\n\\t\\t\\t\\t\\t\\t\\t\\t\\t\\t<\\/tr><\\/table>\\n<\\/td>\\n\\t\\t\\t\\t\\t\\t\\t<\\/tr><\\/table>\\n<!-- End Footer -->\\n<\\/td>\\n\\t\\t\\t\\t<\\/tr>\\n<\\/table>\\n<\\/div>\\n\\t<\\/body>\\n<\\/html>\\n\",\"headers\":[],\"attachments\":[],\"phpmailer_exception_code\":2},\"WP_Error\":{\"errors\":{\"wp_mail_failed\":[\"Could not instantiate mail function.\"]},\"error_data\":{\"wp_mail_failed\":{\"to\":[\"nsdenbraber@hotmail.com\"],\"subject\":\"Thank you for your order!\",\"message\":\"<!DOCTYPE html>\\n<html lang=\\\"en-US\\\">\\n<head>\\n<meta http-equiv=\\\"Content-Type\\\" content=\\\"text\\/html; charset=UTF-8\\\">\\n<title>DragonFjord<\\/title>\\n<\\/head>\\n<body leftmargin=\\\"0\\\" marginwidth=\\\"0\\\" topmargin=\\\"0\\\" marginheight=\\\"0\\\" offset=\\\"0\\\" style=\\\"padding: 0;\\\">\\n\\t\\t<div id=\\\"wrapper\\\" dir=\\\"ltr\\\" style=\\\"background-color: #f7f7f7; margin: 0; padding: 70px 0; width: 100%; -webkit-text-size-adjust: none;\\\">\\n\\t\\t\\t<table border=\\\"0\\\" cellpadding=\\\"0\\\" cellspacing=\\\"0\\\" height=\\\"100%\\\" width=\\\"100%\\\">\\n<tr>\\n<td align=\\\"center\\\" valign=\\\"top\\\">\\n\\t\\t\\t\\t\\t\\t<div id=\\\"template_header_image\\\">\\n\\t\\t\\t\\t\\t\\t\\t\\t\\t\\t\\t\\t\\t<\\/div>\\n\\t\\t\\t\\t\\t\\t<table border=\\\"0\\\" cellpadding=\\\"0\\\" cellspacing=\\\"0\\\" width=\\\"600\\\" id=\\\"template_container\\\" style=\\\"background-color: #ffffff; border: 1px solid #dedede; box-shadow: 0 1px 4px rgba(0, 0, 0, 0.1); border-radius: 3px;\\\">\\n<tr>\\n<td align=\\\"center\\\" valign=\\\"top\\\">\\n\\t\\t\\t\\t\\t\\t\\t\\t\\t<!-- Header -->\\n\\t\\t\\t\\t\\t\\t\\t\\t\\t<table border=\\\"0\\\" cellpadding=\\\"0\\\" cellspacing=\\\"0\\\" width=\\\"100%\\\" id=\\\"template_header\\\" style=\'background-color: #1e43bc; color: #ffffff; border-bottom: 0; font-weight: bold; line-height: 100%; vertical-align: middle; font-family: \\\"Helvetica Neue\\\", Helvetica, Roboto, Arial, sans-serif; border-radius: 3px 3px 0 0;\'><tr>\\n<td id=\\\"header_wrapper\\\" style=\\\"padding: 36px 48px; display: block;\\\">\\n\\t\\t\\t\\t\\t\\t\\t\\t\\t\\t\\t\\t<h1 style=\'font-family: \\\"Helvetica Neue\\\", Helvetica, Roboto, Arial, sans-serif; font-size: 30px; font-weight: 300; line-height: 150%; margin: 0; text-align: left; text-shadow: 0 1px 0 #4b69c9; color: #ffffff; background-color: inherit;\'><\\/h1>\\n\\t\\t\\t\\t\\t\\t\\t\\t\\t\\t\\t<\\/td>\\n\\t\\t\\t\\t\\t\\t\\t\\t\\t\\t<\\/tr><\\/table>\\n<!-- End Header -->\\n<\\/td>\\n\\t\\t\\t\\t\\t\\t\\t<\\/tr>\\n<tr>\\n<td align=\\\"center\\\" valign=\\\"top\\\">\\n\\t\\t\\t\\t\\t\\t\\t\\t\\t<!-- Body -->\\n\\t\\t\\t\\t\\t\\t\\t\\t\\t<table border=\\\"0\\\" cellpadding=\\\"0\\\" cellspacing=\\\"0\\\" width=\\\"600\\\" id=\\\"template_body\\\"><tr>\\n<td valign=\\\"top\\\" id=\\\"body_content\\\" style=\\\"background-color: #ffffff;\\\">\\n\\t\\t\\t\\t\\t\\t\\t\\t\\t\\t\\t\\t<!-- Content -->\\n\\t\\t\\t\\t\\t\\t\\t\\t\\t\\t\\t\\t<table border=\\\"0\\\" cellpadding=\\\"20\\\" cellspacing=\\\"0\\\" width=\\\"100%\\\"><tr>\\n<td valign=\\\"top\\\" style=\\\"padding: 48px 48px 32px;\\\">\\n\\t\\t\\t\\t\\t\\t\\t\\t\\t\\t\\t\\t\\t\\t\\t<div id=\\\"body_content_inner\\\" style=\'color: #636363; font-family: \\\"Helvetica Neue\\\", Helvetica, Roboto, Arial, sans-serif; font-size: 14px; line-height: 150%; text-align: left;\'>\\n<p style=\\\"margin: 0 0 16px;\\\">Thank you for your order! We\'ll let you know when your puzzle ships!<\\/p>\\n<p style=\\\"margin: 0 0 16px;\\\">DragonFjord<\\/p>\\n\\t\\t\\t\\t\\t\\t\\t\\t\\t\\t\\t\\t\\t\\t\\t<\\/div>\\n\\t\\t\\t\\t\\t\\t\\t\\t\\t\\t\\t\\t\\t\\t<\\/td>\\n\\t\\t\\t\\t\\t\\t\\t\\t\\t\\t\\t\\t\\t<\\/tr><\\/table>\\n<!-- End Content -->\\n<\\/td>\\n\\t\\t\\t\\t\\t\\t\\t\\t\\t\\t<\\/tr><\\/table>\\n<!-- End Body -->\\n<\\/td>\\n\\t\\t\\t\\t\\t\\t\\t<\\/tr>\\n<\\/table>\\n<\\/td>\\n\\t\\t\\t\\t<\\/tr>\\n<tr>\\n<td align=\\\"center\\\" valign=\\\"top\\\">\\n\\t\\t\\t\\t\\t\\t<!-- Footer -->\\n\\t\\t\\t\\t\\t\\t<table border=\\\"0\\\" cellpadding=\\\"10\\\" cellspacing=\\\"0\\\" width=\\\"600\\\" id=\\\"template_footer\\\"><tr>\\n<td valign=\\\"top\\\" style=\\\"padding: 0; border-radius: 6px;\\\">\\n\\t\\t\\t\\t\\t\\t\\t\\t\\t<table border=\\\"0\\\" cellpadding=\\\"10\\\" cellspacing=\\\"0\\\" width=\\\"100%\\\"><tr>\\n<td colspan=\\\"2\\\" valign=\\\"middle\\\" id=\\\"credit\\\" style=\'border-radius: 6px; border: 0; color: #8a8a8a; font-family: \\\"Helvetica Neue\\\", Helvetica, Roboto, Arial, sans-serif; font-size: 12px; line-height: 150%; text-align: center; padding: 24px 0;\'>\\n\\t\\t\\t\\t\\t\\t\\t\\t\\t\\t\\t\\t<p style=\\\"margin: 0 0 16px;\\\">DragonFjord \\u2014 Built with <a href=\\\"https:\\/\\/woocommerce.com\\\" style=\\\"color: #1e43bc; font-weight: normal; text-decoration: underline;\\\">WooCommerce<\\/a><\\/p>\\n\\t\\t\\t\\t\\t\\t\\t\\t\\t\\t\\t<\\/td>\\n\\t\\t\\t\\t\\t\\t\\t\\t\\t\\t<\\/tr><\\/table>\\n<\\/td>\\n\\t\\t\\t\\t\\t\\t\\t<\\/tr><\\/table>\\n<!-- End Footer -->\\n<\\/td>\\n\\t\\t\\t\\t<\\/tr>\\n<\\/table>\\n<\\/div>\\n\\t<\\/body>\\n<\\/html>\\n\",\"headers\":[],\"attachments\":[],\"phpmailer_exception_code\":2}}}}'),(3,'3','alert: Could not instantiate mail function.','2021-04-02 13:30:20','{\"Code\":\"wp_mail_failed\",\"Error_data\":{\"to\":[\"dede.de.haan@gmail.com\"],\"subject\":\"Thank you for your order!\",\"message\":\"<!DOCTYPE html>\\n<html lang=\\\"en-US\\\">\\n<head>\\n<meta http-equiv=\\\"Content-Type\\\" content=\\\"text\\/html; charset=UTF-8\\\">\\n<title>DragonFjord<\\/title>\\n<\\/head>\\n<body leftmargin=\\\"0\\\" marginwidth=\\\"0\\\" topmargin=\\\"0\\\" marginheight=\\\"0\\\" offset=\\\"0\\\" style=\\\"padding: 0;\\\">\\n\\t\\t<div id=\\\"wrapper\\\" dir=\\\"ltr\\\" style=\\\"background-color: #f7f7f7; margin: 0; padding: 70px 0; width: 100%; -webkit-text-size-adjust: none;\\\">\\n\\t\\t\\t<table border=\\\"0\\\" cellpadding=\\\"0\\\" cellspacing=\\\"0\\\" height=\\\"100%\\\" width=\\\"100%\\\">\\n<tr>\\n<td align=\\\"center\\\" valign=\\\"top\\\">\\n\\t\\t\\t\\t\\t\\t<div id=\\\"template_header_image\\\">\\n\\t\\t\\t\\t\\t\\t\\t\\t\\t\\t\\t\\t\\t<\\/div>\\n\\t\\t\\t\\t\\t\\t<table border=\\\"0\\\" cellpadding=\\\"0\\\" cellspacing=\\\"0\\\" width=\\\"600\\\" id=\\\"template_container\\\" style=\\\"background-color: #ffffff; border: 1px solid #dedede; box-shadow: 0 1px 4px rgba(0, 0, 0, 0.1); border-radius: 3px;\\\">\\n<tr>\\n<td align=\\\"center\\\" valign=\\\"top\\\">\\n\\t\\t\\t\\t\\t\\t\\t\\t\\t<!-- Header -->\\n\\t\\t\\t\\t\\t\\t\\t\\t\\t<table border=\\\"0\\\" cellpadding=\\\"0\\\" cellspacing=\\\"0\\\" width=\\\"100%\\\" id=\\\"template_header\\\" style=\'background-color: #1e43bc; color: #ffffff; border-bottom: 0; font-weight: bold; line-height: 100%; vertical-align: middle; font-family: \\\"Helvetica Neue\\\", Helvetica, Roboto, Arial, sans-serif; border-radius: 3px 3px 0 0;\'><tr>\\n<td id=\\\"header_wrapper\\\" style=\\\"padding: 36px 48px; display: block;\\\">\\n\\t\\t\\t\\t\\t\\t\\t\\t\\t\\t\\t\\t<h1 style=\'font-family: \\\"Helvetica Neue\\\", Helvetica, Roboto, Arial, sans-serif; font-size: 30px; font-weight: 300; line-height: 150%; margin: 0; text-align: left; text-shadow: 0 1px 0 #4b69c9; color: #ffffff; background-color: inherit;\'><\\/h1>\\n\\t\\t\\t\\t\\t\\t\\t\\t\\t\\t\\t<\\/td>\\n\\t\\t\\t\\t\\t\\t\\t\\t\\t\\t<\\/tr><\\/table>\\n<!-- End Header -->\\n<\\/td>\\n\\t\\t\\t\\t\\t\\t\\t<\\/tr>\\n<tr>\\n<td align=\\\"center\\\" valign=\\\"top\\\">\\n\\t\\t\\t\\t\\t\\t\\t\\t\\t<!-- Body -->\\n\\t\\t\\t\\t\\t\\t\\t\\t\\t<table border=\\\"0\\\" cellpadding=\\\"0\\\" cellspacing=\\\"0\\\" width=\\\"600\\\" id=\\\"template_body\\\"><tr>\\n<td valign=\\\"top\\\" id=\\\"body_content\\\" style=\\\"background-color: #ffffff;\\\">\\n\\t\\t\\t\\t\\t\\t\\t\\t\\t\\t\\t\\t<!-- Content -->\\n\\t\\t\\t\\t\\t\\t\\t\\t\\t\\t\\t\\t<table border=\\\"0\\\" cellpadding=\\\"20\\\" cellspacing=\\\"0\\\" width=\\\"100%\\\"><tr>\\n<td valign=\\\"top\\\" style=\\\"padding: 48px 48px 32px;\\\">\\n\\t\\t\\t\\t\\t\\t\\t\\t\\t\\t\\t\\t\\t\\t\\t<div id=\\\"body_content_inner\\\" style=\'color: #636363; font-family: \\\"Helvetica Neue\\\", Helvetica, Roboto, Arial, sans-serif; font-size: 14px; line-height: 150%; text-align: left;\'>\\n<p style=\\\"margin: 0 0 16px;\\\">Thank you for your order! We\'ll let you know when your puzzle ships!<\\/p>\\n<p style=\\\"margin: 0 0 16px;\\\">DragonFjord<\\/p>\\n\\t\\t\\t\\t\\t\\t\\t\\t\\t\\t\\t\\t\\t\\t\\t<\\/div>\\n\\t\\t\\t\\t\\t\\t\\t\\t\\t\\t\\t\\t\\t\\t<\\/td>\\n\\t\\t\\t\\t\\t\\t\\t\\t\\t\\t\\t\\t\\t<\\/tr><\\/table>\\n<!-- End Content -->\\n<\\/td>\\n\\t\\t\\t\\t\\t\\t\\t\\t\\t\\t<\\/tr><\\/table>\\n<!-- End Body -->\\n<\\/td>\\n\\t\\t\\t\\t\\t\\t\\t<\\/tr>\\n<\\/table>\\n<\\/td>\\n\\t\\t\\t\\t<\\/tr>\\n<tr>\\n<td align=\\\"center\\\" valign=\\\"top\\\">\\n\\t\\t\\t\\t\\t\\t<!-- Footer -->\\n\\t\\t\\t\\t\\t\\t<table border=\\\"0\\\" cellpadding=\\\"10\\\" cellspacing=\\\"0\\\" width=\\\"600\\\" id=\\\"template_footer\\\"><tr>\\n<td valign=\\\"top\\\" style=\\\"padding: 0; border-radius: 6px;\\\">\\n\\t\\t\\t\\t\\t\\t\\t\\t\\t<table border=\\\"0\\\" cellpadding=\\\"10\\\" cellspacing=\\\"0\\\" width=\\\"100%\\\"><tr>\\n<td colspan=\\\"2\\\" valign=\\\"middle\\\" id=\\\"credit\\\" style=\'border-radius: 6px; border: 0; color: #8a8a8a; font-family: \\\"Helvetica Neue\\\", Helvetica, Roboto, Arial, sans-serif; font-size: 12px; line-height: 150%; text-align: center; padding: 24px 0;\'>\\n\\t\\t\\t\\t\\t\\t\\t\\t\\t\\t\\t\\t<p style=\\\"margin: 0 0 16px;\\\">DragonFjord \\u2014 Built with <a href=\\\"https:\\/\\/woocommerce.com\\\" style=\\\"color: #1e43bc; font-weight: normal; text-decoration: underline;\\\">WooCommerce<\\/a><\\/p>\\n\\t\\t\\t\\t\\t\\t\\t\\t\\t\\t\\t<\\/td>\\n\\t\\t\\t\\t\\t\\t\\t\\t\\t\\t<\\/tr><\\/table>\\n<\\/td>\\n\\t\\t\\t\\t\\t\\t\\t<\\/tr><\\/table>\\n<!-- End Footer -->\\n<\\/td>\\n\\t\\t\\t\\t<\\/tr>\\n<\\/table>\\n<\\/div>\\n\\t<\\/body>\\n<\\/html>\\n\",\"headers\":[],\"attachments\":[],\"phpmailer_exception_code\":2},\"WP_Error\":{\"errors\":{\"wp_mail_failed\":[\"Could not instantiate mail function.\"]},\"error_data\":{\"wp_mail_failed\":{\"to\":[\"dede.de.haan@gmail.com\"],\"subject\":\"Thank you for your order!\",\"message\":\"<!DOCTYPE html>\\n<html lang=\\\"en-US\\\">\\n<head>\\n<meta http-equiv=\\\"Content-Type\\\" content=\\\"text\\/html; charset=UTF-8\\\">\\n<title>DragonFjord<\\/title>\\n<\\/head>\\n<body leftmargin=\\\"0\\\" marginwidth=\\\"0\\\" topmargin=\\\"0\\\" marginheight=\\\"0\\\" offset=\\\"0\\\" style=\\\"padding: 0;\\\">\\n\\t\\t<div id=\\\"wrapper\\\" dir=\\\"ltr\\\" style=\\\"background-color: #f7f7f7; margin: 0; padding: 70px 0; width: 100%; -webkit-text-size-adjust: none;\\\">\\n\\t\\t\\t<table border=\\\"0\\\" cellpadding=\\\"0\\\" cellspacing=\\\"0\\\" height=\\\"100%\\\" width=\\\"100%\\\">\\n<tr>\\n<td align=\\\"center\\\" valign=\\\"top\\\">\\n\\t\\t\\t\\t\\t\\t<div id=\\\"template_header_image\\\">\\n\\t\\t\\t\\t\\t\\t\\t\\t\\t\\t\\t\\t\\t<\\/div>\\n\\t\\t\\t\\t\\t\\t<table border=\\\"0\\\" cellpadding=\\\"0\\\" cellspacing=\\\"0\\\" width=\\\"600\\\" id=\\\"template_container\\\" style=\\\"background-color: #ffffff; border: 1px solid #dedede; box-shadow: 0 1px 4px rgba(0, 0, 0, 0.1); border-radius: 3px;\\\">\\n<tr>\\n<td align=\\\"center\\\" valign=\\\"top\\\">\\n\\t\\t\\t\\t\\t\\t\\t\\t\\t<!-- Header -->\\n\\t\\t\\t\\t\\t\\t\\t\\t\\t<table border=\\\"0\\\" cellpadding=\\\"0\\\" cellspacing=\\\"0\\\" width=\\\"100%\\\" id=\\\"template_header\\\" style=\'background-color: #1e43bc; color: #ffffff; border-bottom: 0; font-weight: bold; line-height: 100%; vertical-align: middle; font-family: \\\"Helvetica Neue\\\", Helvetica, Roboto, Arial, sans-serif; border-radius: 3px 3px 0 0;\'><tr>\\n<td id=\\\"header_wrapper\\\" style=\\\"padding: 36px 48px; display: block;\\\">\\n\\t\\t\\t\\t\\t\\t\\t\\t\\t\\t\\t\\t<h1 style=\'font-family: \\\"Helvetica Neue\\\", Helvetica, Roboto, Arial, sans-serif; font-size: 30px; font-weight: 300; line-height: 150%; margin: 0; text-align: left; text-shadow: 0 1px 0 #4b69c9; color: #ffffff; background-color: inherit;\'><\\/h1>\\n\\t\\t\\t\\t\\t\\t\\t\\t\\t\\t\\t<\\/td>\\n\\t\\t\\t\\t\\t\\t\\t\\t\\t\\t<\\/tr><\\/table>\\n<!-- End Header -->\\n<\\/td>\\n\\t\\t\\t\\t\\t\\t\\t<\\/tr>\\n<tr>\\n<td align=\\\"center\\\" valign=\\\"top\\\">\\n\\t\\t\\t\\t\\t\\t\\t\\t\\t<!-- Body -->\\n\\t\\t\\t\\t\\t\\t\\t\\t\\t<table border=\\\"0\\\" cellpadding=\\\"0\\\" cellspacing=\\\"0\\\" width=\\\"600\\\" id=\\\"template_body\\\"><tr>\\n<td valign=\\\"top\\\" id=\\\"body_content\\\" style=\\\"background-color: #ffffff;\\\">\\n\\t\\t\\t\\t\\t\\t\\t\\t\\t\\t\\t\\t<!-- Content -->\\n\\t\\t\\t\\t\\t\\t\\t\\t\\t\\t\\t\\t<table border=\\\"0\\\" cellpadding=\\\"20\\\" cellspacing=\\\"0\\\" width=\\\"100%\\\"><tr>\\n<td valign=\\\"top\\\" style=\\\"padding: 48px 48px 32px;\\\">\\n\\t\\t\\t\\t\\t\\t\\t\\t\\t\\t\\t\\t\\t\\t\\t<div id=\\\"body_content_inner\\\" style=\'color: #636363; font-family: \\\"Helvetica Neue\\\", Helvetica, Roboto, Arial, sans-serif; font-size: 14px; line-height: 150%; text-align: left;\'>\\n<p style=\\\"margin: 0 0 16px;\\\">Thank you for your order! We\'ll let you know when your puzzle ships!<\\/p>\\n<p style=\\\"margin: 0 0 16px;\\\">DragonFjord<\\/p>\\n\\t\\t\\t\\t\\t\\t\\t\\t\\t\\t\\t\\t\\t\\t\\t<\\/div>\\n\\t\\t\\t\\t\\t\\t\\t\\t\\t\\t\\t\\t\\t\\t<\\/td>\\n\\t\\t\\t\\t\\t\\t\\t\\t\\t\\t\\t\\t\\t<\\/tr><\\/table>\\n<!-- End Content -->\\n<\\/td>\\n\\t\\t\\t\\t\\t\\t\\t\\t\\t\\t<\\/tr><\\/table>\\n<!-- End Body -->\\n<\\/td>\\n\\t\\t\\t\\t\\t\\t\\t<\\/tr>\\n<\\/table>\\n<\\/td>\\n\\t\\t\\t\\t<\\/tr>\\n<tr>\\n<td align=\\\"center\\\" valign=\\\"top\\\">\\n\\t\\t\\t\\t\\t\\t<!-- Footer -->\\n\\t\\t\\t\\t\\t\\t<table border=\\\"0\\\" cellpadding=\\\"10\\\" cellspacing=\\\"0\\\" width=\\\"600\\\" id=\\\"template_footer\\\"><tr>\\n<td valign=\\\"top\\\" style=\\\"padding: 0; border-radius: 6px;\\\">\\n\\t\\t\\t\\t\\t\\t\\t\\t\\t<table border=\\\"0\\\" cellpadding=\\\"10\\\" cellspacing=\\\"0\\\" width=\\\"100%\\\"><tr>\\n<td colspan=\\\"2\\\" valign=\\\"middle\\\" id=\\\"credit\\\" style=\'border-radius: 6px; border: 0; color: #8a8a8a; font-family: \\\"Helvetica Neue\\\", Helvetica, Roboto, Arial, sans-serif; font-size: 12px; line-height: 150%; text-align: center; padding: 24px 0;\'>\\n\\t\\t\\t\\t\\t\\t\\t\\t\\t\\t\\t\\t<p style=\\\"margin: 0 0 16px;\\\">DragonFjord \\u2014 Built with <a href=\\\"https:\\/\\/woocommerce.com\\\" style=\\\"color: #1e43bc; font-weight: normal; text-decoration: underline;\\\">WooCommerce<\\/a><\\/p>\\n\\t\\t\\t\\t\\t\\t\\t\\t\\t\\t\\t<\\/td>\\n\\t\\t\\t\\t\\t\\t\\t\\t\\t\\t<\\/tr><\\/table>\\n<\\/td>\\n\\t\\t\\t\\t\\t\\t\\t<\\/tr><\\/table>\\n<!-- End Footer -->\\n<\\/td>\\n\\t\\t\\t\\t<\\/tr>\\n<\\/table>\\n<\\/div>\\n\\t<\\/body>\\n<\\/html>\\n\",\"headers\":[],\"attachments\":[],\"phpmailer_exception_code\":2}}}}');

--
-- Table structure for table `wp_daztp5_shopmagic_guest`
--

CREATE TABLE `wp_daztp5_shopmagic_guest` (
  `id` int(11) NOT NULL AUTO_INCREMENT,
  `email` varchar(255) COLLATE utf8mb4_unicode_520_ci NOT NULL,
  `tracking_key` varchar(32) COLLATE utf8mb4_unicode_520_ci NOT NULL,
  `created` datetime NOT NULL,
  `updated` datetime NOT NULL,
  PRIMARY KEY (`id`)
) ENGINE=InnoDB AUTO_INCREMENT=92 DEFAULT CHARSET=utf8mb4 COLLATE=utf8mb4_unicode_520_ci;

--
-- Dumping data for table `wp_daztp5_shopmagic_guest`
--

INSERT INTO `wp_daztp5_shopmagic_guest` VALUES (1,'lisbeth.olsrod@gmail.com','13fa190226bb1e27819d0083fbe9f01b','2019-11-17 10:06:02','2020-12-30 11:47:46'),(2,'steveuprch@gmail.com','a590206a5e2ae13d6ba531d9ae888fcf','2019-11-25 14:20:11','2020-12-30 11:47:46'),(3,'kariskje@gmail.com','652c26792d1af509913699a11ef766e9','2019-11-25 17:06:52','2020-12-30 11:47:46'),(4,'katakowski@gmail.com','41a4581dcb2647fd87a0794a62363316','2019-12-02 03:51:12','2020-12-30 11:47:47'),(5,'karianne_fib@hotmail.com','97cb36302a3420e9f9252bfd8bad8922','2019-12-30 17:46:02','2020-12-30 11:47:46'),(6,'markkat@gmail.com','1403534e9aaacd4b7f528ad61967ec05','2020-01-21 17:20:02','2020-12-30 11:47:46'),(7,'edcibor@gmail.com','a7f9a61b4550ba09675b16edf80377f8','2020-01-21 21:50:14','2020-12-30 11:47:46'),(8,'larschr.nilsen@gmail.com','b5f2115380d4944a002a4b6ee51f2f3a','2020-01-22 21:16:55','2020-12-30 11:47:47'),(9,'tonsasen@online.no','914a8133b959a998b523e8415a211820','2020-02-04 12:57:45','2020-12-30 11:47:47'),(10,'schar@middlebury.edu','dc34007b69dcb22d1ca640318a52fe3e','2020-02-12 05:56:39','2020-12-30 11:47:47'),(11,'atlesing@gmail.com','b44ceb3a2ee635a37415bdc2569145be','2020-04-20 19:14:58','2020-12-30 11:47:47'),(12,'jan.kristoffer.brenne@gmail.com','8b9dadf1128b71d56e5f0eaff5541bef','2020-05-18 06:59:33','2020-12-30 11:47:47'),(13,'sbath13@gmail.com','4cec3e6040c5c7706432e7af0c050701','2020-09-12 22:22:24','2020-12-30 11:47:47'),(14,'laila.tommerdal54@gmail.com','782e352da3b7c29b33b21f35db788c09','2020-09-15 18:05:52','2020-12-30 11:47:47'),(15,'hflensta@online.no','2be6ca1472ebba1f5a0f866565bfc1c0','2020-09-21 19:00:43','2020-12-30 11:47:47'),(16,'cathrineaa8@gmail.com','f762162bbbc5ac83f69a5ee8e3969c2f','2020-10-05 20:25:53','2020-12-30 11:47:47'),(17,'jomar_toemmerdal@hotmail.com','397aac6595fa3a803e93feff314ff793','2020-10-12 11:47:37','2020-12-30 11:47:47'),(18,'esandum@gmail.com','cc9be011f98a72882cdddb9f20dbde09','2020-10-26 21:35:22','2020-12-30 11:47:47'),(19,'grete.k.stoen@gmail.com','223746b48529a524e1148021ee68dd62','2020-11-14 15:58:20','2020-12-30 11:47:47'),(20,'cjwhitehead426@gmail.com','0e3adcb4c8deedb0d9d432f5d3b8ff69','2020-11-14 17:04:47','2020-12-30 11:47:47'),(21,'kramer@acm.org','3f238e90d943501aca379916e8abc845','2020-11-14 18:29:03','2020-12-30 11:47:47'),(22,'christina131sandmann@gmail.com','e271857930892b52f7f965c9e575d253','2020-11-15 20:39:23','2020-12-30 11:47:47'),(23,'kariokka@live.no','5ec46e9d4319987fbd4a37eb2a34ff4b','2020-11-18 15:02:53','2020-12-30 11:47:47'),(24,'klkyang@gmail.com','790ba616e5ee5b9c56c0bad805aca60b','2020-11-20 21:27:23','2020-12-30 11:47:47'),(25,'gdewitte00@hotmail.com','2d79da2d168aa39187399007e87b8dfb','2020-11-21 17:05:48','2020-12-30 11:47:47'),(26,'beate.roten@gmail.com','25807aa9fde81e61aea42f7434de6f85','2020-11-23 20:48:42','2020-12-30 11:47:47'),(27,'esben@vognsen-jensen.dk','06eaf1bad05b84ebe17ab154b9adc54e','2020-11-26 05:22:02','2020-12-30 11:47:47'),(28,'trygve_pettersen@hotmail.com','f2d92390c50cb47f190604719b043e43','2020-11-30 11:16:57','2020-12-30 11:47:47'),(29,'oconneeo@tcd.ie','f3188e6bd68469416b4fe55bbedfd1dd','2020-11-30 23:25:49','2020-12-30 11:47:47'),(30,'jtavernier2@gmail.com','466fb90736b6f51f81b342a63f52aff2','2020-12-02 23:29:54','2020-12-30 11:47:47'),(31,'rick.brunckhorst@gmail.com','d23bcae589aa7c0de42cd1f954bedc02','2020-12-03 12:30:21','2020-12-30 11:47:47'),(32,'jcpallen@gmail.com','cf9bc3d14f51d47798b230236a2f9853','2020-12-03 19:09:12','2020-12-30 11:47:47'),(33,'HiLee@ptd.net','5d5955f1e39c912cb9ed510cd2f0ee37','2020-12-04 13:47:49','2020-12-30 11:47:47'),(34,'colpeterson@gmail.com','37b03ed5f73b3f637446fbd2643a54d7','2020-12-05 04:10:07','2020-12-30 11:47:47'),(35,'roblark@hotmail.co.uk','cede253771ec0cef55162cd2345bcad0','2020-12-06 21:56:21','2020-12-30 11:47:47'),(36,'karen.campe@gmail.com','5dd6d310acbf206c993f9a3f055b625b','2020-12-07 21:42:36','2020-12-30 11:47:47'),(37,'olaskh@online.no','fe09744c3de936bc7046be22d2ae52f0','2020-12-08 13:35:55','2020-12-30 11:47:47'),(38,'danocon23@gmail.com','c2161a78f5fff876f0162231d8ae0d68','2020-12-10 02:36:56','2020-12-30 11:47:47'),(39,'ann.elisabeth.husby@dnb.no','234f95ff976796fdd2b987cbbdcdb8db','2020-12-10 16:57:44','2020-12-30 11:47:47'),(40,'agitlesen@kleppnett.no','41c4e517d0e10bbe3f37993e3dc76c0a','2020-12-13 13:08:13','2020-12-30 11:47:47'),(41,'verheyden@gmail.com','75158abc32b9243ee7a93954f39e37b0','2020-12-13 21:18:03','2020-12-30 11:47:47'),(42,'zack.kenz@gmail.com','a97afbbe7b358e0e0d98110cd9a593b7','2020-12-14 23:33:43','2020-12-30 11:47:47'),(43,'rizzi.hartmann@web.de','8099b0034f620634383c635ec4d66313','2020-12-17 13:16:44','2020-12-30 11:47:47'),(44,'samuel@descolada.com','416c076447a5bc3c3f9a8dea53295782','2020-12-19 01:13:58','2020-12-30 11:47:47'),(45,'simondonkers@gmail.com','8225c4062784d257b0637c3e9a3c619b','2020-12-21 11:07:58','2020-12-30 11:47:47'),(46,'peternooteboom@gmail.com','ede2d79a1c6dc22ee7d3279057969687','2020-12-22 20:15:13','2020-12-30 11:47:47'),(47,'ndavidcountess@gmail.com','1056fccfa558b90d4e6f6819777ad965','2020-12-24 16:44:30','2020-12-30 11:47:47'),(48,'emilyhopebrogan@gmail.com','01b5db3051def8d3b53cadffb0e964cc','2020-12-25 22:28:06','2020-12-30 11:47:47'),(49,'molliegurian@gmail.com','94983fe9d87339d1fe26c849a29fc3e5','2020-12-26 18:23:35','2020-12-30 11:47:48'),(50,'nikkikramer262@gmail.com','04bb58771f09ed02ee59e0b2794d8498','2020-12-26 18:45:37','2020-12-30 11:47:48'),(51,'cbrown1875@gmail.com','65e4c566e8d34e36cc6d828a8ae9fd09','2020-12-26 18:47:21','2020-12-30 11:47:48'),(52,'shopann@gmail.com','a53633cae56421b0de84d1ba5a40c9ac','2020-12-26 18:48:03','2020-12-30 11:47:48'),(53,'lcaffrey@gmail.com','ccc1e8ea31035de23fb71e5a6bbaa077','2020-12-26 19:41:17','2020-12-30 11:47:48'),(54,'markkaercher@verizon.net','3cbf7a8fb3808c1413db3f968f4e5e09','2020-12-26 20:18:24','2020-12-30 11:47:48'),(55,'ekendriss@gmail.com','59fd64c0b044be42b10104a22c5d6106','2020-12-26 20:28:37','2020-12-30 11:47:48'),(56,'toddf9@gmail.com','c64f50676a8050465493ae627c4988d1','2020-12-26 22:23:57','2020-12-30 11:47:48'),(57,'carlhorwitz@gmail.com','0b9451542c01750aab32d7c0245909a4','2020-12-26 23:23:38','2020-12-30 11:47:48'),(58,'Streetalabu@gmail.com','617c42c0745ce2efd9bcbb3c2b0abeb1','2020-12-27 00:44:06','2020-12-30 11:47:48'),(59,'warakkaguns@gmail.com','8a84e4023a5e1d67ca9bd312be4a23e9','2020-12-27 00:49:42','2020-12-30 11:47:48'),(60,'ashleyfrye18@gmail.com','375f523bf436a0f5cd66205a29e4717e','2020-12-27 01:45:00','2020-12-30 11:47:48'),(61,'carrie_elliott8@hotmail.com','79ad4857944561b8b55ffd11b0897d71','2020-12-27 02:37:09','2020-12-30 11:47:48'),(62,'javier.a.cabezas@gmail.com','7b50b8d2b5c7adb92537c4d4e2c4e5c5','2020-12-27 03:14:24','2020-12-30 11:47:48'),(63,'l.ulriksen@sasktel.net','731fdc38f400773e1856b87ec3e557bc','2020-12-27 04:11:15','2020-12-30 11:47:48'),(64,'danielleemooney@gmail.com','6ba326231dff194999145cb694e1c336','2020-12-27 08:24:39','2020-12-30 11:47:48'),(65,'marhol68@hotmail.com','7317bb31d441b7d9a46a6dbff41b9cd3','2020-12-27 10:28:24','2020-12-30 11:47:48'),(66,'laurieedeal@juno.com','7460a703838248d5bb5dcaaa0b07fc02','2020-12-27 12:34:38','2020-12-30 11:47:48'),(67,'mrlew.sir@gmail.com','993232dded3431301f126ec2438570c5','2020-12-27 15:51:43','2020-12-30 11:47:48'),(68,'mlrettele@hotmail.com','6cd3ef21a07fdcc885c56e02ae266875','2020-12-27 16:27:10','2020-12-30 11:47:48'),(69,'erg999@gmail.com','018e6aec1a5202811cd97466f513e767','2020-12-27 17:27:01','2020-12-30 11:47:48'),(70,'adhestenes@gmail.com','5c1194254ffc8b09439cccbe736f5ea4','2020-12-27 19:15:52','2020-12-30 11:47:48'),(71,'lgvergara24@gmail.com','fdb46f6f61433c729c94f656aa788e64','2020-12-27 20:27:43','2020-12-30 11:47:48'),(72,'prattemail@gmail.com','213d94185bc488f2268272ee0f50615b','2020-12-27 21:24:52','2020-12-30 11:47:48'),(73,'breedeen.murray@gmail.com','43fdd31dcebf0bbb70a08bad70dfe334','2020-12-27 22:59:58','2020-12-30 11:47:48'),(74,'roedigerac@yahoo.com','411385da3aaa2e5117c38d4b3bd32b82','2020-12-28 00:55:12','2020-12-30 11:47:48'),(75,'cljreagan@yahoo.com','86160bf3c8d3ddf23c7bfdeba6066af3','2020-12-28 01:55:03','2020-12-30 11:47:48'),(76,'hawkinslaurav@gmail.com','7549a48788caa28fbccf04d19fcb3311','2020-12-28 04:27:12','2020-12-30 11:47:48'),(77,'julie.r.wright@gmail.com','1778228e5fdfa907b94da0e802ed7591','2020-12-28 05:14:12','2020-12-30 11:47:48'),(78,'jennifer.love@olympia.org','c6334b129898dd41ecc8fbc4704d1618','2020-12-28 05:30:06','2020-12-30 11:47:48'),(79,'emily.dennett@gmail.com','6cd6efe03c66dd81865159b8bb5de217','2020-12-28 15:32:36','2020-12-30 11:47:48'),(80,'kls@steelwoman.net','a2964e503665f7737ddd90cfcdd61640','2020-12-28 19:26:12','2020-12-30 11:47:48'),(81,'zack.barnes.miller@gmail.com','81d5ef5e8730626d244c31b58ea35891','2020-12-28 19:44:44','2020-12-30 11:47:48'),(82,'renatekurps@gmail.com','24f1b264b0fa1ec334d41ba10c13e133','2020-12-28 19:45:07','2020-12-30 11:47:48'),(83,'rjwukitch@aol.com','da006d8ebe079af7391b6ae921432bb4','2020-12-28 20:24:41','2020-12-30 11:47:48'),(84,'maureentumenas@gmail.com','0c44b784765dad4bd8430c8e198e4c8f','2020-12-28 22:29:33','2020-12-30 11:47:48'),(85,'awhend@aol.com','98ddbb55d4fc2cc69f6fbee257f20f5a','2020-12-29 14:17:51','2020-12-30 11:47:48'),(86,'kallmansam@gmail.com','04d3755f66cfcc79c19092c5988c2150','2020-12-29 20:58:25','2020-12-30 11:47:48'),(87,'jrykse@gmail.com','6bd4656c9efc918ddcec76ec50ee8f21','2020-12-30 02:46:56','2020-12-30 11:47:48'),(88,'max.m.hell@gmail.com','de3c9a2d68aa18025d063b95f02c61fa','2021-01-16 16:54:43','2021-01-20 09:44:13'),(89,'kerrydunton@btinternet.com','56b00ce16a557d9a6bde4d6629c03746','2021-01-16 15:17:51','2021-01-20 09:45:52'),(90,'nsdenbraber@hotmail.com','e499dd3abf05c306dbe1e73532b1198e','2021-04-02 13:28:39','2021-04-02 13:28:39'),(91,'dede.de.haan@gmail.com','543bccafd32d792a693570697f497ad3','2021-04-02 13:29:54','2021-04-02 13:29:54');

--
-- Table structure for table `wp_daztp5_shopmagic_guest_meta`
--

CREATE TABLE `wp_daztp5_shopmagic_guest_meta` (
  `meta_id` int(11) NOT NULL AUTO_INCREMENT,
  `guest_id` int(11) NOT NULL,
  `meta_key` varchar(255) COLLATE utf8mb4_unicode_520_ci NOT NULL,
  `meta_value` longtext COLLATE utf8mb4_unicode_520_ci NOT NULL,
  PRIMARY KEY (`meta_id`),
  KEY `guest_id` (`guest_id`)
) ENGINE=InnoDB AUTO_INCREMENT=1735 DEFAULT CHARSET=utf8mb4 COLLATE=utf8mb4_unicode_520_ci;

--
-- Dumping data for table `wp_daztp5_shopmagic_guest_meta`
--

INSERT INTO `wp_daztp5_shopmagic_guest_meta` VALUES (120,1,'first_name','Lisbeth'),(121,1,'last_name','Olsrød'),(122,1,'billing_company',''),(123,1,'billing_phone',''),(124,1,'billing_address_1','Ulastranda 32'),(125,1,'billing_address_2',''),(126,1,'billing_country','NO'),(127,1,'billing_city','Tjodalyng'),(128,1,'billing_state','N/A'),(129,1,'billing_postcode','3280'),(130,1,'shipping_company',''),(131,1,'shipping_address_1','Ulastranda 32'),(132,1,'shipping_address_2',''),(133,1,'shipping_country','NO'),(134,1,'shipping_city','Tjodalyng'),(135,1,'shipping_state','N/A'),(136,1,'shipping_postcode','3280'),(137,2,'first_name','Steve'),(138,2,'last_name','Stamps'),(139,2,'billing_company',''),(140,2,'billing_phone','3035171827'),(141,2,'billing_address_1','11441 W 66th Pl'),(142,2,'billing_address_2',''),(143,2,'billing_country','US'),(144,2,'billing_city','Arvada'),(145,2,'billing_state','CO'),(146,2,'billing_postcode','80004'),(147,2,'shipping_company',''),(148,2,'shipping_address_1','11441 W 66th Pl'),(149,2,'shipping_address_2',''),(150,2,'shipping_country','US'),(151,2,'shipping_city','Arvada'),(152,2,'shipping_state','CO'),(153,2,'shipping_postcode','80004'),(154,3,'first_name','Kari'),(155,3,'last_name','Skjellum'),(156,3,'billing_company',''),(157,3,'billing_phone','92286494'),(158,3,'billing_address_1','Letesvegen 9'),(159,3,'billing_address_2',''),(160,3,'billing_country','NO'),(161,3,'billing_city','Melhus'),(162,3,'billing_state',''),(163,3,'billing_postcode','7224'),(164,3,'shipping_company',''),(165,3,'shipping_address_1','Letesvegen 9'),(166,3,'shipping_address_2',''),(167,3,'shipping_country','NO'),(168,3,'shipping_city','Melhus'),(169,3,'shipping_state',''),(170,3,'shipping_postcode','7224'),(188,5,'first_name','Karianne'),(189,5,'last_name','Kvalvik Kulø'),(190,5,'billing_company',''),(191,5,'billing_phone',''),(192,5,'billing_address_1','Horgveien 2'),(193,5,'billing_address_2',''),(194,5,'billing_country','NO'),(195,5,'billing_city','Ranheim'),(196,5,'billing_state',''),(197,5,'billing_postcode','7055'),(198,5,'shipping_company',''),(199,5,'shipping_address_1','Horgveien 2'),(200,5,'shipping_address_2',''),(201,5,'shipping_country','NO'),(202,5,'shipping_city','Ranheim'),(203,5,'shipping_state',''),(204,5,'shipping_postcode','7055'),(205,6,'first_name','Mark'),(206,6,'last_name','Katakowski'),(207,6,'billing_company',''),(208,6,'billing_phone','2487662985'),(209,6,'billing_address_1','210 West Summit Street'),(210,6,'billing_address_2',''),(211,6,'billing_country','US'),(212,6,'billing_city','Ann Arbor'),(213,6,'billing_state','MI'),(214,6,'billing_postcode','48103'),(215,6,'shipping_company',''),(216,6,'shipping_address_1','210 West Summit Street'),(217,6,'shipping_address_2',''),(218,6,'shipping_country','US'),(219,6,'shipping_city','Ann Arbor'),(220,6,'shipping_state','MI'),(221,6,'shipping_postcode','48103'),(222,7,'first_name','Edward'),(223,7,'last_name','Cibor'),(224,7,'billing_company','Mike’s Boner'),(225,7,'billing_phone',''),(226,7,'billing_address_1','708 S Dorchester Ave'),(227,7,'billing_address_2',''),(228,7,'billing_country','US'),(229,7,'billing_city','Royal Oak'),(230,7,'billing_state','MI'),(231,7,'billing_postcode','48067'),(232,7,'shipping_company','Mike’s Boner'),(233,7,'shipping_address_1','708 S Dorchester Ave'),(234,7,'shipping_address_2',''),(235,7,'shipping_country','US'),(236,7,'shipping_city','Royal Oak'),(237,7,'shipping_state','MI'),(238,7,'shipping_postcode','48067'),(239,8,'first_name','Lars'),(240,8,'last_name','Christian Naterstad Lervik'),(241,8,'billing_company',''),(242,8,'billing_phone',''),(243,8,'billing_address_1','Leirbruvegen 24'),(244,8,'billing_address_2',''),(245,8,'billing_country','NO'),(246,8,'billing_city','Trondheim'),(247,8,'billing_state','N/A'),(248,8,'billing_postcode','7026'),(249,8,'shipping_company',''),(250,8,'shipping_address_1','Leirbruvegen 24'),(251,8,'shipping_address_2',''),(252,8,'shipping_country','NO'),(253,8,'shipping_city','Trondheim'),(254,8,'shipping_state','N/A'),(255,8,'shipping_postcode','7026'),(256,9,'first_name','Hege'),(257,9,'last_name','Nordnes'),(258,9,'billing_company',''),(259,9,'billing_phone','98673260'),(260,9,'billing_address_1','Sætnanveien 14'),(261,9,'billing_address_2',''),(262,9,'billing_country','NO'),(263,9,'billing_city','Elvarli'),(264,9,'billing_state',''),(265,9,'billing_postcode','7519'),(266,9,'shipping_company',''),(267,9,'shipping_address_1','Sætnanveien 14'),(268,9,'shipping_address_2',''),(269,9,'shipping_country','NO'),(270,9,'shipping_city','Elvarli'),(271,9,'shipping_state',''),(272,9,'shipping_postcode','7519'),(273,10,'first_name','Daniel'),(274,10,'last_name','Scharstein'),(275,10,'billing_company',''),(276,10,'billing_phone','8029892561'),(277,10,'billing_address_1','4194 Snake Mountain Rd'),(278,10,'billing_address_2',''),(279,10,'billing_country','US'),(280,10,'billing_city','Weybridge'),(281,10,'billing_state','VT'),(282,10,'billing_postcode','05753'),(283,10,'shipping_company',''),(284,10,'shipping_address_1','c/o Peter Mullen'),(285,10,'shipping_address_2','1822 NE Ravenna Blvd'),(286,10,'shipping_country','US'),(287,10,'shipping_city','Seattle'),(288,10,'shipping_state','WA'),(289,10,'shipping_postcode','98105'),(324,12,'first_name','Jan Kristoffer'),(325,12,'last_name','Brenne'),(326,12,'billing_company',''),(327,12,'billing_phone','99710167'),(328,12,'billing_address_1','Sildråpevegen 12B'),(329,12,'billing_address_2',''),(330,12,'billing_country','NO'),(331,12,'billing_city','Trondheim'),(332,12,'billing_state',''),(333,12,'billing_postcode','7048'),(334,12,'shipping_company',''),(335,12,'shipping_address_1','Sildråpevegen 12B'),(336,12,'shipping_address_2',''),(337,12,'shipping_country','NO'),(338,12,'shipping_city','Trondheim'),(339,12,'shipping_state',''),(340,12,'shipping_postcode','7048'),(341,11,'first_name','Atle'),(342,11,'last_name','Rasmussen'),(343,11,'billing_company',''),(344,11,'billing_phone',''),(345,11,'billing_address_1','Hans Hansensvei 135'),(346,11,'billing_address_2',''),(347,11,'billing_country','NO'),(348,11,'billing_city','Drammen'),(349,11,'billing_state',''),(350,11,'billing_postcode','3022'),(351,11,'shipping_company',''),(352,11,'shipping_address_1','Pedersbakken 5'),(353,11,'shipping_address_2',''),(354,11,'shipping_country','NO'),(355,11,'shipping_city','Kolnes'),(356,11,'shipping_state',''),(357,11,'shipping_postcode','5541'),(358,13,'first_name','Susan'),(359,13,'last_name','Glennan'),(360,13,'billing_company',''),(361,13,'billing_phone','9162949602'),(362,13,'billing_address_1','167 Rebecca Way'),(363,13,'billing_address_2',''),(364,13,'billing_country','US'),(365,13,'billing_city','Folsom'),(366,13,'billing_state','CA'),(367,13,'billing_postcode','95630'),(368,13,'shipping_company',''),(369,13,'shipping_address_1','167 Rebecca Way'),(370,13,'shipping_address_2',''),(371,13,'shipping_country','NO'),(372,13,'shipping_city','Folsom'),(373,13,'shipping_state',''),(374,13,'shipping_postcode','95630'),(375,14,'first_name','Laila'),(376,14,'last_name','Tømmerdal'),(377,14,'billing_company',''),(378,14,'billing_phone',''),(379,14,'billing_address_1','Strandveien 34 C'),(380,14,'billing_address_2',''),(381,14,'billing_country','NO'),(382,14,'billing_city','Leksvik'),(383,14,'billing_state',''),(384,14,'billing_postcode','7120'),(385,14,'shipping_company',''),(386,14,'shipping_address_1','Strandveien 34 C'),(387,14,'shipping_address_2',''),(388,14,'shipping_country','NO'),(389,14,'shipping_city','Leksvik'),(390,14,'shipping_state',''),(391,14,'shipping_postcode','7120'),(392,15,'first_name','Guri'),(393,15,'last_name','Flenstad'),(394,15,'billing_company',''),(395,15,'billing_phone',''),(396,15,'billing_address_1','Aunanveien 25'),(397,15,'billing_address_2',''),(398,15,'billing_country','NO'),(399,15,'billing_city','Åfjord'),(400,15,'billing_state',''),(401,15,'billing_postcode','7170'),(402,15,'shipping_company',''),(403,15,'shipping_address_1','Aunanveien 25'),(404,15,'shipping_address_2',''),(405,15,'shipping_country','NO'),(406,15,'shipping_city','Åfjord'),(407,15,'shipping_state',''),(408,15,'shipping_postcode','7170'),(409,16,'first_name','Cathrine'),(410,16,'last_name','Aamo'),(411,16,'billing_company',''),(412,16,'billing_phone','41184420'),(413,16,'billing_address_1','Varghattveien 19'),(414,16,'billing_address_2',''),(415,16,'billing_country','NO'),(416,16,'billing_city','Råkvåg'),(417,16,'billing_state',''),(418,16,'billing_postcode','7114'),(419,16,'shipping_company',''),(420,16,'shipping_address_1','Varghattveien 19'),(421,16,'shipping_address_2',''),(422,16,'shipping_country','NO'),(423,16,'shipping_city','Råkvåg'),(424,16,'shipping_state',''),(425,16,'shipping_postcode','7114'),(426,17,'first_name','Jomar'),(427,17,'last_name','Tømmerdal'),(428,17,'billing_company',''),(429,17,'billing_phone',''),(430,17,'billing_address_1','Strandvegen 34 B'),(431,17,'billing_address_2',''),(432,17,'billing_country','NO'),(433,17,'billing_city','Leksvik'),(434,17,'billing_state',''),(435,17,'billing_postcode','7120'),(436,17,'shipping_company',''),(437,17,'shipping_address_1','Strandvegen 34 B'),(438,17,'shipping_address_2',''),(439,17,'shipping_country','NO'),(440,17,'shipping_city','Leksvik'),(441,17,'shipping_state',''),(442,17,'shipping_postcode','7120'),(460,4,'first_name','Jeffrey'),(461,4,'last_name','Katakowski'),(462,4,'billing_company',''),(463,4,'billing_phone',''),(464,4,'billing_address_1','6166 PARAMUS'),(465,4,'billing_address_2',''),(466,4,'billing_country','US'),(467,4,'billing_city','CLARKSTON'),(468,4,'billing_state','MI'),(469,4,'billing_postcode','48346'),(470,4,'shipping_company',''),(471,4,'shipping_address_1','6166 PARAMUS'),(472,4,'shipping_address_2',''),(473,4,'shipping_country','US'),(474,4,'shipping_city','CLARKSTON'),(475,4,'shipping_state','MI'),(476,4,'shipping_postcode','48346'),(477,19,'first_name','Grete'),(478,19,'last_name','Støen'),(479,19,'billing_company',''),(480,19,'billing_phone','40866605'),(481,19,'billing_address_1','Ullins veg 6A'),(482,19,'billing_address_2',''),(483,19,'billing_country','NO'),(484,19,'billing_city','TRONDHEIM'),(485,19,'billing_state',''),(486,19,'billing_postcode','7033'),(487,19,'shipping_company',''),(488,19,'shipping_address_1','Ullins veg 6A'),(489,19,'shipping_address_2',''),(490,19,'shipping_country','NO'),(491,19,'shipping_city','TRONDHEIM'),(492,19,'shipping_state',''),(493,19,'shipping_postcode','7033'),(494,20,'first_name','Cynthia'),(495,20,'last_name','Whitehead'),(496,20,'billing_company',''),(497,20,'billing_phone',''),(498,20,'billing_address_1','15319 West Lake Goodwin Road'),(499,20,'billing_address_2',''),(500,20,'billing_country','US'),(501,20,'billing_city','Stanwood'),(502,20,'billing_state','WA'),(503,20,'billing_postcode','98292'),(504,20,'shipping_company',''),(505,20,'shipping_address_1','15319 West Lake Goodwin Road'),(506,20,'shipping_address_2',''),(507,20,'shipping_country','US'),(508,20,'shipping_city','Stanwood'),(509,20,'shipping_state','WA'),(510,20,'shipping_postcode','98292'),(511,21,'first_name','Reto'),(512,21,'last_name','Kramer'),(513,21,'billing_company',''),(514,21,'billing_phone','+12069924084'),(515,21,'billing_address_1','21235 SE 5TH PLACE'),(516,21,'billing_address_2',''),(517,21,'billing_country','US'),(518,21,'billing_city','Sammamish'),(519,21,'billing_state','WA'),(520,21,'billing_postcode','98074'),(521,21,'shipping_company',''),(522,21,'shipping_address_1','21235 SE 5TH PLACE'),(523,21,'shipping_address_2',''),(524,21,'shipping_country','US'),(525,21,'shipping_city','Sammamish'),(526,21,'shipping_state','WA'),(527,21,'shipping_postcode','98074'),(528,22,'first_name','Christina'),(529,22,'last_name','Sandmann'),(530,22,'billing_company',''),(531,22,'billing_phone',''),(532,22,'billing_address_1','Auf dem Heidkamp 31'),(533,22,'billing_address_2',''),(534,22,'billing_country','DE'),(535,22,'billing_city','Bad Oeynhausen'),(536,22,'billing_state',''),(537,22,'billing_postcode','32549'),(538,22,'shipping_company',''),(539,22,'shipping_address_1','Auf dem Heidkamp 31'),(540,22,'shipping_address_2',''),(541,22,'shipping_country','DE'),(542,22,'shipping_city','Bad Oeynhausen'),(543,22,'shipping_state',''),(544,22,'shipping_postcode','32549'),(545,23,'first_name','Kari'),(546,23,'last_name','Bjerkreim-Hanssen'),(547,23,'billing_company',''),(548,23,'billing_phone',''),(549,23,'billing_address_1','Magnusgt 10'),(550,23,'billing_address_2',''),(551,23,'billing_country','NO'),(552,23,'billing_city','Fredrikstad'),(553,23,'billing_state',''),(554,23,'billing_postcode','1607'),(555,23,'shipping_company',''),(556,23,'shipping_address_1','Magnusgt 10'),(557,23,'shipping_address_2',''),(558,23,'shipping_country','NO'),(559,23,'shipping_city','Fredrikstad'),(560,23,'shipping_state',''),(561,23,'shipping_postcode','1607'),(562,24,'first_name','Korin'),(563,24,'last_name','Yang'),(564,24,'billing_company',''),(565,24,'billing_phone','415-308-4888'),(566,24,'billing_address_1','828 Maple St'),(567,24,'billing_address_2',''),(568,24,'billing_country','US'),(569,24,'billing_city','Fort Collins'),(570,24,'billing_state','CO'),(571,24,'billing_postcode','80521'),(572,24,'shipping_company',''),(573,24,'shipping_address_1','828 Maple St'),(574,24,'shipping_address_2',''),(575,24,'shipping_country','US'),(576,24,'shipping_city','Fort Collins'),(577,24,'shipping_state','CO'),(578,24,'shipping_postcode','80521'),(579,25,'first_name','Ginger'),(580,25,'last_name','DeWitte'),(581,25,'billing_company',''),(582,25,'billing_phone',''),(583,25,'billing_address_1','3826 Lisa Way'),(584,25,'billing_address_2',''),(585,25,'billing_country','US'),(586,25,'billing_city','Santa Maria'),(587,25,'billing_state','CA'),(588,25,'billing_postcode','93455'),(589,25,'shipping_company',''),(590,25,'shipping_address_1','3826 Lisa Way'),(591,25,'shipping_address_2',''),(592,25,'shipping_country','US'),(593,25,'shipping_city','Santa Maria'),(594,25,'shipping_state','CA'),(595,25,'shipping_postcode','93455'),(596,26,'first_name','Beate'),(597,26,'last_name','Roten'),(598,26,'billing_company',''),(599,26,'billing_phone','93097143'),(600,26,'billing_address_1','Turistvegen 779'),(601,26,'billing_address_2',''),(602,26,'billing_country','NO'),(603,26,'billing_city','Brøttum'),(604,26,'billing_state',''),(605,26,'billing_postcode','2372'),(606,26,'shipping_company',''),(607,26,'shipping_address_1','Turistvegen 779'),(608,26,'shipping_address_2',''),(609,26,'shipping_country','NO'),(610,26,'shipping_city','Brøttum'),(611,26,'shipping_state',''),(612,26,'shipping_postcode','2372'),(613,27,'first_name','Esben'),(614,27,'last_name','Vognsen Jensen'),(615,27,'billing_company',''),(616,27,'billing_phone','25750217'),(617,27,'billing_address_1','Æblevangen 17'),(618,27,'billing_address_2',''),(619,27,'billing_country','DK'),(620,27,'billing_city','Smørum'),(621,27,'billing_state',''),(622,27,'billing_postcode','2765'),(623,27,'shipping_company',''),(624,27,'shipping_address_1','Æblevangen 17'),(625,27,'shipping_address_2',''),(626,27,'shipping_country','DK'),(627,27,'shipping_city','Smørum'),(628,27,'shipping_state',''),(629,27,'shipping_postcode','2765'),(630,28,'first_name','Trygve'),(631,28,'last_name','Pettersen'),(632,28,'billing_company',''),(633,28,'billing_phone','92256362'),(634,28,'billing_address_1','Gimleveien 2A'),(635,28,'billing_address_2',''),(636,28,'billing_country','NO'),(637,28,'billing_city','TÅRNÅSEN'),(638,28,'billing_state',''),(639,28,'billing_postcode','1413'),(640,28,'shipping_company',''),(641,28,'shipping_address_1','Gimleveien 2A'),(642,28,'shipping_address_2',''),(643,28,'shipping_country','NO'),(644,28,'shipping_city','TÅRNÅSEN'),(645,28,'shipping_state',''),(646,28,'shipping_postcode','1413'),(647,29,'first_name','Eoin'),(648,29,'last_name','O\'Connell'),(649,29,'billing_company',''),(650,29,'billing_phone','0877553009'),(651,29,'billing_address_1','51 Aspen Drive'),(652,29,'billing_address_2','Kinsealy Court'),(653,29,'billing_country','IE'),(654,29,'billing_city','Swords'),(655,29,'billing_state','D'),(656,29,'billing_postcode','K67 YT92'),(657,29,'shipping_company',''),(658,29,'shipping_address_1','51 Aspen Drive'),(659,29,'shipping_address_2','Kinsealy Court'),(660,29,'shipping_country','IE'),(661,29,'shipping_city','Swords'),(662,29,'shipping_state','D'),(663,29,'shipping_postcode','K67 YT92'),(664,30,'first_name','Julien'),(665,30,'last_name','Tavernier'),(666,30,'billing_company',''),(667,30,'billing_phone','0783007543'),(668,30,'billing_address_1','1 Passage de l\'Escargot d\'Or'),(669,30,'billing_address_2',''),(670,30,'billing_country','FR'),(671,30,'billing_city','Le Plessis Robinson'),(672,30,'billing_state',''),(673,30,'billing_postcode','92350'),(674,30,'shipping_company',''),(675,30,'shipping_address_1','1 Passage de l\'Escargot d\'Or'),(676,30,'shipping_address_2',''),(677,30,'shipping_country','FR'),(678,30,'shipping_city','Le Plessis Robinson'),(679,30,'shipping_state',''),(680,30,'shipping_postcode','92350'),(681,31,'first_name','Rick'),(682,31,'last_name','Brunckhorst'),(683,31,'billing_company',''),(684,31,'billing_phone','0432459902'),(685,31,'billing_address_1','11 Currey St'),(686,31,'billing_address_2',''),(687,31,'billing_country','AU'),(688,31,'billing_city','Brassall'),(689,31,'billing_state','QLD'),(690,31,'billing_postcode','4305'),(691,31,'shipping_company',''),(692,31,'shipping_address_1','11 Currey St'),(693,31,'shipping_address_2',''),(694,31,'shipping_country','AU'),(695,31,'shipping_city','Brassall'),(696,31,'shipping_state','QLD'),(697,31,'shipping_postcode','4305'),(698,32,'first_name','Jonathan'),(699,32,'last_name','Allen'),(700,32,'billing_company',''),(701,32,'billing_phone','(44) 1452 418804'),(702,32,'billing_address_1','30 Pineway'),(703,32,'billing_address_2',''),(704,32,'billing_country','GB'),(705,32,'billing_city','Gloucester'),(706,32,'billing_state','Gloucestershire'),(707,32,'billing_postcode','GL4 4AE'),(708,32,'shipping_company',''),(709,32,'shipping_address_1','30 Pineway'),(710,32,'shipping_address_2',''),(711,32,'shipping_country','GB'),(712,32,'shipping_city','Gloucester'),(713,32,'shipping_state','Gloucestershire'),(714,32,'shipping_postcode','GL4 4AE'),(715,18,'first_name','Elisabeth'),(716,18,'last_name','Sandum'),(717,18,'billing_company',''),(718,18,'billing_phone','90592839'),(719,18,'billing_address_1','Gimleveien 2A'),(720,18,'billing_address_2',''),(721,18,'billing_country','NO'),(722,18,'billing_city','Tårnåsen'),(723,18,'billing_state',''),(724,18,'billing_postcode','1413'),(725,18,'shipping_company',''),(726,18,'shipping_address_1','Gimleveien 2A'),(727,18,'shipping_address_2',''),(728,18,'shipping_country','NO'),(729,18,'shipping_city','Tårnåsen'),(730,18,'shipping_state',''),(731,18,'shipping_postcode','1413'),(732,33,'first_name','Lee'),(733,33,'last_name','Yoder'),(734,33,'billing_company',''),(735,33,'billing_phone',''),(736,33,'billing_address_1','300 Lincoln Road'),(737,33,'billing_address_2',''),(738,33,'billing_country','US'),(739,33,'billing_city','Reading'),(740,33,'billing_state','PA'),(741,33,'billing_postcode','19606'),(742,33,'shipping_company',''),(743,33,'shipping_address_1','300 Lincoln Road'),(744,33,'shipping_address_2',''),(745,33,'shipping_country','US'),(746,33,'shipping_city','Reading'),(747,33,'shipping_state','PA'),(748,33,'shipping_postcode','19606'),(749,34,'first_name','Kianna (Christmas)'),(750,34,'last_name','Peterson'),(751,34,'billing_company',''),(752,34,'billing_phone','2064689637'),(753,34,'billing_address_1','506 Buchanan Road NW'),(754,34,'billing_address_2',''),(755,34,'billing_country','CA'),(756,34,'billing_city','Edmonton'),(757,34,'billing_state','AB'),(758,34,'billing_postcode','T6R 2B5'),(759,34,'shipping_company',''),(760,34,'shipping_address_1','506 Buchanan Road NW'),(761,34,'shipping_address_2',''),(762,34,'shipping_country','CA'),(763,34,'shipping_city','Edmonton'),(764,34,'shipping_state','AB'),(765,34,'shipping_postcode','T6R 2B5'),(766,35,'first_name','Rob'),(767,35,'last_name','Larkin'),(768,35,'billing_company',''),(769,35,'billing_phone','07535 788446'),(770,35,'billing_address_1','30 Hawthorn Way'),(771,35,'billing_address_2',''),(772,35,'billing_country','GB'),(773,35,'billing_city','Newcastle upon Tyne'),(774,35,'billing_state',''),(775,35,'billing_postcode','NE20 9RU'),(776,35,'shipping_company',''),(777,35,'shipping_address_1','30 Hawthorn Way'),(778,35,'shipping_address_2',''),(779,35,'shipping_country','GB'),(780,35,'shipping_city','Newcastle upon Tyne'),(781,35,'shipping_state',''),(782,35,'shipping_postcode','NE20 9RU'),(783,36,'first_name','Karen'),(784,36,'last_name','Campe'),(785,36,'billing_company',''),(786,36,'billing_phone','+1 203-912-0659'),(787,36,'billing_address_1','34 Adams Lane'),(788,36,'billing_address_2',''),(789,36,'billing_country','US'),(790,36,'billing_city','New Canaan'),(791,36,'billing_state','CT'),(792,36,'billing_postcode','06840'),(793,36,'shipping_company',''),(794,36,'shipping_address_1','34 Adams Lane'),(795,36,'shipping_address_2',''),(796,36,'shipping_country','US'),(797,36,'shipping_city','New Canaan'),(798,36,'shipping_state','CT'),(799,36,'shipping_postcode','06840'),(800,37,'first_name','Ola'),(801,37,'last_name','Askheim'),(802,37,'billing_company',''),(803,37,'billing_phone','98673706'),(804,37,'billing_address_1','Askjemsveien 67'),(805,37,'billing_address_2',''),(806,37,'billing_country','NO'),(807,37,'billing_city','Stadsbygd'),(808,37,'billing_state',''),(809,37,'billing_postcode','7105'),(810,37,'shipping_company',''),(811,37,'shipping_address_1','Askjemsveien 67'),(812,37,'shipping_address_2',''),(813,37,'shipping_country','NO'),(814,37,'shipping_city','Stadsbygd'),(815,37,'shipping_state',''),(816,37,'shipping_postcode','7105'),(817,38,'first_name','Daniel'),(818,38,'last_name','O\'Connell'),(819,38,'billing_company',''),(820,38,'billing_phone','8603271193'),(821,38,'billing_address_1','23 Carroll Rd'),(822,38,'billing_address_2',''),(823,38,'billing_country','US'),(824,38,'billing_city','Manchester'),(825,38,'billing_state','CT'),(826,38,'billing_postcode','06042'),(827,38,'shipping_company',''),(828,38,'shipping_address_1','23 Carroll Rd'),(829,38,'shipping_address_2',''),(830,38,'shipping_country','US'),(831,38,'shipping_city','Manchester'),(832,38,'shipping_state','CT'),(833,38,'shipping_postcode','06042'),(834,39,'first_name','Ann Elisabeth'),(835,39,'last_name','Husby'),(836,39,'billing_company',''),(837,39,'billing_phone','48101052'),(838,39,'billing_address_1','Ranheimsfjæra 57'),(839,39,'billing_address_2',''),(840,39,'billing_country','NO'),(841,39,'billing_city','Ranheim'),(842,39,'billing_state',''),(843,39,'billing_postcode','7055'),(844,39,'shipping_company',''),(845,39,'shipping_address_1','Ranheimsfjæra 57'),(846,39,'shipping_address_2',''),(847,39,'shipping_country','NO'),(848,39,'shipping_city','Ranheim'),(849,39,'shipping_state',''),(850,39,'shipping_postcode','7055'),(851,40,'first_name','Amanda'),(852,40,'last_name','Gitlesen'),(853,40,'billing_company',''),(854,40,'billing_phone',''),(855,40,'billing_address_1','Kjengaren 13'),(856,40,'billing_address_2',''),(857,40,'billing_country','NO'),(858,40,'billing_city','KLEPPE'),(859,40,'billing_state',''),(860,40,'billing_postcode','4352'),(861,40,'shipping_company',''),(862,40,'shipping_address_1','Kjengaren 13'),(863,40,'shipping_address_2',''),(864,40,'shipping_country','NO'),(865,40,'shipping_city','KLEPPE'),(866,40,'shipping_state',''),(867,40,'shipping_postcode','4352'),(868,41,'first_name','benjamin'),(869,41,'last_name','verheyden'),(870,41,'billing_company',''),(871,41,'billing_phone',''),(872,41,'billing_address_1','Voervalleilaan 11'),(873,41,'billing_address_2',''),(874,41,'billing_country','BE'),(875,41,'billing_city','Heverlee'),(876,41,'billing_state',''),(877,41,'billing_postcode','3001'),(878,41,'shipping_company',''),(879,41,'shipping_address_1','Voervalleilaan 11'),(880,41,'shipping_address_2',''),(881,41,'shipping_country','BE'),(882,41,'shipping_city','Heverlee'),(883,41,'shipping_state',''),(884,41,'shipping_postcode','3001'),(885,42,'first_name','Zackary'),(886,42,'last_name','Kenz'),(887,42,'billing_company',''),(888,42,'billing_phone','7018663720'),(889,42,'billing_address_1','1465 Parkway St'),(890,42,'billing_address_2',''),(891,42,'billing_country','US'),(892,42,'billing_city','Dubuque'),(893,42,'billing_state','IA'),(894,42,'billing_postcode','52001'),(895,42,'shipping_company',''),(896,42,'shipping_address_1','1465 Parkway St'),(897,42,'shipping_address_2',''),(898,42,'shipping_country','US'),(899,42,'shipping_city','Dubuque'),(900,42,'shipping_state','IA'),(901,42,'shipping_postcode','52001'),(902,43,'first_name','Patrick'),(903,43,'last_name','Hartmann'),(904,43,'billing_company',''),(905,43,'billing_phone',''),(906,43,'billing_address_1','Am Zehenthof 9'),(907,43,'billing_address_2',''),(908,43,'billing_country','DE'),(909,43,'billing_city','Günzburg'),(910,43,'billing_state',''),(911,43,'billing_postcode','89312'),(912,43,'shipping_company',''),(913,43,'shipping_address_1','Am Zehenthof 9'),(914,43,'shipping_address_2',''),(915,43,'shipping_country','DE'),(916,43,'shipping_city','Günzburg'),(917,43,'shipping_state',''),(918,43,'shipping_postcode','89312'),(919,44,'first_name','Samuel'),(920,44,'last_name','Stauffer'),(921,44,'billing_company',''),(922,44,'billing_phone',''),(923,44,'billing_address_1','937 Delano Avenue'),(924,44,'billing_address_2',''),(925,44,'billing_country','US'),(926,44,'billing_city','San Francisco'),(927,44,'billing_state','CA'),(928,44,'billing_postcode','94112'),(929,44,'shipping_company',''),(930,44,'shipping_address_1','937 Delano Avenue'),(931,44,'shipping_address_2',''),(932,44,'shipping_country','US'),(933,44,'shipping_city','San Francisco'),(934,44,'shipping_state','CA'),(935,44,'shipping_postcode','94112'),(936,45,'first_name','S'),(937,45,'last_name','Donkers'),(938,45,'billing_company',''),(939,45,'billing_phone',''),(940,45,'billing_address_1','Grasland 102'),(941,45,'billing_address_2',''),(942,45,'billing_country','NL'),(943,45,'billing_city','Eindhoven'),(944,45,'billing_state',''),(945,45,'billing_postcode','5658 GB'),(946,45,'shipping_company',''),(947,45,'shipping_address_1','Grasland 102'),(948,45,'shipping_address_2',''),(949,45,'shipping_country','NL'),(950,45,'shipping_city','Eindhoven'),(951,45,'shipping_state',''),(952,45,'shipping_postcode','5658 GB'),(953,46,'first_name','Peter'),(954,46,'last_name','Nooteboom'),(955,46,'billing_company',''),(956,46,'billing_phone',''),(957,46,'billing_address_1','3150 Sawtelle Blvd'),(958,46,'billing_address_2','Apt 105'),(959,46,'billing_country','US'),(960,46,'billing_city','Los Angeles'),(961,46,'billing_state','CA'),(962,46,'billing_postcode','90066'),(963,46,'shipping_company',''),(964,46,'shipping_address_1','3150 Sawtelle Blvd'),(965,46,'shipping_address_2','Apt 105'),(966,46,'shipping_country','US'),(967,46,'shipping_city','Los Angeles'),(968,46,'shipping_state','CA'),(969,46,'shipping_postcode','90066'),(970,47,'first_name','Nathaniel'),(971,47,'last_name','Countess'),(972,47,'billing_company',''),(973,47,'billing_phone',''),(974,47,'billing_address_1','13111 Flyway Dr'),(975,47,'billing_address_2',''),(976,47,'billing_country','US'),(977,47,'billing_city','Tallahassee'),(978,47,'billing_state','FL'),(979,47,'billing_postcode','32312'),(980,47,'shipping_company',''),(981,47,'shipping_address_1','13111 Flyway Dr'),(982,47,'shipping_address_2',''),(983,47,'shipping_country','US'),(984,47,'shipping_city','Tallahassee'),(985,47,'shipping_state','FL'),(986,47,'shipping_postcode','32312'),(987,48,'first_name','Emily'),(988,48,'last_name','Brogan'),(989,48,'billing_company',''),(990,48,'billing_phone',''),(991,48,'billing_address_1','1700 Summit Avenue'),(992,48,'billing_address_2','Apt s138'),(993,48,'billing_country','US'),(994,48,'billing_city','Richmond'),(995,48,'billing_state','VA'),(996,48,'billing_postcode','23230'),(997,48,'shipping_company',''),(998,48,'shipping_address_1','1700 Summit Avenue'),(999,48,'shipping_address_2','Apt s138'),(1000,48,'shipping_country','US'),(1001,48,'shipping_city','Richmond'),(1002,48,'shipping_state','VA'),(1003,48,'shipping_postcode','23230'),(1004,49,'first_name','Mollie'),(1005,49,'last_name','Gurian'),(1006,49,'billing_company',''),(1007,49,'billing_phone',''),(1008,49,'billing_address_1','1840 Vernon St NW'),(1009,49,'billing_address_2','403'),(1010,49,'billing_country','US'),(1011,49,'billing_city','Washington'),(1012,49,'billing_state','DC'),(1013,49,'billing_postcode','20009'),(1014,49,'shipping_company',''),(1015,49,'shipping_address_1','1840 Vernon St NW'),(1016,49,'shipping_address_2','403'),(1017,49,'shipping_country','US'),(1018,49,'shipping_city','Washington'),(1019,49,'shipping_state','DC'),(1020,49,'shipping_postcode','20009'),(1021,50,'first_name','Nicole'),(1022,50,'last_name','Kramer'),(1023,50,'billing_company',''),(1024,50,'billing_phone','3307871928'),(1025,50,'billing_address_1','614 Columbia Street'),(1026,50,'billing_address_2',''),(1027,50,'billing_country','US'),(1028,50,'billing_city','Leetonia'),(1029,50,'billing_state','OH'),(1030,50,'billing_postcode','44431'),(1031,50,'shipping_company',''),(1032,50,'shipping_address_1','614 Columbia Street'),(1033,50,'shipping_address_2',''),(1034,50,'shipping_country','US'),(1035,50,'shipping_city','Leetonia'),(1036,50,'shipping_state','OH'),(1037,50,'shipping_postcode','44431'),(1038,51,'first_name','Christopher'),(1039,51,'last_name','Brown'),(1040,51,'billing_company',''),(1041,51,'billing_phone','4782790226'),(1042,51,'billing_address_1','701 S Fairfield Dr.'),(1043,51,'billing_address_2',''),(1044,51,'billing_country','US'),(1045,51,'billing_city','Peachtree City'),(1046,51,'billing_state','GA'),(1047,51,'billing_postcode','30269'),(1048,51,'shipping_company',''),(1049,51,'shipping_address_1','701 S Fairfield Dr.'),(1050,51,'shipping_address_2',''),(1051,51,'shipping_country','US'),(1052,51,'shipping_city','Peachtree City'),(1053,51,'shipping_state','GA'),(1054,51,'shipping_postcode','30269'),(1055,52,'first_name','Ann'),(1056,52,'last_name','Bieneman'),(1057,52,'billing_company',''),(1058,52,'billing_phone',''),(1059,52,'billing_address_1','2900 LAKEWOODS CT'),(1060,52,'billing_address_2',''),(1061,52,'billing_country','US'),(1062,52,'billing_city','WEST BLOOMFIELD'),(1063,52,'billing_state','MI'),(1064,52,'billing_postcode','48324'),(1065,52,'shipping_company',''),(1066,52,'shipping_address_1','2900 LAKEWOODS CT'),(1067,52,'shipping_address_2',''),(1068,52,'shipping_country','US'),(1069,52,'shipping_city','WEST BLOOMFIELD'),(1070,52,'shipping_state','MI'),(1071,52,'shipping_postcode','48324'),(1072,53,'first_name','Liz'),(1073,53,'last_name','Caffrey'),(1074,53,'billing_company',''),(1075,53,'billing_phone','4153122103'),(1076,53,'billing_address_1','57 School St'),(1077,53,'billing_address_2',''),(1078,53,'billing_country','US'),(1079,53,'billing_city','Arlington'),(1080,53,'billing_state','MA'),(1081,53,'billing_postcode','02476'),(1082,53,'shipping_company',''),(1083,53,'shipping_address_1','57 School St'),(1084,53,'shipping_address_2',''),(1085,53,'shipping_country','US'),(1086,53,'shipping_city','Arlington'),(1087,53,'shipping_state','MA'),(1088,53,'shipping_postcode','02476'),(1089,54,'first_name','Mark'),(1090,54,'last_name','Kaercher'),(1091,54,'billing_company',''),(1092,54,'billing_phone',''),(1093,54,'billing_address_1','21 Hillcrest Road'),(1094,54,'billing_address_2',''),(1095,54,'billing_country','US'),(1096,54,'billing_city','Latham'),(1097,54,'billing_state','NY'),(1098,54,'billing_postcode','12110'),(1099,54,'shipping_company',''),(1100,54,'shipping_address_1','21 Hillcrest Road'),(1101,54,'shipping_address_2',''),(1102,54,'shipping_country','US'),(1103,54,'shipping_city','Latham'),(1104,54,'shipping_state','NY'),(1105,54,'shipping_postcode','12110'),(1106,55,'first_name','Ellen Kay'),(1107,55,'last_name','Endriss'),(1108,55,'billing_company',''),(1109,55,'billing_phone','9102289675'),(1110,55,'billing_address_1','310 W 4th St'),(1111,55,'billing_address_2','Apt 604'),(1112,55,'billing_country','US'),(1113,55,'billing_city','Winston Salem'),(1114,55,'billing_state','NC'),(1115,55,'billing_postcode','27101'),(1116,55,'shipping_company',''),(1117,55,'shipping_address_1','310 W 4th St'),(1118,55,'shipping_address_2','Apt 604'),(1119,55,'shipping_country','US'),(1120,55,'shipping_city','Winston Salem'),(1121,55,'shipping_state','NC'),(1122,55,'shipping_postcode','27101'),(1123,56,'first_name','Todd'),(1124,56,'last_name','Feitelson'),(1125,56,'billing_company',''),(1126,56,'billing_phone',''),(1127,56,'billing_address_1','131 Millbrook School Rd.'),(1128,56,'billing_address_2',''),(1129,56,'billing_country','US'),(1130,56,'billing_city','MILLBROOK'),(1131,56,'billing_state','NY'),(1132,56,'billing_postcode','12545'),(1133,56,'shipping_company',''),(1134,56,'shipping_address_1','131 Millbrook School Rd.'),(1135,56,'shipping_address_2',''),(1136,56,'shipping_country','US'),(1137,56,'shipping_city','MILLBROOK'),(1138,56,'shipping_state','NY'),(1139,56,'shipping_postcode','12545'),(1140,57,'first_name','Carl'),(1141,57,'last_name','A Horwitz'),(1142,57,'billing_company',''),(1143,57,'billing_phone',''),(1144,57,'billing_address_1','900 Adams st'),(1145,57,'billing_address_2',''),(1146,57,'billing_country','US'),(1147,57,'billing_city','Denver'),(1148,57,'billing_state','CO'),(1149,57,'billing_postcode','80206'),(1150,57,'shipping_company',''),(1151,57,'shipping_address_1','900 Adams st'),(1152,57,'shipping_address_2',''),(1153,57,'shipping_country','US'),(1154,57,'shipping_city','Denver'),(1155,57,'shipping_state','CO'),(1156,57,'shipping_postcode','80206'),(1157,58,'first_name','Bradstreet'),(1158,58,'last_name','Rand'),(1159,58,'billing_company',''),(1160,58,'billing_phone',''),(1161,58,'billing_address_1','96 Baldwin Court'),(1162,58,'billing_address_2',''),(1163,58,'billing_country','US'),(1164,58,'billing_city','Basking Ridge'),(1165,58,'billing_state','NJ'),(1166,58,'billing_postcode','07920'),(1167,58,'shipping_company',''),(1168,58,'shipping_address_1','96 Baldwin Court'),(1169,58,'shipping_address_2',''),(1170,58,'shipping_country','US'),(1171,58,'shipping_city','Basking Ridge'),(1172,58,'shipping_state','NJ'),(1173,58,'shipping_postcode','07920'),(1174,59,'first_name','Sangsan'),(1175,59,'last_name','Warakkagun'),(1176,59,'billing_company',''),(1177,59,'billing_phone','(860) 301-9785'),(1178,59,'billing_address_1','10 Strathmore Rd'),(1179,59,'billing_address_2','Unit B'),(1180,59,'billing_country','US'),(1181,59,'billing_city','Brookline'),(1182,59,'billing_state','MA'),(1183,59,'billing_postcode','02445'),(1184,59,'shipping_company',''),(1185,59,'shipping_address_1','10 Strathmore Rd'),(1186,59,'shipping_address_2','Unit B'),(1187,59,'shipping_country','US'),(1188,59,'shipping_city','Brookline'),(1189,59,'shipping_state','MA'),(1190,59,'shipping_postcode','02445'),(1191,60,'first_name','Ashley'),(1192,60,'last_name','Frye'),(1193,60,'billing_company',''),(1194,60,'billing_phone','5163185335'),(1195,60,'billing_address_1','1151 Falls Road'),(1196,60,'billing_address_2','#224'),(1197,60,'billing_country','US'),(1198,60,'billing_city','Rocky Mount'),(1199,60,'billing_state','NC'),(1200,60,'billing_postcode','27804'),(1201,60,'shipping_company',''),(1202,60,'shipping_address_1','1151 Falls Road'),(1203,60,'shipping_address_2','#224'),(1204,60,'shipping_country','US'),(1205,60,'shipping_city','Rocky Mount'),(1206,60,'shipping_state','NC'),(1207,60,'shipping_postcode','27804'),(1208,61,'first_name','Carrie'),(1209,61,'last_name','Tapp'),(1210,61,'billing_company',''),(1211,61,'billing_phone',''),(1212,61,'billing_address_1','Box 2858'),(1213,61,'billing_address_2',''),(1214,61,'billing_country','CA'),(1215,61,'billing_city','Virden'),(1216,61,'billing_state','MB'),(1217,61,'billing_postcode','R0M 2C0'),(1218,61,'shipping_company',''),(1219,61,'shipping_address_1','Box 2858'),(1220,61,'shipping_address_2',''),(1221,61,'shipping_country','CA'),(1222,61,'shipping_city','Virden'),(1223,61,'shipping_state','MB'),(1224,61,'shipping_postcode','R0M 2C0'),(1225,62,'first_name','Felipe'),(1226,62,'last_name','Cabezas'),(1227,62,'billing_company',''),(1228,62,'billing_phone',''),(1229,62,'billing_address_1','Calle de Embajadores 58'),(1230,62,'billing_address_2','Bajo 9'),(1231,62,'billing_country','ES'),(1232,62,'billing_city','Madrid'),(1233,62,'billing_state',''),(1234,62,'billing_postcode','28012'),(1235,62,'shipping_company',''),(1236,62,'shipping_address_1','Calle de Embajadores 58'),(1237,62,'shipping_address_2','Bajo 9'),(1238,62,'shipping_country','ES'),(1239,62,'shipping_city','Madrid'),(1240,62,'shipping_state',''),(1241,62,'shipping_postcode','28012'),(1242,63,'first_name','Lori'),(1243,63,'last_name','Ulriksen'),(1244,63,'billing_company',''),(1245,63,'billing_phone',''),(1246,63,'billing_address_1','Box 431'),(1247,63,'billing_address_2','243 Otter Street'),(1248,63,'billing_country','CA'),(1249,63,'billing_city','Air Ronge'),(1250,63,'billing_state','SK'),(1251,63,'billing_postcode','S0J 3G0'),(1252,63,'shipping_company',''),(1253,63,'shipping_address_1','Box 431'),(1254,63,'shipping_address_2','243 Otter Street'),(1255,63,'shipping_country','CA'),(1256,63,'shipping_city','Air Ronge'),(1257,63,'shipping_state','SK'),(1258,63,'shipping_postcode','S0J 3G0'),(1259,64,'first_name','Danielle'),(1260,64,'last_name','Mooney'),(1261,64,'billing_company',''),(1262,64,'billing_phone',''),(1263,64,'billing_address_1','1029 High St.'),(1264,64,'billing_address_2',''),(1265,64,'billing_country','US'),(1266,64,'billing_city','Bridgewater'),(1267,64,'billing_state','MA'),(1268,64,'billing_postcode','02324'),(1269,64,'shipping_company',''),(1270,64,'shipping_address_1','1029 High St.'),(1271,64,'shipping_address_2',''),(1272,64,'shipping_country','US'),(1273,64,'shipping_city','Bridgewater'),(1274,64,'shipping_state','MA'),(1275,64,'shipping_postcode','02324'),(1276,65,'first_name','Mari'),(1277,65,'last_name','Hoel'),(1278,65,'billing_company',''),(1279,65,'billing_phone','+4741669773'),(1280,65,'billing_address_1','Hjemmovegen 12'),(1281,65,'billing_address_2',''),(1282,65,'billing_country','NO'),(1283,65,'billing_city','JØMNA'),(1284,65,'billing_state',''),(1285,65,'billing_postcode','2416'),(1286,65,'shipping_company',''),(1287,65,'shipping_address_1','Hjemmovegen 12'),(1288,65,'shipping_address_2',''),(1289,65,'shipping_country','NO'),(1290,65,'shipping_city','JØMNA'),(1291,65,'shipping_state',''),(1292,65,'shipping_postcode','2416'),(1293,66,'first_name','Laurie'),(1294,66,'last_name','Boyce'),(1295,66,'billing_company',''),(1296,66,'billing_phone',''),(1297,66,'billing_address_1','1020 Quincy St NE'),(1298,66,'billing_address_2',''),(1299,66,'billing_country','US'),(1300,66,'billing_city','Albuquerque'),(1301,66,'billing_state','NM'),(1302,66,'billing_postcode','87110'),(1303,66,'shipping_company',''),(1304,66,'shipping_address_1','1020 Quincy St NE'),(1305,66,'shipping_address_2',''),(1306,66,'shipping_country','US'),(1307,66,'shipping_city','Albuquerque'),(1308,66,'shipping_state','NM'),(1309,66,'shipping_postcode','87110'),(1310,67,'first_name','Richard'),(1311,67,'last_name','Lew'),(1312,67,'billing_company',''),(1313,67,'billing_phone','5106843217'),(1314,67,'billing_address_1','5989 Monterey Ave'),(1315,67,'billing_address_2',''),(1316,67,'billing_country','US'),(1317,67,'billing_city','Richmond'),(1318,67,'billing_state','CA'),(1319,67,'billing_postcode','94805'),(1320,67,'shipping_company',''),(1321,67,'shipping_address_1','5989 Monterey Ave'),(1322,67,'shipping_address_2',''),(1323,67,'shipping_country','US'),(1324,67,'shipping_city','Richmond'),(1325,67,'shipping_state','CA'),(1326,67,'shipping_postcode','94805'),(1327,68,'first_name','Margaret'),(1328,68,'last_name','Rettele'),(1329,68,'billing_company',''),(1330,68,'billing_phone','7142345333'),(1331,68,'billing_address_1','30871 Paseo El Marmol'),(1332,68,'billing_address_2',''),(1333,68,'billing_country','US'),(1334,68,'billing_city','San Juan Capistrano'),(1335,68,'billing_state','CA'),(1336,68,'billing_postcode','92675'),(1337,68,'shipping_company',''),(1338,68,'shipping_address_1','30871 Paseo El Marmol'),(1339,68,'shipping_address_2',''),(1340,68,'shipping_country','US'),(1341,68,'shipping_city','San Juan Capistrano'),(1342,68,'shipping_state','CA'),(1343,68,'shipping_postcode','92675'),(1344,69,'first_name','Erica'),(1345,69,'last_name','Rapp'),(1346,69,'billing_company',''),(1347,69,'billing_phone',''),(1348,69,'billing_address_1','306 Trinacria Ct'),(1349,69,'billing_address_2',''),(1350,69,'billing_country','US'),(1351,69,'billing_city','Schenectady'),(1352,69,'billing_state','NY'),(1353,69,'billing_postcode','12303'),(1354,69,'shipping_company',''),(1355,69,'shipping_address_1','306 Trinacria Ct'),(1356,69,'shipping_address_2',''),(1357,69,'shipping_country','US'),(1358,69,'shipping_city','Schenectady'),(1359,69,'shipping_state','NY'),(1360,69,'shipping_postcode','12303'),(1361,70,'first_name','ADRIENNE'),(1362,70,'last_name','HESTENES'),(1363,70,'billing_company',''),(1364,70,'billing_phone',''),(1365,70,'billing_address_1','6 E PAPAGO DR'),(1366,70,'billing_address_2',''),(1367,70,'billing_country','US'),(1368,70,'billing_city','TEMPE'),(1369,70,'billing_state','AZ'),(1370,70,'billing_postcode','85281-1121'),(1371,70,'shipping_company',''),(1372,70,'shipping_address_1','6 E PAPAGO DR'),(1373,70,'shipping_address_2',''),(1374,70,'shipping_country','US'),(1375,70,'shipping_city','TEMPE'),(1376,70,'shipping_state','AZ'),(1377,70,'shipping_postcode','85281-1121'),(1378,71,'first_name','Lucas'),(1379,71,'last_name','Vergara'),(1380,71,'billing_company',''),(1381,71,'billing_phone','17086981879'),(1382,71,'billing_address_1','1122 S Harvey Ave.'),(1383,71,'billing_address_2',''),(1384,71,'billing_country','US'),(1385,71,'billing_city','Oak Park'),(1386,71,'billing_state','IL'),(1387,71,'billing_postcode','60304'),(1388,71,'shipping_company',''),(1389,71,'shipping_address_1','1122 S Harvey Ave.'),(1390,71,'shipping_address_2',''),(1391,71,'shipping_country','US'),(1392,71,'shipping_city','Oak Park'),(1393,71,'shipping_state','IL'),(1394,71,'shipping_postcode','60304'),(1395,72,'first_name','Emily'),(1396,72,'last_name','Pratt'),(1397,72,'billing_company',''),(1398,72,'billing_phone',''),(1399,72,'billing_address_1','7 Denise Place'),(1400,72,'billing_address_2','Hornsby'),(1401,72,'billing_country','AU'),(1402,72,'billing_city','Hornsby'),(1403,72,'billing_state','NSW'),(1404,72,'billing_postcode','2077'),(1405,72,'shipping_company',''),(1406,72,'shipping_address_1','7 Denise Place'),(1407,72,'shipping_address_2','Hornsby'),(1408,72,'shipping_country','AU'),(1409,72,'shipping_city','Hornsby'),(1410,72,'shipping_state','NSW'),(1411,72,'shipping_postcode','2077'),(1412,73,'first_name','Breedeen'),(1413,73,'last_name','Murray'),(1414,73,'billing_company',''),(1415,73,'billing_phone',''),(1416,73,'billing_address_1','1119 Noe St'),(1417,73,'billing_address_2',''),(1418,73,'billing_country','US'),(1419,73,'billing_city','San Francisco'),(1420,73,'billing_state','CA'),(1421,73,'billing_postcode','94114'),(1422,73,'shipping_company',''),(1423,73,'shipping_address_1','1119 Noe St'),(1424,73,'shipping_address_2',''),(1425,73,'shipping_country','US'),(1426,73,'shipping_city','San Francisco'),(1427,73,'shipping_state','CA'),(1428,73,'shipping_postcode','94114'),(1429,74,'first_name','Amy'),(1430,74,'last_name','Roediger'),(1431,74,'billing_company',''),(1432,74,'billing_phone',''),(1433,74,'billing_address_1','10375 Wilder Rd'),(1434,74,'billing_address_2',''),(1435,74,'billing_country','US'),(1436,74,'billing_city','Chardon'),(1437,74,'billing_state','OH'),(1438,74,'billing_postcode','44024'),(1439,74,'shipping_company',''),(1440,74,'shipping_address_1','10375 Wilder Rd'),(1441,74,'shipping_address_2',''),(1442,74,'shipping_country','US'),(1443,74,'shipping_city','Chardon'),(1444,74,'shipping_state','OH'),(1445,74,'shipping_postcode','44024'),(1446,75,'first_name','Cynthia'),(1447,75,'last_name','Reagan'),(1448,75,'billing_company',''),(1449,75,'billing_phone','4402891195'),(1450,75,'billing_address_1','255 Bell Street'),(1451,75,'billing_address_2',''),(1452,75,'billing_country','US'),(1453,75,'billing_city','Chagrin Falls'),(1454,75,'billing_state','OH'),(1455,75,'billing_postcode','44022'),(1456,75,'shipping_company',''),(1457,75,'shipping_address_1','255 Bell Street'),(1458,75,'shipping_address_2',''),(1459,75,'shipping_country','US'),(1460,75,'shipping_city','Chagrin Falls'),(1461,75,'shipping_state','OH'),(1462,75,'shipping_postcode','44022'),(1463,76,'first_name','Laura'),(1464,76,'last_name','Hawkins'),(1465,76,'billing_company',''),(1466,76,'billing_phone',''),(1467,76,'billing_address_1','2976 21st Street'),(1468,76,'billing_address_2',''),(1469,76,'billing_country','US'),(1470,76,'billing_city','San Francisco'),(1471,76,'billing_state','CA'),(1472,76,'billing_postcode','94110'),(1473,76,'shipping_company',''),(1474,76,'shipping_address_1','2976 21st Street'),(1475,76,'shipping_address_2',''),(1476,76,'shipping_country','US'),(1477,76,'shipping_city','San Francisco'),(1478,76,'shipping_state','CA'),(1479,76,'shipping_postcode','94110'),(1480,77,'first_name','Julie'),(1481,77,'last_name','Wright'),(1482,77,'billing_company',''),(1483,77,'billing_phone',''),(1484,77,'billing_address_1','7107 SE 17th Ave'),(1485,77,'billing_address_2',''),(1486,77,'billing_country','US'),(1487,77,'billing_city','Portland'),(1488,77,'billing_state','OR'),(1489,77,'billing_postcode','97202'),(1490,77,'shipping_company',''),(1491,77,'shipping_address_1','7107 SE 17th Ave'),(1492,77,'shipping_address_2',''),(1493,77,'shipping_country','US'),(1494,77,'shipping_city','Portland'),(1495,77,'shipping_state','OR'),(1496,77,'shipping_postcode','97202'),(1497,78,'first_name','Jennifer'),(1498,78,'last_name','Love'),(1499,78,'billing_company',''),(1500,78,'billing_phone',''),(1501,78,'billing_address_1','4017 Bluebell Dr'),(1502,78,'billing_address_2',''),(1503,78,'billing_country','US'),(1504,78,'billing_city','Bloomington'),(1505,78,'billing_state','IL'),(1506,78,'billing_postcode','61705'),(1507,78,'shipping_company',''),(1508,78,'shipping_address_1','4017 Bluebell Dr'),(1509,78,'shipping_address_2',''),(1510,78,'shipping_country','US'),(1511,78,'shipping_city','Bloomington'),(1512,78,'shipping_state','IL'),(1513,78,'shipping_postcode','61705'),(1514,79,'first_name','Emily'),(1515,79,'last_name','Dennett'),(1516,79,'billing_company',''),(1517,79,'billing_phone',''),(1518,79,'billing_address_1','516 Uxbridge Avenue'),(1519,79,'billing_address_2',''),(1520,79,'billing_country','US'),(1521,79,'billing_city','Gahanna'),(1522,79,'billing_state','OH'),(1523,79,'billing_postcode','43230'),(1524,79,'shipping_company',''),(1525,79,'shipping_address_1','516 Uxbridge Avenue'),(1526,79,'shipping_address_2',''),(1527,79,'shipping_country','US'),(1528,79,'shipping_city','Gahanna'),(1529,79,'shipping_state','OH'),(1530,79,'shipping_postcode','43230'),(1531,80,'first_name','Karlene'),(1532,80,'last_name','L. Steelman'),(1533,80,'billing_company',''),(1534,80,'billing_phone',''),(1535,80,'billing_address_1','121 Eileen Ct'),(1536,80,'billing_address_2',''),(1537,80,'billing_country','US'),(1538,80,'billing_city','Moraga'),(1539,80,'billing_state','CA'),(1540,80,'billing_postcode','94556-2613'),(1541,80,'shipping_company',''),(1542,80,'shipping_address_1','121 Eileen Ct'),(1543,80,'shipping_address_2',''),(1544,80,'shipping_country','US'),(1545,80,'shipping_city','Moraga'),(1546,80,'shipping_state','CA'),(1547,80,'shipping_postcode','94556-2613'),(1548,81,'first_name','Zachary'),(1549,81,'last_name','Miller'),(1550,81,'billing_company',''),(1551,81,'billing_phone','4159395632'),(1552,81,'billing_address_1','1241 Masonic Ave'),(1553,81,'billing_address_2',''),(1554,81,'billing_country','US'),(1555,81,'billing_city','San Francisco'),(1556,81,'billing_state','CA'),(1557,81,'billing_postcode','94117'),(1558,81,'shipping_company',''),(1559,81,'shipping_address_1','1241 Masonic Ave'),(1560,81,'shipping_address_2',''),(1561,81,'shipping_country','US'),(1562,81,'shipping_city','San Francisco'),(1563,81,'shipping_state','CA'),(1564,81,'shipping_postcode','94117'),(1565,82,'first_name','Renate'),(1566,82,'last_name','Kurpjuweit'),(1567,82,'billing_company',''),(1568,82,'billing_phone',''),(1569,82,'billing_address_1','119 Sage Close'),(1570,82,'billing_address_2',''),(1571,82,'billing_country','CA'),(1572,82,'billing_city','Medicine Hat'),(1573,82,'billing_state','AB'),(1574,82,'billing_postcode','T1B 4H7'),(1575,82,'shipping_company',''),(1576,82,'shipping_address_1','119 Sage Close'),(1577,82,'shipping_address_2',''),(1578,82,'shipping_country','CA'),(1579,82,'shipping_city','Medicine Hat'),(1580,82,'shipping_state','AB'),(1581,82,'shipping_postcode','T1B 4H7'),(1582,83,'first_name','Rebecca'),(1583,83,'last_name','Zacharda'),(1584,83,'billing_company',''),(1585,83,'billing_phone',''),(1586,83,'billing_address_1','35 Empire Lane'),(1587,83,'billing_address_2',''),(1588,83,'billing_country','US'),(1589,83,'billing_city','Aspers'),(1590,83,'billing_state','PA'),(1591,83,'billing_postcode','17304'),(1592,83,'shipping_company',''),(1593,83,'shipping_address_1','35 Empire Lane'),(1594,83,'shipping_address_2',''),(1595,83,'shipping_country','US'),(1596,83,'shipping_city','Aspers'),(1597,83,'shipping_state','PA'),(1598,83,'shipping_postcode','17304'),(1599,84,'first_name','Maureen'),(1600,84,'last_name','Tumenas'),(1601,84,'billing_company',''),(1602,84,'billing_phone',''),(1603,84,'billing_address_1','523 Berkshire Trail'),(1604,84,'billing_address_2','PO Box 102'),(1605,84,'billing_country','US'),(1606,84,'billing_city','Cummington'),(1607,84,'billing_state','MA'),(1608,84,'billing_postcode','01026'),(1609,84,'shipping_company',''),(1610,84,'shipping_address_1','523 Berkshire Trail'),(1611,84,'shipping_address_2','PO Box 102'),(1612,84,'shipping_country','US'),(1613,84,'shipping_city','Cummington'),(1614,84,'shipping_state','MA'),(1615,84,'shipping_postcode','01026'),(1616,85,'first_name','Amy'),(1617,85,'last_name','Henderson'),(1618,85,'billing_company',''),(1619,85,'billing_phone',''),(1620,85,'billing_address_1','550 Ott Street'),(1621,85,'billing_address_2',''),(1622,85,'billing_country','US'),(1623,85,'billing_city','Harrisonburg'),(1624,85,'billing_state','VA'),(1625,85,'billing_postcode','22801-3219'),(1626,85,'shipping_company',''),(1627,85,'shipping_address_1','550 Ott Street'),(1628,85,'shipping_address_2',''),(1629,85,'shipping_country','US'),(1630,85,'shipping_city','Harrisonburg'),(1631,85,'shipping_state','VA'),(1632,85,'shipping_postcode','22801-3219'),(1633,86,'first_name','Sam'),(1634,86,'last_name','Kallman'),(1635,86,'billing_company',''),(1636,86,'billing_phone','6782948184'),(1637,86,'billing_address_1','1313 Shepherd St NW'),(1638,86,'billing_address_2','Apt 1'),(1639,86,'billing_country','US'),(1640,86,'billing_city','Washington'),(1641,86,'billing_state','DC'),(1642,86,'billing_postcode','20011'),(1643,86,'shipping_company',''),(1644,86,'shipping_address_1','1313 Shepherd St NW'),(1645,86,'shipping_address_2','Apt 1'),(1646,86,'shipping_country','US'),(1647,86,'shipping_city','Washington'),(1648,86,'shipping_state','DC'),(1649,86,'shipping_postcode','20011'),(1650,87,'first_name','Jamie'),(1651,87,'last_name','Rykse'),(1652,87,'billing_company',''),(1653,87,'billing_phone','248.535.6005'),(1654,87,'billing_address_1','5708 Kingfisher Lane'),(1655,87,'billing_address_2',''),(1656,87,'billing_country','US'),(1657,87,'billing_city','Clarkston'),(1658,87,'billing_state','MI'),(1659,87,'billing_postcode','48346'),(1660,87,'shipping_company',''),(1661,87,'shipping_address_1','5708 Kingfisher Lane'),(1662,87,'shipping_address_2',''),(1663,87,'shipping_country','US'),(1664,87,'shipping_city','Clarkston'),(1665,87,'shipping_state','MI'),(1666,87,'shipping_postcode','48346'),(1667,88,'first_name','Maximilian'),(1668,88,'last_name','Hell'),(1669,88,'billing_company',''),(1670,88,'billing_phone','+491773128622'),(1671,88,'billing_address_1','Sportplatzstr. 14'),(1672,88,'billing_address_2',''),(1673,88,'billing_country','DE'),(1674,88,'billing_city','Unterschleissheim'),(1675,88,'billing_state',''),(1676,88,'billing_postcode','85716'),(1677,88,'shipping_company',''),(1678,88,'shipping_address_1','Sportplatzstr. 14'),(1679,88,'shipping_address_2',''),(1680,88,'shipping_country','DE'),(1681,88,'shipping_city','Unterschleissheim'),(1682,88,'shipping_state',''),(1683,88,'shipping_postcode','85716'),(1684,89,'first_name','Kerry'),(1685,89,'last_name','Dunton'),(1686,89,'billing_company',''),(1687,89,'billing_phone',''),(1688,89,'billing_address_1','9a Style Loke, Barford'),(1689,89,'billing_address_2',''),(1690,89,'billing_country','GB'),(1691,89,'billing_city','Norwich'),(1692,89,'billing_state','N/A'),(1693,89,'billing_postcode','NR9 4BE'),(1694,89,'shipping_company',''),(1695,89,'shipping_address_1','9a Style Loke, Barford'),(1696,89,'shipping_address_2',''),(1697,89,'shipping_country','GB'),(1698,89,'shipping_city','Norwich'),(1699,89,'shipping_state','N/A'),(1700,89,'shipping_postcode','NR9 4BE'),(1701,90,'first_name','Nelleke'),(1702,90,'last_name','den Braber'),(1703,90,'billing_company',''),(1704,90,'billing_phone',''),(1705,90,'billing_address_1','heymanslaan 41'),(1706,90,'billing_address_2',''),(1707,90,'billing_country','NL'),(1708,90,'billing_city','groningen'),(1709,90,'billing_state',''),(1710,90,'billing_postcode','9714 GH'),(1711,90,'shipping_company',''),(1712,90,'shipping_address_1','heymanslaan 41'),(1713,90,'shipping_address_2',''),(1714,90,'shipping_country','NL'),(1715,90,'shipping_city','groningen'),(1716,90,'shipping_state',''),(1717,90,'shipping_postcode','9714 GH'),(1718,91,'first_name','D.L.'),(1719,91,'last_name','de Haan'),(1720,91,'billing_company',''),(1721,91,'billing_phone',''),(1722,91,'billing_address_1','Reidlanswei 40'),(1723,91,'billing_address_2',''),(1724,91,'billing_country','NL'),(1725,91,'billing_city','Hurdegaryp'),(1726,91,'billing_state','N/A'),(1727,91,'billing_postcode','9254 JH'),(1728,91,'shipping_company',''),(1729,91,'shipping_address_1','Reidlanswei 40'),(1730,91,'shipping_address_2',''),(1731,91,'shipping_country','NL'),(1732,91,'shipping_city','Hurdegaryp'),(1733,91,'shipping_state','N/A'),(1734,91,'shipping_postcode','9254 JH');

--
-- Table structure for table `wp_daztp5_shopmagic_optin_email`
--

CREATE TABLE `wp_daztp5_shopmagic_optin_email` (
  `id` int(11) NOT NULL AUTO_INCREMENT,
  `email` varchar(255) COLLATE utf8mb4_unicode_520_ci NOT NULL,
  `communication_type` int(11) NOT NULL,
  `created` datetime NOT NULL,
  `subscribe` tinyint(1) NOT NULL,
  `active` tinyint(1) NOT NULL DEFAULT '1',
  PRIMARY KEY (`id`)
) ENGINE=InnoDB DEFAULT CHARSET=utf8mb4 COLLATE=utf8mb4_unicode_520_ci;

--
-- Dumping data for table `wp_daztp5_shopmagic_optin_email`
--


--
-- Table structure for table `wp_daztp5_term_relationships`
--

CREATE TABLE `wp_daztp5_term_relationships` (
  `object_id` bigint(20) unsigned NOT NULL DEFAULT '0',
  `term_taxonomy_id` bigint(20) unsigned NOT NULL DEFAULT '0',
  `term_order` int(11) NOT NULL DEFAULT '0',
  PRIMARY KEY (`object_id`,`term_taxonomy_id`),
  KEY `term_taxonomy_id` (`term_taxonomy_id`)
) ENGINE=InnoDB DEFAULT CHARSET=utf8mb4 COLLATE=utf8mb4_unicode_520_ci;

--
-- Dumping data for table `wp_daztp5_term_relationships`
--

INSERT INTO `wp_daztp5_term_relationships` VALUES (1,18,0),(1,19,0),(1,20,0),(2,18,0),(3,18,0),(6,18,0),(6,28,0),(7,18,0),(7,25,0),(8,18,0),(8,26,0),(9,18,0),(9,27,0),(23,20,0),(23,22,0),(47,19,0),(47,48,0),(49,19,0),(49,50,0),(51,19,0),(51,52,0),(53,19,0),(53,54,0),(202,18,0),(203,18,0),(205,18,0),(208,18,0),(215,18,0),(217,18,0),(241,18,0),(250,18,0),(252,18,0),(254,18,0),(256,18,0),(257,18,0),(258,18,0),(258,47,0),(259,18,0),(259,47,0),(260,18,0),(260,47,0),(288,18,0),(300,18,0),(364,18,0),(390,21,0),(390,25,0),(391,21,0),(391,26,0),(392,21,0),(392,27,0),(393,21,0),(393,28,0),(395,18,0),(396,29,0),(398,29,0),(399,29,0),(400,29,0),(409,18,0),(413,18,0),(414,18,0),(415,18,0),(429,2,0),(429,15,0),(429,18,0),(429,35,0),(429,58,0),(430,18,0),(431,18,0),(432,18,0),(433,18,0),(434,18,0),(435,18,0),(436,18,0),(437,18,0),(438,18,0),(439,18,0),(441,2,0),(441,15,0),(441,18,0),(441,34,0),(441,58,0),(443,2,0),(443,15,0),(443,18,0),(443,33,0),(443,58,0),(446,2,0),(446,15,0),(446,18,0),(446,32,0),(446,58,0),(448,2,0),(448,15,0),(448,18,0),(448,31,0),(448,58,0),(450,2,0),(450,15,0),(450,21,0),(450,31,0),(451,2,0),(451,15,0),(451,21,0),(451,32,0),(453,2,0),(453,15,0),(453,21,0),(453,33,0),(454,2,0),(454,15,0),(454,21,0),(454,34,0),(455,2,0),(455,15,0),(455,21,0),(455,35,0),(462,18,0),(964,4,0),(964,14,0),(964,15,0),(964,18,0),(964,60,0),(964,67,0),(964,68,0),(965,18,0),(966,2,0),(966,14,0),(966,15,0),(966,21,0),(966,36,0),(978,18,0),(980,18,0),(1004,18,0),(1006,18,0),(1007,18,0),(1044,21,0),(1054,18,0),(1055,2,0),(1055,15,0),(1055,18,0),(1055,37,0),(1055,60,0),(1056,18,0),(1057,18,0),(1058,2,0),(1058,15,0),(1058,21,0),(1058,37,0),(1274,18,0),(1278,21,0),(1304,18,0),(1305,18,0),(1415,18,0),(2025,21,0),(2279,2,0),(2279,15,0),(2279,18,0),(2279,38,0),(2279,61,0),(2280,18,0),(2281,18,0),(2282,18,0),(2283,18,0),(2284,18,0),(2285,18,0),(2286,18,0),(2287,18,0),(2288,18,0),(2289,2,0),(2289,15,0),(2289,21,0),(2289,38,0),(2290,2,0),(2290,15,0),(2290,18,0),(2290,39,0),(2290,61,0),(2291,2,0),(2291,15,0),(2291,21,0),(2291,39,0),(2292,2,0),(2292,15,0),(2292,18,0),(2292,40,0),(2292,61,0),(2293,2,0),(2293,15,0),(2293,21,0),(2293,40,0),(2294,21,0),(2300,21,0),(2301,21,0),(2302,21,0),(2309,18,0),(2310,21,0),(2523,18,0),(2524,18,0),(2562,2,0),(2562,15,0),(2562,18,0),(2562,41,0),(2562,59,0),(2563,18,0),(2564,18,0),(2565,18,0),(2566,18,0),(2567,18,0),(2568,18,0),(2569,18,0),(2570,18,0),(2571,2,0),(2571,15,0),(2571,21,0),(2571,41,0),(2572,2,0),(2572,15,0),(2572,18,0),(2572,42,0),(2572,59,0),(2573,2,0),(2573,15,0),(2573,21,0),(2573,42,0),(2574,2,0),(2574,15,0),(2574,18,0),(2574,43,0),(2574,59,0),(2575,2,0),(2575,15,0),(2575,21,0),(2575,43,0),(2576,2,0),(2576,15,0),(2576,18,0),(2576,44,0),(2576,59,0),(2579,2,0),(2579,15,0),(2579,21,0),(2579,44,0),(2614,2,0),(2614,15,0),(2614,18,0),(2614,45,0),(2614,60,0),(2615,18,0),(2616,18,0),(2617,4,0),(2617,15,0),(2617,21,0),(2617,45,0),(2617,70,0),(2617,71,0),(2636,18,0),(2644,18,0),(2681,21,0),(2829,18,0),(2830,18,0),(2832,18,0),(2833,18,0),(2834,18,0),(2884,18,0),(2885,18,0),(2886,18,0),(3020,21,0),(3220,18,0),(5152,21,0),(5154,21,0),(5858,18,0),(6101,21,0),(8747,18,0),(8853,21,0),(9050,21,0),(9471,21,0),(9513,21,0),(9514,21,0),(9516,18,0),(9517,18,0),(9518,18,0),(9519,18,0),(9520,18,0),(9521,21,0),(9523,18,0),(9524,18,0),(9525,18,0),(9526,18,0),(9527,21,0),(9528,18,0),(9534,18,0),(9535,18,0),(9536,18,0),(9537,21,0),(9538,18,0),(9539,18,0),(9540,18,0),(9541,18,0),(9542,21,0),(9543,18,0),(9545,21,0),(9546,18,0),(9547,18,0),(9548,18,0),(9549,18,0),(9550,18,0),(9551,18,0),(9552,18,0),(9553,18,0),(9554,18,0),(9555,18,0),(9556,18,0),(9557,18,0),(9558,18,0),(9559,18,0),(9560,18,0),(9561,18,0),(9562,18,0),(9563,18,0),(9564,18,0),(9565,18,0),(9566,18,0),(9567,18,0),(9568,18,0),(9569,18,0),(9570,18,0),(9572,21,0),(9573,18,0),(9574,18,0),(9575,18,0),(9576,18,0),(9577,18,0),(9578,18,0),(9579,18,0),(9580,18,0),(9581,18,0),(9582,18,0),(9583,18,0),(9584,18,0),(9585,18,0),(9586,18,0),(9587,18,0),(9588,18,0),(9589,18,0),(9590,18,0),(9591,18,0),(9592,18,0),(9593,18,0),(9594,18,0),(9599,18,0),(9600,18,0),(9601,18,0),(9602,18,0),(9603,18,0),(9604,18,0),(9605,18,0),(9606,18,0),(9610,18,0),(9611,18,0),(9612,18,0),(9613,18,0),(9614,18,0),(9615,21,0),(9616,18,0),(9617,18,0),(9618,18,0),(9619,18,0),(9620,18,0),(9621,18,0),(9622,18,0),(9623,18,0),(9624,18,0),(9625,18,0),(9626,18,0),(9627,18,0),(9628,18,0),(9629,18,0),(9630,18,0),(9631,18,0),(9632,18,0),(9633,21,0),(9634,18,0),(9635,18,0),(9636,18,0),(9637,18,0),(9638,18,0),(9639,18,0),(9640,18,0),(9641,18,0),(9642,18,0),(9643,18,0),(9644,18,0),(9645,18,0),(9646,18,0),(9647,18,0),(9648,18,0),(9649,18,0),(9650,18,0),(9651,18,0),(9652,18,0),(9653,18,0),(9654,18,0),(9655,18,0),(9656,18,0),(9657,18,0),(9658,21,0),(9659,18,0),(9660,18,0),(9661,21,0),(9662,18,0),(9663,18,0),(9664,18,0),(9665,18,0),(9666,18,0),(9668,18,0),(9669,18,0),(9670,18,0),(9671,18,0),(9672,18,0),(9673,18,0),(9674,21,0),(9675,18,0),(9676,18,0),(9677,18,0),(9678,18,0),(9679,18,0),(9680,18,0),(9681,18,0),(9682,18,0),(9683,18,0),(9684,18,0),(9685,18,0),(9686,18,0),(9687,18,0),(9688,18,0),(9689,18,0),(9691,18,0),(9692,18,0),(9693,18,0),(9694,18,0),(9695,18,0),(9696,18,0),(9697,18,0),(9698,18,0),(9699,18,0),(9700,18,0),(9701,18,0),(9702,18,0),(9703,18,0),(9704,18,0),(9705,18,0),(9706,18,0),(9708,18,0),(9709,18,0),(9710,18,0),(9711,18,0),(9712,18,0),(9713,18,0),(9715,18,0),(9717,18,0),(9718,18,0),(9722,18,0),(9723,18,0),(9724,18,0),(9725,18,0),(9726,18,0),(9727,18,0),(9728,18,0),(9729,18,0),(9731,18,0),(9732,18,0),(9733,18,0),(9734,18,0),(9736,18,0),(9737,18,0),(9738,18,0),(9739,18,0),(9740,18,0),(9741,18,0),(9742,18,0),(9744,18,0),(9745,18,0),(9746,21,0),(9748,18,0),(9749,18,0),(9750,18,0),(9751,18,0),(9752,18,0),(9753,18,0),(9754,18,0),(9755,18,0),(9756,18,0),(9757,18,0),(9758,18,0),(9759,18,0),(9760,18,0),(9761,18,0),(9762,18,0),(9763,18,0),(9764,21,0),(9766,21,0),(9767,21,0),(9768,21,0),(9769,21,0),(9770,21,0),(9771,21,0),(9772,18,0),(9773,18,0),(9774,21,0),(9775,18,0),(9776,18,0),(9777,18,0),(9778,21,0),(9779,18,0),(9780,18,0),(9782,21,0),(9783,18,0),(9784,18,0),(9785,18,0),(9786,18,0),(9787,18,0),(9788,18,0),(9791,18,0),(9795,18,0),(9796,18,0),(9797,18,0),(9798,18,0),(9799,18,0),(9800,18,0),(9801,18,0),(9802,18,0),(9803,18,0),(9804,18,0),(9805,18,0),(9806,18,0),(9807,18,0),(9808,18,0),(9809,18,0),(9810,18,0),(9812,18,0),(9813,18,0),(9814,18,0),(9815,18,0),(9817,18,0),(9818,18,0),(9819,18,0),(9821,18,0),(9822,18,0),(9823,18,0),(9824,18,0),(9825,18,0),(9826,18,0),(9827,18,0),(9828,18,0),(9829,18,0),(9830,18,0),(9831,18,0),(9832,18,0),(9833,18,0),(9834,18,0),(9835,18,0),(9837,18,0),(9838,18,0),(9839,18,0),(9840,18,0),(9841,18,0),(9842,18,0),(9843,18,0),(9844,21,0),(9845,18,0),(9847,18,0),(9848,18,0),(9849,18,0),(9850,18,0),(9851,18,0),(9853,18,0),(9854,18,0),(9855,18,0),(9856,18,0),(9857,18,0),(9858,18,0),(9859,18,0),(9860,18,0),(9861,18,0),(9862,18,0),(9863,18,0),(9864,18,0),(9865,18,0),(9866,18,0),(9867,18,0),(9868,18,0),(9869,18,0),(9870,18,0),(9871,18,0),(9872,18,0),(9873,18,0),(9874,18,0),(9875,18,0),(9876,18,0),(9877,18,0),(9878,18,0),(9879,18,0),(9880,18,0),(9881,18,0),(9882,18,0),(9883,18,0),(9884,18,0),(9885,18,0),(9886,18,0),(9888,18,0),(9889,18,0),(9890,18,0),(9891,18,0),(9892,18,0),(9893,18,0),(9894,18,0),(9895,18,0),(9896,18,0),(9897,18,0),(9898,18,0),(9899,18,0),(9900,18,0),(9901,18,0),(9902,18,0),(9903,18,0),(9904,18,0),(9905,18,0),(9906,18,0),(9907,18,0),(9908,18,0),(9909,18,0),(9910,18,0),(9911,18,0),(9912,18,0),(9913,18,0),(9914,21,0),(9915,18,0),(9916,18,0),(9918,18,0),(9919,18,0),(9920,18,0),(9921,18,0),(9922,18,0),(9923,18,0),(9924,18,0),(9925,18,0),(9926,18,0),(9927,18,0),(9928,18,0),(9929,18,0),(9930,18,0),(9931,18,0),(9932,18,0),(9933,18,0),(9934,18,0),(9935,18,0),(9936,18,0),(9937,18,0),(9938,18,0),(9939,18,0),(9940,18,0),(9941,18,0),(9942,18,0),(9943,18,0),(9944,18,0),(9945,18,0),(9946,18,0),(9947,18,0),(9948,18,0),(9949,18,0),(9950,18,0),(9951,18,0),(9952,18,0),(9953,18,0),(9954,18,0),(9955,18,0),(9956,18,0),(9957,18,0),(9958,18,0),(9959,18,0),(9960,18,0),(9961,18,0),(9962,18,0),(9963,18,0),(9964,18,0),(9965,18,0),(9966,18,0),(9967,18,0),(9968,18,0),(9969,18,0),(9970,18,0),(9971,18,0),(9972,18,0),(9973,18,0),(9974,18,0),(9975,18,0),(9976,18,0),(9977,18,0),(9978,18,0),(9979,18,0),(9980,18,0),(9981,18,0),(9982,18,0),(9983,18,0),(9984,18,0),(9985,18,0),(9986,18,0),(9987,18,0),(9988,18,0),(9989,18,0),(9990,18,0),(9991,18,0),(9992,18,0),(9993,18,0),(9994,18,0),(9995,18,0),(9996,18,0),(9997,18,0),(9998,18,0),(9999,18,0),(10000,18,0),(10001,18,0),(10002,18,0),(10003,18,0),(10004,18,0),(10005,18,0),(10006,18,0),(10007,18,0),(10008,18,0),(10009,18,0),(10010,18,0),(10011,18,0),(10012,18,0),(10013,18,0),(10014,18,0),(10015,18,0),(10016,18,0),(10017,18,0),(10018,18,0),(10019,18,0),(10020,18,0),(10021,18,0),(10022,18,0),(10023,18,0),(10024,18,0),(10025,18,0),(10026,18,0),(10027,18,0),(10028,18,0),(10029,18,0),(10030,18,0),(10031,18,0),(10032,18,0),(10033,18,0),(10034,18,0),(10035,18,0),(10036,18,0),(10037,18,0),(10038,18,0),(10039,18,0),(10040,18,0),(10041,18,0),(10042,18,0),(10043,18,0),(10044,18,0),(10045,18,0),(10046,18,0),(10047,18,0),(10048,18,0),(10049,18,0),(10050,18,0),(10051,18,0),(10052,18,0),(10053,18,0),(10054,18,0),(10055,18,0),(10056,18,0),(10057,18,0),(10058,18,0),(10059,18,0),(10060,18,0),(10061,18,0),(10062,18,0),(10063,18,0),(10064,18,0),(10065,18,0),(10066,18,0),(10067,18,0),(10068,18,0),(10069,18,0),(10070,18,0),(10071,18,0),(10072,18,0),(10073,18,0),(10074,18,0),(10075,18,0),(10076,18,0),(10077,18,0),(10078,18,0),(10079,18,0),(10080,18,0),(10081,18,0),(10082,18,0),(10083,18,0),(10084,18,0),(10085,18,0),(10086,18,0),(10087,18,0),(10088,18,0),(10089,18,0),(10090,18,0),(10091,18,0),(10092,18,0),(10093,18,0),(10094,18,0),(10095,18,0),(10096,18,0),(10097,18,0),(10098,18,0),(10099,18,0),(10100,18,0),(10101,18,0),(10102,18,0),(10103,18,0),(10104,18,0),(10105,18,0),(10106,18,0),(10107,18,0),(10108,18,0),(10109,18,0),(10110,18,0),(10111,18,0),(10112,18,0),(10113,18,0),(10114,18,0),(10117,18,0),(10118,18,0),(10119,18,0),(10120,18,0),(10121,18,0),(10122,18,0),(10123,18,0),(10124,18,0),(10125,18,0),(10126,18,0),(10127,18,0),(10128,18,0),(10129,18,0),(10130,18,0),(10131,18,0),(10132,18,0),(10133,18,0),(10134,18,0),(10135,18,0),(10136,18,0),(10137,18,0),(10138,18,0),(10139,18,0),(10140,18,0),(10141,18,0),(10142,18,0),(10143,18,0),(10144,18,0),(10145,18,0),(10146,18,0),(10147,18,0),(10148,18,0),(10149,18,0),(10150,18,0),(10151,18,0),(10152,18,0),(10153,18,0),(10154,18,0),(10155,18,0),(10156,18,0),(10157,18,0),(10158,18,0),(10159,18,0),(10160,18,0),(10161,18,0),(10162,18,0),(10163,18,0),(10164,18,0),(10165,18,0),(10166,18,0),(10167,18,0),(10168,18,0),(10169,18,0),(10170,18,0),(10171,18,0),(10172,18,0),(10173,18,0),(10174,18,0),(10175,18,0),(10176,18,0),(10177,18,0),(10178,18,0),(10179,18,0),(10180,18,0),(10181,18,0),(10182,18,0),(10183,18,0),(10184,18,0),(10185,18,0),(10186,18,0),(10187,18,0),(10188,18,0),(10189,18,0),(10190,18,0),(10191,18,0),(10192,21,0),(10193,18,0),(10194,18,0),(10195,18,0),(10196,18,0),(10197,18,0),(10198,18,0),(10199,18,0),(10200,18,0),(10201,18,0),(10202,18,0),(10203,18,0),(10204,18,0),(10205,18,0),(10206,18,0),(10207,18,0),(10208,18,0),(10209,18,0),(10210,18,0),(10211,18,0),(10212,18,0),(10213,18,0),(10214,18,0),(10215,18,0),(10216,18,0),(10217,18,0),(10218,18,0),(10219,18,0),(10220,18,0),(10221,18,0),(10222,18,0),(10223,18,0),(10224,18,0),(10225,18,0),(10226,18,0),(10227,18,0),(10228,18,0),(10229,18,0),(10230,18,0),(10231,18,0),(10232,18,0),(10233,18,0),(10234,18,0),(10235,18,0),(10236,18,0),(10237,18,0),(10238,18,0),(10239,18,0),(10240,18,0),(10241,18,0),(10242,18,0),(10243,18,0),(10244,18,0),(10245,18,0),(10246,18,0),(10247,18,0),(10248,18,0),(10249,18,0),(10250,18,0),(10251,18,0),(10252,18,0),(10253,18,0),(10254,18,0),(10255,18,0),(10256,18,0),(10257,18,0),(10258,18,0),(10259,18,0),(10260,18,0),(10261,18,0),(10262,18,0),(10263,18,0),(10264,18,0),(10265,18,0),(10266,18,0),(10267,18,0),(10268,18,0),(10269,18,0),(10270,18,0),(10271,18,0),(10272,18,0),(10273,18,0),(10274,18,0),(10275,18,0),(10276,18,0),(10277,18,0),(10278,18,0),(10279,18,0),(10280,18,0),(10281,18,0),(10282,18,0),(10283,18,0),(10284,18,0),(10285,18,0),(10286,18,0),(10287,18,0),(10288,18,0),(10289,18,0),(10290,18,0),(10291,18,0),(10292,18,0),(10293,18,0),(10294,18,0),(10295,18,0),(10296,18,0),(10297,18,0),(10298,18,0),(10299,18,0),(10300,18,0),(10301,18,0),(10302,18,0),(10303,18,0),(10304,18,0),(10305,18,0),(10306,18,0),(10307,18,0),(10308,18,0),(10309,18,0),(10310,18,0),(10311,18,0),(10312,18,0),(10313,18,0),(10314,18,0),(10315,18,0),(10316,18,0),(10317,18,0),(10318,18,0),(10319,18,0),(10320,18,0),(10321,18,0),(10322,18,0),(10323,18,0),(10324,18,0),(10325,18,0),(10326,18,0),(10327,18,0),(10328,18,0),(10329,18,0),(10330,18,0),(10331,18,0),(10332,18,0),(10333,18,0),(10334,18,0),(10335,18,0),(10336,18,0),(10337,18,0),(10338,18,0),(10339,18,0),(10340,18,0),(10341,18,0),(10342,18,0),(10343,18,0),(10344,18,0),(10345,18,0),(10346,18,0),(10347,18,0),(10348,18,0),(10349,18,0),(10350,18,0),(10351,18,0),(10352,18,0),(10353,18,0),(10354,18,0),(10355,18,0),(10356,18,0),(10357,18,0),(10358,18,0),(10359,18,0),(10360,18,0),(10361,18,0),(10362,18,0),(10363,18,0),(10364,18,0),(10365,18,0),(10366,18,0),(10367,18,0),(10368,18,0),(10369,18,0),(10370,18,0),(10371,18,0),(10372,18,0),(10373,18,0),(10374,18,0),(10375,18,0),(10376,18,0),(10377,18,0),(10378,18,0),(10379,18,0),(10380,18,0),(10381,18,0),(10382,18,0),(10383,18,0),(10384,18,0),(10385,18,0),(10386,18,0),(10387,18,0),(10388,18,0),(10389,18,0),(10390,18,0),(10391,18,0),(10392,18,0),(10393,18,0),(10394,18,0),(10395,18,0),(10396,18,0),(10397,18,0),(10398,18,0),(10399,18,0),(10400,21,0),(10401,18,0),(10402,18,0),(10403,18,0),(10404,18,0),(10405,18,0),(10406,18,0),(10407,18,0),(10408,18,0),(10409,18,0),(10410,18,0),(10411,18,0),(10412,18,0),(10413,18,0),(10414,18,0),(10415,18,0),(10416,18,0),(10417,18,0),(10418,18,0),(10419,18,0),(10420,18,0),(10421,18,0),(10422,18,0),(10423,18,0),(10424,18,0),(10425,18,0),(10426,18,0),(10427,18,0),(10428,18,0),(10429,18,0),(10430,18,0),(10431,18,0),(10432,21,0),(10433,18,0),(10434,18,0),(10435,18,0),(10436,18,0),(10437,18,0),(10438,18,0),(10439,18,0),(10440,18,0),(10441,18,0),(10442,18,0),(10443,18,0),(10444,18,0),(10445,18,0),(10446,18,0),(10447,18,0),(10448,18,0),(10449,18,0),(10450,18,0),(10451,18,0),(10452,18,0),(10453,18,0),(10454,18,0),(10455,18,0),(10456,18,0),(10457,18,0),(10458,18,0),(10459,18,0),(10460,18,0),(10461,18,0),(10462,18,0),(10463,18,0),(10464,18,0),(10465,18,0),(10466,18,0),(10467,18,0),(10468,18,0),(10469,18,0),(10470,18,0),(10471,18,0),(10472,18,0),(10473,18,0),(10474,18,0),(10475,18,0),(10476,18,0),(10477,18,0),(10478,18,0),(10479,18,0),(10480,18,0),(10481,18,0),(10482,18,0),(10483,18,0),(10484,18,0),(10485,18,0),(10486,18,0),(10487,18,0),(10488,18,0),(10489,18,0),(10490,18,0),(10491,18,0),(10492,18,0),(10493,18,0),(10494,18,0),(10495,18,0),(10496,18,0),(10497,18,0),(10498,18,0),(10499,18,0),(10500,18,0),(10501,18,0),(10502,18,0),(10503,18,0),(10504,18,0),(10505,18,0),(10506,18,0),(10507,18,0),(10508,18,0),(10509,18,0),(10510,18,0),(10511,18,0),(10512,18,0),(10513,18,0),(10514,18,0),(10515,18,0),(10516,18,0),(10517,18,0),(10518,18,0),(10519,18,0),(10520,18,0),(10521,21,0),(10522,18,0),(10523,18,0),(10524,18,0),(10525,18,0),(10526,18,0),(10527,18,0),(10528,18,0),(10529,18,0),(10530,18,0),(10531,18,0),(10532,18,0),(10533,18,0),(10534,18,0),(10535,18,0),(10536,18,0),(10537,18,0),(10538,18,0),(10539,18,0),(10540,18,0),(10541,18,0),(10542,18,0),(10543,18,0),(10544,18,0),(10545,18,0),(10546,18,0),(10547,18,0),(10548,18,0),(10549,18,0),(10550,18,0),(10551,18,0),(10552,18,0),(10553,18,0),(10554,18,0),(10555,18,0),(10556,18,0),(10557,18,0),(10558,18,0),(10559,18,0),(10560,18,0),(10561,18,0),(10562,18,0),(10563,18,0),(10564,18,0),(10565,18,0),(10566,21,0),(10567,18,0),(10568,18,0),(10569,18,0),(10570,18,0),(10571,18,0),(10572,18,0),(10573,18,0),(10574,18,0),(10575,18,0),(10576,18,0),(10577,18,0),(10578,18,0),(10579,18,0),(10580,18,0),(10581,18,0),(10582,18,0),(10583,18,0),(10584,18,0),(10585,18,0),(10586,18,0),(10587,18,0),(10588,18,0),(10589,18,0),(10590,18,0),(10591,18,0),(10592,18,0),(10593,18,0),(10594,18,0),(10595,18,0),(10596,18,0),(10597,18,0),(10598,18,0),(10599,18,0),(10600,18,0),(10601,18,0),(10602,18,0),(10603,18,0),(10604,18,0),(10605,18,0),(10606,18,0),(10607,18,0),(10608,18,0),(10609,18,0),(10610,18,0),(10611,18,0),(10612,18,0),(10613,18,0),(10614,18,0),(10615,18,0),(10616,18,0),(10617,18,0),(10618,18,0),(10619,18,0),(10620,18,0),(10621,18,0),(10622,18,0),(10623,18,0),(10624,18,0),(10625,18,0),(10626,18,0),(10627,18,0),(10628,18,0),(10629,18,0),(10630,18,0),(10631,18,0),(10632,18,0),(10633,18,0),(10634,18,0),(10635,18,0),(10636,18,0),(10637,18,0),(10638,18,0),(10639,18,0),(10640,18,0),(10641,18,0),(10642,18,0),(10643,18,0),(10644,18,0),(10645,18,0),(10646,18,0),(10647,18,0),(10649,18,0),(10650,18,0),(10651,18,0),(10652,18,0),(10653,18,0),(10654,18,0),(10656,18,0),(10657,18,0),(10658,18,0),(10659,18,0),(10660,18,0),(10661,18,0),(10662,18,0),(10663,18,0),(10664,18,0),(10665,18,0),(10666,18,0),(10667,18,0),(10668,18,0),(10669,18,0),(10670,18,0),(10671,18,0),(10672,18,0),(10673,18,0),(10674,18,0),(10675,18,0),(10676,18,0),(10677,18,0),(10678,18,0),(10679,18,0),(10680,18,0),(10681,18,0),(10682,18,0),(10683,18,0),(10684,18,0),(10685,18,0),(10686,21,0),(10687,18,0),(10688,18,0),(10689,18,0),(10690,18,0),(10691,18,0),(10692,18,0),(10693,18,0),(10694,18,0),(10695,18,0),(10696,18,0),(10697,18,0),(10698,18,0),(10699,18,0),(10700,18,0),(10701,18,0),(10702,18,0),(10703,18,0),(10704,18,0),(10705,18,0),(10706,18,0),(10707,18,0),(10708,18,0),(10709,18,0),(10710,18,0),(10711,18,0),(10712,18,0),(10713,18,0),(10714,18,0),(10715,18,0),(10716,18,0),(10717,18,0),(10718,18,0),(10719,18,0),(10720,18,0),(10722,18,0),(10723,18,0),(10724,18,0),(10725,18,0),(10726,18,0),(10727,18,0),(10728,18,0),(10729,18,0),(10730,18,0),(10731,18,0),(10732,18,0),(10733,18,0),(10734,18,0),(10735,18,0),(10736,18,0),(10737,18,0),(10738,18,0),(10739,18,0),(10740,18,0),(10741,18,0),(10742,18,0),(10743,18,0),(10744,18,0),(10745,18,0),(10746,18,0),(10747,18,0),(10748,18,0),(10749,18,0),(10750,18,0),(10751,18,0),(10752,18,0),(10753,18,0),(10754,18,0),(10755,18,0),(10756,18,0),(10757,18,0),(10758,18,0),(10759,18,0),(10760,18,0),(10761,18,0),(10762,18,0),(10763,18,0),(10764,18,0),(10765,18,0),(10766,18,0),(10767,18,0),(10768,18,0),(10769,18,0),(10770,18,0),(10771,18,0),(10772,18,0),(10773,18,0),(10774,18,0),(10775,18,0),(10776,18,0),(10777,18,0),(10778,18,0),(10779,18,0),(10780,18,0),(10781,18,0),(10782,18,0),(10783,18,0),(10784,18,0),(10785,18,0),(10786,18,0),(10787,18,0),(10788,18,0),(10789,18,0),(10790,18,0),(10791,18,0),(10792,18,0),(10793,18,0),(10794,18,0),(10795,18,0),(10796,18,0),(10797,18,0),(10798,18,0),(10799,18,0),(10800,18,0),(10801,18,0),(10802,18,0),(10803,18,0),(10804,18,0),(10805,18,0),(10806,18,0),(10807,18,0),(10808,18,0),(10809,18,0),(10810,18,0),(10811,18,0),(10812,18,0),(10813,18,0),(10814,18,0),(10815,18,0),(10816,18,0),(10817,18,0),(10818,18,0),(10819,18,0),(10820,18,0),(10821,18,0),(10822,18,0),(10823,18,0),(10824,18,0),(10825,18,0),(10826,18,0),(10827,18,0),(10828,18,0),(10829,18,0),(10830,18,0),(10831,18,0),(10832,18,0),(10833,18,0),(10834,18,0),(10835,18,0),(10836,18,0),(10837,18,0),(10838,18,0),(10839,18,0),(10840,18,0),(10841,18,0),(10842,18,0),(10843,18,0),(10844,18,0),(10845,21,0),(10846,18,0),(10847,18,0),(10848,18,0),(10849,18,0),(10850,18,0),(10851,18,0),(10852,18,0),(10853,18,0),(10854,18,0),(10855,18,0),(10858,18,0),(10862,18,0),(10863,18,0),(10867,18,0),(10868,18,0),(10869,18,0),(10870,21,0),(10871,18,0),(10872,18,0),(10873,18,0),(10874,18,0),(10875,18,0),(10876,18,0),(10877,18,0),(10878,18,0),(10879,18,0),(10880,18,0),(10881,18,0),(10882,18,0),(10883,18,0),(10884,18,0),(10885,21,0),(10886,18,0),(10887,18,0),(10888,18,0),(10889,18,0),(10890,18,0),(10891,18,0),(10892,18,0),(10893,18,0),(10894,18,0),(10895,18,0),(10896,18,0),(10897,18,0),(10898,18,0),(10899,18,0),(10900,18,0),(10901,18,0),(10902,18,0),(10903,18,0),(10904,18,0),(10905,18,0),(10906,18,0),(10907,18,0),(10908,18,0),(10909,18,0),(10910,18,0),(10911,18,0),(10912,18,0),(10913,18,0),(10914,18,0),(10915,18,0),(10916,18,0),(10917,18,0),(10918,18,0),(10919,18,0),(10920,18,0),(10921,18,0),(10922,18,0),(10923,18,0),(10924,18,0),(10925,18,0),(10926,18,0),(10927,18,0),(10928,18,0),(10929,18,0),(10930,18,0),(10931,18,0),(10932,18,0),(10933,18,0),(10934,18,0),(10935,18,0),(10936,18,0),(10937,18,0),(10938,18,0),(10939,18,0),(10940,18,0),(10941,18,0),(10942,18,0),(10943,18,0),(10944,18,0),(10945,18,0),(10946,18,0),(10947,18,0),(10948,18,0),(10949,18,0),(10950,18,0),(10951,18,0),(10952,18,0),(10953,18,0),(10954,18,0),(10955,18,0),(10956,18,0),(10957,18,0),(10958,18,0),(10959,18,0),(10960,18,0),(10961,18,0),(10962,21,0),(10963,18,0),(10964,18,0),(10965,18,0),(10966,18,0),(10967,18,0),(10968,18,0),(10969,18,0),(10970,18,0),(10971,18,0),(10972,18,0),(10973,18,0),(10974,18,0),(10975,18,0),(10976,18,0),(10977,18,0),(10978,18,0),(10979,18,0),(10980,18,0),(10982,18,0),(10983,18,0),(10984,18,0),(10985,18,0),(10986,18,0),(10987,18,0),(10988,18,0),(10989,18,0),(10990,18,0),(10991,18,0),(10992,18,0),(10993,18,0),(10994,18,0),(10995,18,0),(10996,18,0),(10997,18,0),(10998,18,0),(10999,18,0),(11000,18,0),(11001,18,0),(11002,18,0),(11003,18,0),(11004,18,0),(11005,18,0),(11006,18,0),(11007,18,0),(11008,18,0),(11009,18,0),(11010,18,0),(11011,18,0),(11012,18,0),(11013,18,0),(11014,18,0),(11015,18,0),(11016,18,0),(11017,18,0),(11018,18,0),(11019,18,0),(11020,18,0),(11021,18,0),(11022,18,0),(11023,18,0),(11024,18,0),(11025,18,0),(11026,18,0),(11027,18,0),(11028,18,0),(11029,21,0),(11030,18,0),(11031,18,0),(11032,18,0),(11033,18,0),(11034,18,0),(11035,18,0),(11036,18,0),(11037,18,0),(11038,18,0),(11039,18,0),(11040,18,0),(11041,18,0),(11042,18,0),(11043,18,0),(11044,18,0),(11045,18,0),(11046,18,0),(11047,18,0),(11048,18,0),(11049,18,0),(11050,18,0),(11051,18,0),(11052,18,0),(11053,18,0),(11054,18,0),(11055,18,0),(11056,18,0),(11057,18,0),(11058,18,0),(11059,18,0),(11060,18,0),(11061,18,0),(11062,18,0),(11063,18,0),(11064,18,0),(11065,18,0),(11066,18,0),(11067,18,0),(11068,18,0),(11069,18,0),(11070,18,0),(11071,18,0),(11072,18,0),(11073,18,0),(11074,18,0),(11075,18,0),(11076,18,0),(11077,18,0),(11078,18,0),(11079,18,0),(11080,18,0),(11081,18,0),(11082,18,0),(11083,18,0),(11084,18,0),(11085,18,0),(11086,18,0),(11087,18,0),(11088,18,0),(11089,18,0),(11090,18,0),(11091,18,0),(11092,18,0),(11093,18,0),(11094,18,0),(11095,18,0),(11096,18,0),(11097,18,0),(11098,18,0),(11099,18,0),(11100,18,0),(11101,18,0),(11102,18,0),(11103,18,0),(11104,18,0),(11105,18,0),(11106,18,0),(11107,18,0),(11108,18,0),(11109,18,0),(11110,18,0),(11111,18,0),(11112,18,0),(11113,18,0),(11114,21,0),(11115,18,0),(11116,18,0),(11117,18,0),(11118,18,0),(11119,18,0),(11120,18,0),(11121,18,0),(11122,18,0),(11123,18,0),(11124,18,0),(11125,18,0),(11126,18,0),(11127,18,0),(11128,18,0),(11129,18,0),(11130,18,0),(11131,18,0),(11132,18,0),(11133,18,0),(11134,21,0),(11135,18,0),(11136,18,0),(11137,18,0),(11138,18,0),(11139,18,0),(11140,18,0),(11141,18,0),(11142,18,0),(11143,18,0),(11144,18,0),(11145,18,0),(11146,18,0),(11147,18,0),(11148,18,0),(11149,18,0),(11150,18,0),(11151,18,0),(11152,18,0),(11153,18,0),(11154,18,0),(11155,18,0),(11156,18,0),(11157,18,0),(11158,18,0),(11159,18,0),(11161,18,0),(11163,18,0),(11164,18,0),(11165,18,0),(11166,18,0),(11167,18,0),(11168,18,0),(11169,18,0),(11170,18,0),(11173,18,0),(11174,18,0),(11175,18,0),(11176,18,0),(11177,18,0),(11178,18,0),(11179,18,0),(11180,18,0),(11181,18,0),(11182,18,0),(11183,18,0),(11184,18,0),(11185,18,0),(11186,18,0),(11187,18,0),(11188,18,0),(11189,18,0),(11190,18,0),(11191,18,0),(11192,18,0),(11193,18,0),(11194,18,0),(11195,18,0),(11196,18,0),(11197,18,0),(11198,18,0),(11199,18,0),(11200,18,0),(11201,18,0),(11202,18,0),(11203,18,0),(11204,18,0),(11205,18,0),(11206,18,0),(11207,18,0),(11208,18,0),(11209,18,0),(11210,18,0),(11211,18,0),(11212,18,0),(11213,18,0),(11214,18,0),(11215,18,0),(11216,18,0),(11217,18,0),(11218,18,0),(11219,18,0),(11220,18,0),(11221,18,0),(11222,18,0),(11223,18,0),(11224,18,0),(11225,18,0),(11226,18,0),(11227,18,0),(11228,18,0),(11229,18,0),(11230,18,0),(11231,18,0),(11232,18,0),(11233,18,0),(11234,18,0),(11235,18,0),(11236,18,0),(11237,18,0),(11238,18,0),(11239,21,0),(11240,18,0),(11241,18,0),(11242,18,0),(11243,18,0),(11244,18,0),(11245,18,0),(11246,18,0),(11247,18,0),(11248,18,0),(11249,18,0),(11250,18,0),(11251,18,0),(11252,18,0),(11253,18,0),(11254,18,0),(11255,21,0),(11256,18,0),(11257,18,0),(11258,18,0),(11259,21,0),(11260,18,0),(11261,18,0),(11262,18,0),(11263,18,0),(11264,18,0),(11265,18,0),(11266,18,0),(11267,18,0),(11268,18,0),(11269,18,0),(11270,21,0),(11271,18,0),(11272,18,0),(11273,18,0),(11274,18,0),(11275,18,0),(11276,18,0),(11277,18,0),(11278,18,0),(11279,18,0),(11280,18,0),(11281,18,0),(11282,18,0),(11283,18,0),(11284,18,0),(11285,18,0),(11286,18,0),(11287,18,0),(11288,18,0),(11289,18,0),(11290,18,0),(11291,18,0),(11292,18,0),(11293,18,0),(11294,18,0),(11295,18,0),(11296,18,0),(11297,18,0),(11298,18,0),(11299,21,0),(11300,18,0),(11301,18,0),(11302,18,0),(11303,18,0),(11304,18,0),(11305,18,0),(11306,18,0),(11307,18,0),(11308,18,0),(11309,18,0),(11310,18,0),(11311,21,0),(11312,18,0),(11313,18,0),(11314,18,0),(11315,18,0),(11316,18,0),(11317,18,0),(11318,18,0),(11319,18,0),(11320,18,0),(11321,18,0),(11322,18,0),(11323,18,0),(11324,21,0),(11325,18,0),(11326,18,0),(11327,18,0),(11328,18,0),(11329,18,0),(11330,18,0),(11331,18,0),(11332,18,0),(11333,18,0),(11334,18,0),(11335,18,0),(11336,18,0),(11337,18,0),(11338,18,0),(11339,21,0),(11340,18,0),(11341,21,0),(11342,18,0),(11343,18,0),(11344,18,0),(11345,18,0),(11346,18,0),(11347,18,0),(11348,18,0),(11350,18,0),(11351,21,0),(11352,18,0),(11356,18,0),(11357,18,0),(11358,18,0),(11359,18,0),(11360,18,0),(11361,18,0),(11362,18,0),(11363,18,0),(11364,18,0),(11365,18,0),(11366,18,0),(11367,18,0),(11368,18,0),(11369,18,0),(11370,18,0),(11371,18,0),(11372,18,0),(11373,18,0),(11374,18,0),(11375,18,0),(11376,18,0),(11377,18,0),(11378,18,0),(11379,18,0),(11380,18,0),(11381,18,0),(11382,18,0),(11383,18,0),(11384,18,0),(11385,18,0),(11386,18,0),(11387,18,0),(11388,18,0),(11389,18,0),(11390,18,0),(11391,18,0),(11392,18,0),(11393,18,0),(11394,21,0),(11396,18,0),(11397,18,0),(11398,18,0),(11399,18,0),(11400,18,0),(11401,18,0),(11402,18,0),(11403,18,0),(11405,18,0),(11406,18,0),(11407,18,0),(11408,18,0),(11409,18,0),(11410,18,0),(11411,18,0),(11412,18,0),(11413,18,0),(11414,18,0),(11415,18,0),(11416,18,0),(11418,18,0),(11419,18,0),(11420,18,0),(11421,18,0),(11422,18,0),(11423,18,0),(11424,18,0),(11425,18,0),(11426,18,0),(11427,18,0),(11433,18,0),(11434,18,0),(11435,18,0),(11436,18,0),(11437,18,0),(11438,18,0),(11439,18,0),(11441,18,0),(11442,18,0),(11443,18,0),(11444,18,0),(11445,18,0),(11446,18,0),(11447,18,0),(11448,18,0),(11449,18,0),(11450,18,0),(11451,18,0),(11452,18,0),(11468,18,0),(11469,18,0),(11470,18,0),(11470,56,0),(11471,18,0),(11472,18,0),(11473,18,0),(11474,18,0),(11475,18,0),(11476,18,0),(11477,18,0),(11479,18,0),(11480,55,0),(11481,55,0),(11482,55,0),(11483,55,0),(11484,55,0),(11487,55,0),(11489,55,0),(11491,55,0),(11492,55,0),(11497,18,0),(11500,21,0),(11500,56,0),(11509,1,0),(11509,18,0),(11523,57,0),(11525,57,0),(11526,57,0),(11532,18,0),(11534,18,0),(11535,18,0),(11536,18,0),(11539,18,0),(11544,18,0),(11550,18,0),(11555,18,0),(11570,18,0),(11570,62,0),(11570,64,0),(11570,65,0),(11571,18,0),(11572,18,0),(11573,18,0),(11574,18,0),(11576,18,0),(11577,18,0),(11578,18,0),(11579,18,0),(11580,18,0),(11581,18,0),(11582,18,0),(11586,18,0),(11587,18,0),(11588,18,0),(11588,47,0),(11588,64,0),(11589,18,0),(11608,18,0),(11613,18,0),(11613,64,0),(11614,18,0),(11615,18,0),(11619,18,0),(11619,62,0),(11619,63,0),(11620,18,0),(11621,18,0),(11622,18,0),(11633,18,0),(11634,18,0),(11635,18,0),(11661,29,0),(11662,29,0),(11663,55,0),(11664,55,0),(11665,55,0),(11733,55,0),(11734,55,0),(11742,57,0),(11743,57,0),(11773,1,0),(11773,62,0),(11835,1,0);

--
-- Table structure for table `wp_daztp5_term_taxonomy`
--

CREATE TABLE `wp_daztp5_term_taxonomy` (
  `term_taxonomy_id` bigint(20) unsigned NOT NULL AUTO_INCREMENT,
  `term_id` bigint(20) unsigned NOT NULL DEFAULT '0',
  `taxonomy` varchar(32) COLLATE utf8mb4_unicode_520_ci NOT NULL DEFAULT '',
  `description` longtext COLLATE utf8mb4_unicode_520_ci NOT NULL,
  `parent` bigint(20) unsigned NOT NULL DEFAULT '0',
  `count` bigint(20) NOT NULL DEFAULT '0',
  PRIMARY KEY (`term_taxonomy_id`),
  UNIQUE KEY `term_id_taxonomy` (`term_id`,`taxonomy`),
  KEY `taxonomy` (`taxonomy`)
) ENGINE=InnoDB AUTO_INCREMENT=72 DEFAULT CHARSET=utf8mb4 COLLATE=utf8mb4_unicode_520_ci;

--
-- Dumping data for table `wp_daztp5_term_taxonomy`
--

INSERT INTO `wp_daztp5_term_taxonomy` VALUES (1,1,'category','',0,1),(2,2,'product_type','',0,14),(3,3,'product_type','',0,0),(4,4,'product_type','',0,1),(5,5,'product_type','',0,0),(6,6,'product_visibility','',0,0),(7,7,'product_visibility','',0,0),(8,8,'product_visibility','',0,0),(9,9,'product_visibility','',0,0),(10,10,'product_visibility','',0,0),(11,11,'product_visibility','',0,0),(12,12,'product_visibility','',0,0),(13,13,'product_visibility','',0,0),(14,14,'product_visibility','',0,1),(15,15,'product_cat','',0,15),(16,16,'action-group','',0,0),(17,17,'action-group','',0,0),(18,18,'language','a:3:{s:6:\"locale\";s:5:\"en_US\";s:3:\"rtl\";i:0;s:9:\"flag_code\";s:2:\"us\";}',0,97),(19,19,'term_language','',0,5),(20,20,'term_translations','a:2:{s:2:\"en\";i:1;s:2:\"nb\";i:23;}',0,2),(21,21,'language','a:3:{s:6:\"locale\";s:5:\"nb_NO\";s:3:\"rtl\";i:0;s:9:\"flag_code\";s:2:\"no\";}',0,27),(22,22,'term_language','',0,1),(23,23,'category','',0,0),(25,25,'post_translations','a:2:{s:2:\"en\";i:7;s:2:\"nb\";i:390;}',0,2),(26,26,'post_translations','a:2:{s:2:\"en\";i:8;s:2:\"nb\";i:391;}',0,2),(27,27,'post_translations','a:2:{s:2:\"en\";i:9;s:2:\"nb\";i:392;}',0,2),(28,28,'post_translations','a:2:{s:2:\"en\";i:6;s:2:\"nb\";i:393;}',0,2),(29,29,'nav_menu','',0,6),(31,31,'post_translations','a:2:{s:2:\"nb\";i:450;s:2:\"en\";i:448;}',0,2),(32,32,'post_translations','a:2:{s:2:\"nb\";i:451;s:2:\"en\";i:446;}',0,2),(33,33,'post_translations','a:2:{s:2:\"nb\";i:453;s:2:\"en\";i:443;}',0,2),(34,34,'post_translations','a:2:{s:2:\"nb\";i:454;s:2:\"en\";i:441;}',0,2),(35,35,'post_translations','a:2:{s:2:\"nb\";i:455;s:2:\"en\";i:429;}',0,2),(36,36,'post_translations','a:1:{s:2:\"nb\";i:966;}',0,1),(37,37,'post_translations','a:2:{s:2:\"nb\";i:1058;s:2:\"en\";i:1055;}',0,2),(38,38,'post_translations','a:2:{s:2:\"nb\";i:2289;s:2:\"en\";i:2279;}',0,2),(39,39,'post_translations','a:2:{s:2:\"nb\";i:2291;s:2:\"en\";i:2290;}',0,2),(40,40,'post_translations','a:2:{s:2:\"nb\";i:2293;s:2:\"en\";i:2292;}',0,2),(41,41,'post_translations','a:2:{s:2:\"nb\";i:2571;s:2:\"en\";i:2562;}',0,2),(42,42,'post_translations','a:2:{s:2:\"nb\";i:2573;s:2:\"en\";i:2572;}',0,2),(43,43,'post_translations','a:2:{s:2:\"nb\";i:2575;s:2:\"en\";i:2574;}',0,2),(44,44,'post_translations','a:2:{s:2:\"nb\";i:2579;s:2:\"en\";i:2576;}',0,2),(45,45,'post_translations','a:2:{s:2:\"nb\";i:2617;s:2:\"en\";i:2614;}',0,2),(46,46,'action-group','',0,0),(47,47,'category','',0,1),(48,48,'term_translations','a:1:{s:2:\"en\";i:47;}',0,1),(49,49,'post_tag','',0,0),(50,50,'term_translations','a:1:{s:2:\"en\";i:49;}',0,1),(51,51,'post_tag','',0,0),(52,52,'term_translations','a:1:{s:2:\"en\";i:51;}',0,1),(53,53,'post_tag','',0,0),(54,54,'term_translations','a:1:{s:2:\"en\";i:53;}',0,1),(55,55,'nav_menu','',0,14),(56,56,'post_translations','a:2:{s:2:\"en\";i:11470;s:2:\"nb\";i:11500;}',0,2),(57,57,'nav_menu','',0,5),(58,58,'product_cat','Fit together these animals to solve the many puzzles inside the frame. Identical shapes that fit together with no gaps or overlaps are called \"Tessellations\" and were made famous by the Dutch graphic artist MC Escher in the mid 1900s. Since that time there have been many talented modern tessellation artists.\r\n\r\nTheir artwork is featured in our Tessellation Masters puzzle series. We have licensed the artwork of several of these artists to create these puzzles, and cut the designs in clever ways so that the pieces can be put together to create a set of whole figures and also be rearranged to make many interesting geometric forms.\r\n\r\nSeveral challenges are engraved inside the frames to offer you many puzzles, or you can enjoy fitting the pieces together and creating your own shapes. These puzzles are beautiful, fun and challenging!',15,5),(59,59,'product_cat','Puzzles with moving blocks and several levels of challenging, from easy to extremely difficult!',15,4),(60,60,'product_cat','Original DragonFjord creations, puzzles that will challenge you again and again.',15,3),(61,61,'product_cat','Puzzles that become 3d sculptures as you solve them. Beautiful artwork for your home.',15,3),(62,62,'category','',0,3),(63,63,'category','',0,1),(64,64,'category','',0,3),(65,65,'category','',0,1),(66,66,'vtprd_rule_category','',0,0),(67,67,'pa_language','',0,1),(68,68,'pa_language','',0,1),(69,69,'pa_size','',0,0),(70,70,'pa_size','',0,0),(71,71,'pa_size','',0,0);

--
-- Table structure for table `wp_daztp5_termmeta`
--

CREATE TABLE `wp_daztp5_termmeta` (
  `meta_id` bigint(20) unsigned NOT NULL AUTO_INCREMENT,
  `term_id` bigint(20) unsigned NOT NULL DEFAULT '0',
  `meta_key` varchar(255) COLLATE utf8mb4_unicode_520_ci DEFAULT NULL,
  `meta_value` longtext COLLATE utf8mb4_unicode_520_ci,
  PRIMARY KEY (`meta_id`),
  KEY `term_id` (`term_id`),
  KEY `meta_key` (`meta_key`(191))
) ENGINE=InnoDB AUTO_INCREMENT=38 DEFAULT CHARSET=utf8mb4 COLLATE=utf8mb4_unicode_520_ci;

--
-- Dumping data for table `wp_daztp5_termmeta`
--

INSERT INTO `wp_daztp5_termmeta` VALUES (1,15,'product_count_product_cat','15'),(2,15,'display_type',''),(3,15,'thumbnail_id','0'),(4,58,'order','3'),(5,58,'page_title_colors_background_image',''),(6,58,'page_title_colors_background_video',''),(7,58,'page_title_colors_background_video_disabled',''),(8,58,'display_type',''),(9,58,'thumbnail_id','0'),(10,59,'order','4'),(11,59,'page_title_colors_background_image',''),(12,59,'page_title_colors_background_video',''),(13,59,'page_title_colors_background_video_disabled',''),(14,59,'display_type',''),(15,59,'thumbnail_id','0'),(16,60,'order','2'),(17,60,'page_title_colors_background_image',''),(18,60,'page_title_colors_background_video',''),(19,60,'page_title_colors_background_video_disabled',''),(20,60,'display_type',''),(21,60,'thumbnail_id','0'),(22,60,'product_count_product_cat','3'),(23,59,'product_count_product_cat','4'),(24,61,'order','5'),(25,61,'page_title_colors_background_image',''),(26,61,'page_title_colors_background_video',''),(27,61,'page_title_colors_background_video_disabled',''),(28,61,'display_type',''),(29,61,'thumbnail_id','0'),(30,61,'product_count_product_cat','3'),(31,58,'product_count_product_cat','5'),(32,15,'order','1'),(33,67,'order_pa_language','0'),(34,68,'order_pa_language','0'),(35,69,'order_pa_size','0'),(36,70,'order_pa_size','0'),(37,71,'order_pa_size','0');

--
-- Table structure for table `wp_daztp5_terms`
--

CREATE TABLE `wp_daztp5_terms` (
  `term_id` bigint(20) unsigned NOT NULL AUTO_INCREMENT,
  `name` varchar(200) COLLATE utf8mb4_unicode_520_ci NOT NULL DEFAULT '',
  `slug` varchar(200) COLLATE utf8mb4_unicode_520_ci NOT NULL DEFAULT '',
  `term_group` bigint(10) NOT NULL DEFAULT '0',
  PRIMARY KEY (`term_id`),
  KEY `slug` (`slug`(191)),
  KEY `name` (`name`(191))
) ENGINE=InnoDB AUTO_INCREMENT=72 DEFAULT CHARSET=utf8mb4 COLLATE=utf8mb4_unicode_520_ci;

--
-- Dumping data for table `wp_daztp5_terms`
--

INSERT INTO `wp_daztp5_terms` VALUES (1,'Uncategorized','uncategorized',0),(2,'simple','simple',0),(3,'grouped','grouped',0),(4,'variable','variable',0),(5,'external','external',0),(6,'exclude-from-search','exclude-from-search',0),(7,'exclude-from-catalog','exclude-from-catalog',0),(8,'featured','featured',0),(9,'outofstock','outofstock',0),(10,'rated-1','rated-1',0),(11,'rated-2','rated-2',0),(12,'rated-3','rated-3',0),(13,'rated-4','rated-4',0),(14,'rated-5','rated-5',0),(15,'Puzzles','puzzles',0),(16,'wc-admin-notes','wc-admin-notes',0),(17,'wc-admin-data','wc-admin-data',0),(18,'English','en',0),(19,'English','pll_en',0),(20,'pll_5da9729ae5c75','pll_5da9729ae5c75',0),(21,'Norsk Bokmål','nb',0),(22,'Norsk Bokmål','pll_nb',0),(23,'Uncategorized','uncategorized-nb',0),(25,'pll_5da9752a752cb','pll_5da9752a752cb',0),(26,'pll_5da9752a94760','pll_5da9752a94760',0),(27,'pll_5da9752ab50eb','pll_5da9752ab50eb',0),(28,'pll_5da9752adbd8e','pll_5da9752adbd8e',0),(29,'Puzzles','puzzles',0),(31,'pll_5daac54486d6b','pll_5daac54486d6b',0),(32,'pll_5daac59a2f839','pll_5daac59a2f839',0),(33,'pll_5daac5c25b295','pll_5daac5c25b295',0),(34,'pll_5daac5df3befa','pll_5daac5df3befa',0),(35,'pll_5daac5f8efe4c','pll_5daac5f8efe4c',0),(36,'pll_5dcd65004fdad','pll_5dcd65004fdad',0),(37,'pll_5dd1655392bb2','pll_5dd1655392bb2',0),(38,'pll_5e171655ee562','pll_5e171655ee562',0),(39,'pll_5e1717e10ebad','pll_5e1717e10ebad',0),(40,'pll_5e17188253bd4','pll_5e17188253bd4',0),(41,'pll_5e2419668a60e','pll_5e2419668a60e',0),(42,'pll_5e241ae260ded','pll_5e241ae260ded',0),(43,'pll_5e241c31881c4','pll_5e241c31881c4',0),(44,'pll_5e241cfa9b1a3','pll_5e241cfa9b1a3',0),(45,'pll_5e25d25bdfb01','pll_5e25d25bdfb01',0),(46,'woocommerce-db-updates','woocommerce-db-updates',0),(47,'News','news',0),(48,'pll_60bf2da26ae6e','pll_60bf2da26ae6e',0),(49,'Nozama','nozama',0),(50,'pll_60bf2da2739bc','pll_60bf2da2739bc',0),(51,'WooCommerce','woocommerce',0),(52,'pll_60bf2da27dafe','pll_60bf2da27dafe',0),(53,'WordPress','wordpress',0),(54,'pll_60bf2da285d12','pll_60bf2da285d12',0),(55,'Main menu','main-menu',0),(56,'pll_60bf44049cc38','pll_60bf44049cc38',0),(57,'Footermeny','footermeny',0),(58,'Animal tessellation puzzles','tessellations',0),(59,'Sliding block puzzles','sliding-block',0),(60,'Our signature puzzles','signature-puzzles',0),(61,'3d art jigsaw puzzles','3d-puzzles',0),(62,'Life on the fjord','life-on-the-fjord',0),(63,'Puzzles','puzzles',0),(64,'Business challenges','business-challenges',0),(65,'About DragonFjord','about-dragonfjord',0),(66,'Pricing Deals Category','pricing-deals-category',0),(67,'Norwegian','norwegian',0),(68,'English','english',0),(69,'Small','small',0),(70,'Medium','medium',0),(71,'Large','large',0);

--
-- Table structure for table `wp_daztp5_tinycarousel_gallery`
--

CREATE TABLE `wp_daztp5_tinycarousel_gallery` (
  `gal_id` int(10) unsigned NOT NULL AUTO_INCREMENT,
  `gal_title` varchar(255) NOT NULL,
  `gal_width` int(10) unsigned NOT NULL DEFAULT '200',
  `gal_height` int(10) unsigned NOT NULL DEFAULT '150',
  `gal_controls` varchar(5) NOT NULL DEFAULT 'true',
  `gal_autointerval` varchar(5) NOT NULL DEFAULT 'true',
  `gal_intervaltime` int(10) unsigned NOT NULL DEFAULT '1500',
  `gal_animation` int(10) unsigned NOT NULL DEFAULT '1000',
  `gal_random` varchar(5) NOT NULL DEFAULT 'YES',
  `gal_arrowcolor` varchar(10) NOT NULL DEFAULT '#C01313',
  PRIMARY KEY (`gal_id`)
) ENGINE=MyISAM AUTO_INCREMENT=2 DEFAULT CHARSET=utf8;

--
-- Dumping data for table `wp_daztp5_tinycarousel_gallery`
--

INSERT INTO `wp_daztp5_tinycarousel_gallery` VALUES (1,'Default Gallery',100,75,'true','true',1500,1000,'YES','#C01313');

--
-- Table structure for table `wp_daztp5_tinycarousel_image`
--

CREATE TABLE `wp_daztp5_tinycarousel_image` (
  `img_id` int(10) unsigned NOT NULL AUTO_INCREMENT,
  `img_title` varchar(255) NOT NULL,
  `img_imageurl` varchar(1024) NOT NULL,
  `img_link` varchar(1024) NOT NULL DEFAULT '#',
  `img_linktarget` varchar(10) NOT NULL DEFAULT '_blank',
  `img_display` varchar(5) NOT NULL DEFAULT 'YES',
  `img_gal_id` int(10) unsigned NOT NULL,
  `img_expiration` datetime NOT NULL DEFAULT '0000-00-00 00:00:00',
  PRIMARY KEY (`img_id`)
) ENGINE=MyISAM AUTO_INCREMENT=5 DEFAULT CHARSET=utf8;

--
-- Dumping data for table `wp_daztp5_tinycarousel_image`
--

INSERT INTO `wp_daztp5_tinycarousel_image` VALUES (1,'Tiny Carousel Horizontal Slider Plus Image 1','https://staging.dragonfjord.com/wp-content/plugins/tiny-carousel-horizontal-slider-plus/images/Sing_1.jpg','#','_blank','YES',1,'0000-00-00 00:00:00'),(2,'Tiny Carousel Horizontal Slider Plus Image 2','https://staging.dragonfjord.com/wp-content/plugins/tiny-carousel-horizontal-slider-plus/images/Sing_2.jpg','#','_blank','YES',1,'0000-00-00 00:00:00'),(3,'Tiny Carousel Horizontal Slider Plus Image 3','https://staging.dragonfjord.com/wp-content/plugins/tiny-carousel-horizontal-slider-plus/images/Sing_3.jpg','#','_blank','YES',1,'0000-00-00 00:00:00'),(4,'Tiny Carousel Horizontal Slider Plus Image 4','https://staging.dragonfjord.com/wp-content/plugins/tiny-carousel-horizontal-slider-plus/images/Sing_4.jpg','#','_blank','YES',1,'0000-00-00 00:00:00');

--
-- Table structure for table `wp_daztp5_trp_dictionary_en_us_nb_no`
--

CREATE TABLE `wp_daztp5_trp_dictionary_en_us_nb_no` (
  `id` bigint(20) NOT NULL AUTO_INCREMENT,
  `original` longtext COLLATE utf8mb4_unicode_520_ci NOT NULL,
  `translated` longtext COLLATE utf8mb4_unicode_520_ci,
  `status` int(20) DEFAULT '0',
  `block_type` int(20) DEFAULT '0',
  `original_id` bigint(20) DEFAULT NULL,
  PRIMARY KEY (`id`),
  UNIQUE KEY `id` (`id`),
  KEY `index_name` (`original`(100)),
  FULLTEXT KEY `original_fulltext` (`original`)
) ENGINE=InnoDB AUTO_INCREMENT=271 DEFAULT CHARSET=utf8mb4 COLLATE=utf8mb4_unicode_520_ci;

--
-- Dumping data for table `wp_daztp5_trp_dictionary_en_us_nb_no`
--

INSERT INTO `wp_daztp5_trp_dictionary_en_us_nb_no` VALUES (1,'email: post@dragonfjord.com','e-post: post@dragonfjord.com',1,0,1),(2,'Puzzles and Games','Puslespill og spill',1,0,2),(3,'Puzzles','Puslespill',1,0,3),(4,'&times;','×',1,0,4),(5,'A-Puzzle-A-Day','A-Puzzle-A-Day',1,0,5),(6,'Language (month names):','Språk (månedsnavn):',1,0,6),(7,'Original Norwegian','Original norsk',1,0,7),(8,'1 &times;','1 ×',1,0,8),(9,'Dragon Nest','Drage rede',1,0,9),(10,'Today’s Deals','Dagens tilbud',1,0,10),(11,'Home','Hjem',1,0,11),(12,'Puzzle Shop','Puzzle Shop',1,0,12),(13,'About Us','Om oss',1,0,13),(14,'Info','Info',1,0,14),(15,'Min konto','Min konto',1,0,15),(16,'Handlekurv','Handlekurv',1,0,16),(17,'Til kassen','Til kassen',1,0,17),(18,'Ask the Dragons','Spør Dragons',1,0,18),(19,'Order Tracking','Ordresporing',1,0,19),(20,'Terms &#038; Conditions','Betingelser og vilkår',1,0,20),(21,'The DragonFjord Gazette','DragonFjord Gazette',1,0,21),(22,'Customer Support','Kundeservice',1,0,22),(23,'forged in the fires of the Norwegian fjords!','smidd i brannene til de norske fjordene!',1,0,23),(24,'Can you puzzle these?','Kan du pusle disse?',1,0,24),(25,'A puzzle a day','Et puslespill om dagen',1,0,25),(26,'A new challenge every day, the whole year!','En ny utfordring hver dag, hele året!',1,0,26),(27,'Shop Now','Handle nå',1,0,27),(28,'3D puzzles','3D-gåter',1,0,28),(29,'This 3d jigsaw is a piece of artwork to display in your home','Dette 3d-puslespillet er et kunstverk å vise i hjemmet ditt',1,0,29),(30,'Check out','Sjekk ut',1,0,30),(31,'Birdbox','Birdbox',1,0,31),(32,'Solve the 9 puzzles inside the frame.','Løs de 9 oppgavene inne i rammen.',1,0,32),(33,'Read more','Les mer',1,0,33),(34,'Customers say:','Kunder sier:',1,0,34),(35,'I can&#8217;t put this down! I think I&#8217;m addicted!','Jeg kan ikke legge dette fra meg! Jeg tror jeg er avhengig!',1,0,35),(36,'John | feb 25, 2021','John | 25. februar 2021',1,0,36),(37,'Genius! Most puzzles you can solve only once and you&#8217;re done. This is a new puzzle every day.','Geni! De fleste gåter kan du bare løse én gang, og du er ferdig. Dette er et nytt puslespill hver dag.',1,0,37),(38,'Terry | januar 14, 2021','Terry | 14. januar 2021',1,0,38),(39,'Really great puzzle! I do it every morning with my coffee. My husband doesn&#8217;t usually like puzzles, but he plays with this one every day.','Virkelig flott puslespill! Jeg gjør det hver morgen med kaffen min. Mannen min liker vanligvis ikke gåter, men han leker med denne hver dag.',1,0,39),(40,'Grethe | januar 22, 2021','Grethe | 22. januar 2021',1,0,40),(41,'Top Products','Topp produkter',1,0,41),(42,'This month','Denne måneden',1,0,42),(43,'Drage rede','Drage rede',1,0,43),(44,'Skyveblokk puslespill – Breakout','Skyveblokk puslespill - Breakout',1,0,44),(45,'Sliding block puzzle – Breakout','Sliding block puzzle - Breakout',1,0,45),(46,'Skyveblokk puslespill – Flern blindtarm!','Skyveblokk puslespill - Flern blindtarm!',1,0,46),(47,'Sliding block puzzle – Appendicitis!','Glideblokkpuslespill - Blindtarmbetennelse!',1,0,47),(48,'News &amp; Updates','Nyheter og oppdateringer',1,0,48),(49,'The Dragonfjord Gazette','Dragonfjord Gazette',1,0,49),(50,'Travel safe, foxes and squirrels!','Reis trygt, rev og ekorn!',1,0,50),(51,'juni 16, 2021','16. juni 2021',1,0,51),(52,'Hug of death','Klem av døden',1,0,52),(53,'Big in Japan','Stor i Japan',1,0,53),(54,'juni 15, 2021','15. juni 2021',1,0,54),(55,'Our Newsletter','Nyhetsbrevet vårt',1,0,55),(56,'Receive a 15% discount on your first offer','Motta 15% rabatt på ditt første tilbud',1,0,56),(57,'Sign up!','Melde deg på!',1,0,57),(58,'About','Om',1,0,58),(59,'All of our puzzles are our own designs. We create, cut, assemble by hand, and package all of our puzzles ourselves. Thank you for supporting our work! – Mike Naylor and Gerd Åsta Bones','Alle våre gåter er våre egne design. Vi lager, klipper, monterer for hånd og pakker alle puslespillene våre selv. Takk for at du støtter arbeidet vårt! - Mike Naylor og Gerd Åsta Bones',1,0,59),(60,'Quick meny','Rask meny',1,0,60),(61,'Personvernerklæring','Personvernerklæring',1,0,61),(62,'På salg','På salg',1,0,62),(63,'Copyright © 2021 DragonFjord','Copyright © 2021 DragonFjord',1,0,63),(64,'Website by','Nettsted av',1,0,64),(65,'Reklamebanken','Reklamebanken',1,0,65),(66,'- Powered by WordPress','- Drevet av WordPress',1,0,66),(67,'NOK(&#107;&#114;)','NOK (kr)',1,0,67),(68,'EUR(&euro;)','EUR (€)',1,0,68),(69,'USD(&#036;)','USD ($)',1,0,69),(70,'GBP(&pound;)','GBP (£)',1,0,70),(71,'JPY(&yen;)','JPY (¥)',1,0,71),(72,'AUD(&#036;)','AUD ($)',1,0,72),(73,'https://staging.dragonfjord.com/wp-content/plugins/ignition/inc/assets/images/gb-flag.svg','',0,0,73),(74,'https://staging.dragonfjord.com/wp-content/uploads/2021/06/dragonfjord_logo-name-white1.svg','',0,0,74),(75,'https://staging.dragonfjord.com/wp-content/uploads/woocommerce-placeholder-150x150.png','',0,0,75),(76,'https://staging.dragonfjord.com/wp-content/uploads/2019/11/IMG_5160-1.jpg','',0,0,76),(77,'https://staging.dragonfjord.com/wp-content/uploads/2020/01/IMG_2229.jpg','',0,0,77),(78,'https://staging.dragonfjord.com/wp-content/uploads/2020/01/IMG_2229-750x750.jpg','',0,0,78),(79,'https://staging.dragonfjord.com/wp-content/uploads/2020/01/IMG_2196-750x750.jpg','',0,0,79),(80,'https://staging.dragonfjord.com/wp-content/uploads/2020/01/IMG_2201-750x750.jpg','',0,0,80),(81,'https://staging.dragonfjord.com/wp-content/uploads/2021/06/IMG_61231-615x410.jpg','',0,0,81),(82,'https://staging.dragonfjord.com/wp-content/uploads/2021/06/IMG_0064-615x410.jpg','',0,0,82),(83,'https://staging.dragonfjord.com/wp-content/uploads/2021/06/Makuake-pic-615x410.jpg','',0,0,83),(84,'https://staging.dragonfjord.com/wp-content/uploads/2019/11/IMG_5160.jpg','',0,0,84),(85,'https://staging.dragonfjord.com/wp-content/plugins/multicurrencypro/images/flags/circle/NOK.png','',0,0,85),(86,'https://staging.dragonfjord.com/wp-content/plugins/multicurrencypro/images/flags/circle/EUR.png','',0,0,86),(87,'https://staging.dragonfjord.com/wp-content/plugins/multicurrencypro/images/flags/circle/USD.png','',0,0,87),(88,'https://staging.dragonfjord.com/wp-content/plugins/multicurrencypro/images/flags/circle/GBP.png','',0,0,88),(89,'https://staging.dragonfjord.com/wp-content/plugins/multicurrencypro/images/flags/circle/JPY.png','',0,0,89),(90,'https://staging.dragonfjord.com/wp-content/plugins/multicurrencypro/images/flags/circle/AUD.png','',0,0,90),(91,'https://www.cssigniter.com/demos/nozama/my-account/','',0,0,91),(92,'https://www.cssigniter.com/demos/nozama/product-category/mobiles-tablets/','',0,0,92),(93,'https://www.cssigniter.com/demos/nozama/product-category/gaming/','',0,0,93),(94,'https://www.cssigniter.com/demos/nozama/product-category/sound/','',0,0,94),(95,'https://reklamebanken.com/','',0,0,95),(96,'https://staging.dragonfjord.com/wp-content/uploads/2021/06/IMG_61231-960x640.jpg','',0,0,101),(97,'https://staging.dragonfjord.com/wp-content/uploads/2021/06/IMG_0322-1024x1002.jpg','',0,0,102),(98,'https://staging.dragonfjord.com/wp-content/uploads/2021/06/IMG_61231-1024x650.jpg','',0,0,103),(99,'https://staging.dragonfjord.com/wp-content/uploads/2021/06/IMG_0282-860x1024.jpg','',0,0,104),(100,'https://staging.dragonfjord.com/wp-content/uploads/2021/06/Mike-and-Gerd-1-615x410.jpg','',0,0,105),(101,'https://staging.dragonfjord.com/wp-content/uploads/2021/06/IMG_0322.jpg','',0,0,106),(102,'https://staging.dragonfjord.com/wp-content/uploads/2021/06/IMG_61231.jpg','',0,0,107),(103,'https://staging.dragonfjord.com/wp-content/uploads/2021/06/IMG_0282.jpg','',0,0,108),(104,'https://www.facebook.com/sharer.php?u=https://staging.dragonfjord.com/nb/travel-safe-foxes-and-squirrels/','',0,0,109),(105,'https://twitter.com/share?url=https://staging.dragonfjord.com/nb/travel-safe-foxes-and-squirrels/','',0,0,110),(106,'https://pinterest.com/pin/create/bookmarklet/?url=https://staging.dragonfjord.com/nb/travel-safe-foxes-and-squirrels/&description=<trp-post-container data-trp-post-id=&#039;11619&#039;>Travel safe, foxes and squirrels!</trp-post-container>&media=https://staging.dragonfjord.com/wp-content/uploads/2021/06/IMG_61231-1024x650.jpg','',0,0,111),(107,'Uncategorized','Ukategorisert',1,0,96),(108,'&#47;&nbsp;Travel safe, foxes and squirrels!','/ Reisesikker, rev og ekorn!',1,0,97),(109,'From Dragonfjord travelling on their own to New Zealand, Canada, Germany, Australia &#8211; all over the world &#8211; to find a new home!                     These animals are both a sculpture for your home and a  mindbreaking 3-d-puzzle.','Fra Dragonfjord som reiser alene til New Zealand, Canada, Tyskland, Australia - over hele verden - for å finne et nytt hjem! Disse dyrene er både en skulptur for hjemmet ditt og et banebrytende 3-d-puslespill.',1,0,98),(110,'Meet the Norwegian puzzle-makers','Møt de norske puslespillmakerne',1,0,99),(111,'juni 14, 2021','14. juni 2021',1,0,100),(112,'If you click this button, Facebook will be able to track your visit to this site.','Hvis du klikker på denne knappen, vil Facebook kunne spore besøket ditt på dette nettstedet.',1,0,112),(113,'&#47;&nbsp;Customer Support','/ Kundeservice',1,0,113),(114,'Spørsmål?','Spørsmål?',1,0,114),(115,'Send oss en melding','Send oss en melding',1,0,115),(116,'Vår adresse','Vår adresse',1,0,116),(117,'Dragonfjord.com, Amborsvingen 36,','Dragonfjord.com, Amborsvingen 36,',1,0,117),(118,'7125 Vanvikan. Norway','7125 Vanvikan. Norge',1,0,118),(119,'Navn','Navn',1,0,119),(120,'Epost','Epost',1,0,120),(121,'Emne','Emne',1,0,121),(122,'Din melding','Din melding',1,0,122),(123,'GDPR Agreement','GDPR-avtalen',1,0,123),(124,'I consent to having this website store my submitted information so they can respond to my inquiry.','Jeg samtykker i at dette nettstedet lagrer den innsendte informasjonen min, slik at de kan svare på forespørselen min.',1,0,124),(125,'Send','Sende',1,0,125),(126,'Here is &#8220;DragonFjord&#8221;','Her er “DragonFjord”',1,0,126),(127,'https://staging.dragonfjord.com/wp-content/uploads/2019/11/IMG_5207-2-300x225.jpg','',0,0,197),(128,'https://staging.dragonfjord.com/wp-content/uploads/2019/11/IMG_5215-1-300x225.jpg','',0,0,198),(129,'https://staging.dragonfjord.com/wp-content/uploads/2019/11/IMG_5226-1-300x225.jpg','',0,0,199),(130,'https://staging.dragonfjord.com/wp-content/uploads/2019/11/IMG_5163-1-300x225.jpg','',0,0,200),(131,'https://staging.dragonfjord.com/wp-content/uploads/2019/11/IMG_5234-300x225.jpg','',0,0,201),(132,'https://secure.gravatar.com/avatar/7aeeeb23e2df9344c2d9b477ad1dd53a?s=60&d=mm&r=g','',0,0,202),(133,'https://secure.gravatar.com/avatar/5b7e97913ea6efc996b30909ea1c957c?s=60&d=mm&r=g','',0,0,203),(134,'https://secure.gravatar.com/avatar/ec8e70259050b83d780b1cb5864960b4?s=60&d=mm&r=g','',0,0,204),(135,'https://secure.gravatar.com/avatar/4108fa2f45b06e38be4819a4c9eea911?s=60&d=mm&r=g','',0,0,205),(136,'https://secure.gravatar.com/avatar/357a20e8c56e69d6f9734d23ef9517e8?s=60&d=mm&r=g','',0,0,206),(137,'https://secure.gravatar.com/avatar/5d722f9e107314a10adabe3ee1b960e0?s=60&d=mm&r=g','',0,0,207),(138,'https://secure.gravatar.com/avatar/cff688cb2107efbdee481805a3ad12d0?s=60&d=mm&r=g','',0,0,208),(139,'https://secure.gravatar.com/avatar/aeb62455b147403318857968509698f2?s=60&d=mm&r=g','',0,0,209),(140,'https://secure.gravatar.com/avatar/116e3eb39af7bb955104602ae4d580b0?s=60&d=mm&r=g','',0,0,210),(141,'https://secure.gravatar.com/avatar/d790784ef1681b83f19bd12d85ff3fc9?s=60&d=mm&r=g','',0,0,211),(142,'https://secure.gravatar.com/avatar/adf6fb767a0bee5781b3ce633503f76e?s=60&d=mm&r=g','',0,0,212),(143,'https://staging.dragonfjord.com/wp-content/uploads/2019/10/IMG_1409-750x750.jpg','',0,0,213),(144,'https://staging.dragonfjord.com/wp-content/uploads/2020/01/IMG_2128-1-750x750.jpg','',0,0,214),(145,'https://staging.dragonfjord.com/wp-content/uploads/2019/10/IMG_1413-750x750.jpg','',0,0,215),(146,'https://staging.dragonfjord.com/wp-content/uploads/2019/10/Birdbox-wbg-750x750.jpg','',0,0,216),(147,'https://www.facebook.com/sharer.php?u=https://staging.dragonfjord.com/nb/produkt/a-puzzle-a-day/','',0,0,217),(148,'https://twitter.com/share?url=https://staging.dragonfjord.com/nb/produkt/a-puzzle-a-day/','',0,0,218),(149,'https://pinterest.com/pin/create/bookmarklet/?url=https://staging.dragonfjord.com/nb/produkt/a-puzzle-a-day/&description=<trp-post-container data-trp-post-id=&#039;964&#039;>A-Puzzle-A-Day</trp-post-container>&media=https://staging.dragonfjord.com/wp-content/uploads/2019/11/IMG_5160-1-1024x768.jpg','',0,0,219),(150,'English','Engelsk',1,0,127),(151,'&#47;&nbsp;A-Puzzle-A-Day','/ A-Puzzle-A-Day',1,0,128),(152,'DragonFjord puzzle collection','DragonFjord puslespill samling',1,0,129),(153,'&mdash;','-',1,0,130),(154,'An incredibly fun and addictive puzzle with a new challenge every day!','Et utrolig morsomt og vanedannende puslespill med en ny utfordring hver dag!',1,0,131),(155,'gives you a new challenge every single day of the year. All you need to do is fit these eight pieces into the calendar frame to leave one month and one day showing. Can you find your birthday? Your favorite holidays? Your anniversary? Today’s date? Every day you have a new puzzle!','gir deg en ny utfordring hver eneste dag i året. Alt du trenger å gjøre er å plassere disse åtte delene i kalenderrammen for å la det vises en måned og en dag. Kan du finne bursdagen din? Favorittferien din? Jubileet ditt? Dagens dato? Hver dag har du et nytt puslespill!',1,0,132),(156,'There are almost 120 thousand ways the pieces fit in the frame, but finding the date you want can sometimes drive you crazy! (Some people decided it would be easier to change their birthdays instead!)','Det er nesten 120 tusen måter brikkene passer i rammen, men å finne datoen du vil kan noen ganger gjøre deg gal! (Noen bestemte seg for at det ville være lettere å endre bursdager i stedet!)',1,0,133),(157,'All days are possible! A new puzzle every day.','Alle dager er mulig! Et nytt puslespill hver dag.',1,0,134),(158,'Everyone loves this puzzle!','Alle elsker dette puslespillet!',1,0,135),(159,'“I can’t put this down! I think I’m addicted.” – John N.','“Jeg kan ikke legge dette fra meg! Jeg tror jeg er avhengig. ” - John N.',1,0,136),(160,'“Genius! Most puzzles you only solve once and you’re done. This puzzle is a new puzzle every day.” – Terry E.','&quot;Geni! De fleste gåter løser du bare én gang, og du er ferdig. Dette puslespillet er et nytt puslespill hver dag. ” - Terry E.',1,0,137),(161,'“My husband usually doesn’t like puzzles, but he plays with this one every day.” – Grete V.','&quot;Mannen min liker vanligvis ikke gåter, men han leker med denne hver dag.&quot; - Grete V.',1,0,138),(162,'“So much fun! Unbelievable that you can make every single day!” – Solveig D.','&quot;Så gøy! Utrolig at du kan lage hver eneste dag! ” - Solveig D.',1,0,139),(163,'“I can’t solve August 26th, so I’m changing my birthday to August 24th.” – Kristin B.','&quot;Jeg kan ikke løse 26. august, så jeg endrer bursdagen min til 24. august.&quot; - Kristin B.',1,0,140),(164,'A-Puzzle-A-Day makes a great gift','A-Puzzle-A-Day er en flott gave',1,0,141),(165,'for your friends, family, coworkers and yourself!','for dine venner, familie, kolleger og deg selv!',1,0,142),(166,'Warning! This puzzle is highly addictive!','Advarsel! Dette puslespillet er veldig vanedannende!',1,0,143),(167,'Included is a fold-out calendar so you can cross out each date you find. Can you find them all?','Inkludert er en utfoldbar kalender, slik at du kan krysse av hver dato du finner. Kan du finne dem alle?',1,0,144),(168,'Available in Norwegian and English','Tilgjengelig på norsk og engelsk',1,0,145),(169,'Our original version of the puzzle has the months in Norwegian (Okt, Nov, Des, etc.), which are very similar to other Western languages.  If you&#8217;d prefer the months in English (Oct, Nov, Dec, etc.), simply select the English language option when you add your puzzles to the cart.','Vår originale versjon av puslespillet har månedene på norsk (Okt, Nov, Des, etc.), som ligner veldig på andre vestlige språk. Hvis du foretrekker månedene på engelsk (oktober, november, desember osv.), Velger du bare det engelskspråklige alternativet når du legger til gåtene dine i handlekurven.',1,0,146),(170,'The packaging for all A-Puzzle-A-Day puzzles is in international English.','Emballasjen til alle A-Puzzle-A-Day gåter er på internasjonal engelsk.',1,0,147),(171,'A-Puzzle-A-Day is a patented design (EUIPO 007690433) and is hand-assembled and packed in Norway at our headquarters in Vanvikan on the shores of Dragon Beach.','A-Puzzle-A-Day er et patentert design (EUIPO 007690433) og er håndmontert og pakket i Norge ved vårt hovedkontor i Vanvikan ved bredden av Dragon Beach.',1,0,148),(172,'James S. Katakowski','James S. Katakowski',1,0,149),(173,'&ndash;','-',1,0,150),(174,'mars 19, 2020','19. mars 2020',1,0,151),(175,'I would love to have a cheat sheet or something that shows has the puzzle comes together for each date. I am usually pretty good at tangrams etc. but some of these I can not complete. Can you print a answer key? Thank you. J.Katakowski','Jeg vil gjerne ha et jukseark eller noe som viser at puslespillet kommer sammen for hver dato. Jeg er vanligvis ganske flink til tangrammer osv., Men noen av disse kan jeg ikke fullføre. Kan du skrive ut en svartast? Takk skal du ha. J.Katakowski',1,0,152),(176,'dragonfjord_ggof7c','dragonfjord_ggof7c',1,0,153),(177,'mai 18, 2020','18. mai 2020',1,0,154),(178,'Can do!','Kan gjøre!',1,0,155),(179,'Erik','Erik',1,0,156),(180,'desember 26, 2020','26. desember 2020',1,0,157),(181,'Is it allowed to turn over the pieces using the back side? Or can every date be done with the front?','Er det lov å snu bitene ved hjelp av baksiden? Eller kan hver date gjøres med fronten?',1,0,158),(182,'*Asking for a friend who can&#8217;t  seem to solve 26 dec otherwise','* Be om en venn som ikke ser ut til å løse 26. des ellers',1,0,159),(183,'Yes, you can flip pieces! If you don&#8217;t flip pieces, there are only 61 dates that cannot be made. And yes, 26th of December is one of them that can&#8217;t be done without flipping!','Ja, du kan vende brikker! Hvis du ikke vender stykker, er det bare 61 datoer som ikke kan gjøres. Og ja, 26. desember er en av dem som ikke kan gjøres uten å snu!',1,0,160),(184,'Tom','Tom',1,0,161),(185,'desember 31, 2020','31. desember 2020',1,0,162),(186,'Great puzzle, really enjoy the challenge each day. One question &#8211; is December 31 one of the days that you have to flip at least one part to make the puzzle work, or can you get that date without flipping any pieces? Thank you.','Stor puslespill, virkelig glede av utfordringen hver dag. Et spørsmål - er 31. desember en av dagene du må snu minst en del for å få puslespillet til å fungere, eller kan du få den datoen uten å snu noen brikker? Takk skal du ha.',1,0,163),(187,'januar 2, 2021','2. januar 2021',1,0,164),(188,'Thanks Tom! Yes, December 31st can be made without flipping. Let us know if you&#8217;d like a clue!','Takk Tom! Ja, 31. desember kan lages uten å snu. Gi oss beskjed hvis du vil ha en anelse!',1,0,165),(189,'John','John',1,0,166),(190,'I love this puzzle! Play it every morning with my cup of coffee, guess you could say I&#8217;m an addict. Several of my friends have bought them now, too. Really fun!','Jeg elsker dette puslespillet! Spill det hver morgen med en kopp kaffe, antar at du kan si at jeg er en narkoman. Flere av vennene mine har også kjøpt dem. Veldig morsomt!',1,0,167),(191,'Jose Ramos','Jose Ramos',1,0,168),(192,'i just love  this    i got  it  from kickstar','Jeg elsker dette, jeg fikk det fra kickstar',1,0,169),(193,'now i want  to  get  other  one  for  a  friend','nå vil jeg skaffe meg en til en venn',1,0,170),(194,'Lee Yoder','Lee Yoder',1,0,171),(195,'januar 5, 2021','5. januar 2021',1,0,172),(196,'These are GREAT!  I love the smell as well, too bad it won&#8217;t last.','Disse er STOR! Jeg elsker lukten også, synd at den ikke varer.',1,0,173),(197,'Glad to see you can solve some by flipping pieces I was wondering if that was a &#8220;foul&#8221;.','Glad for å se at du kan løse noen ved å snu brikker. Jeg lurte på om det var en &quot;foul&quot;.',1,0,174),(198,'I was also wondering if there is an &#8220;answer sheet&#8221; somewhere?  I got one as a gift for a puzzle nut friend who will love trying to solve these.   Me I would like to give it a shot each morning, but then look it up and change it if I can&#8217;t figure it out before my work day starts.  It&#8217;s like those infinite calendars where you change the month and day blocks, but way more fun (for me).','Jeg lurte også på om det er et &quot;svarark&quot; et eller annet sted? Jeg fikk en i gave til en venn av puslespillnøtter som vil elske å prøve å løse disse. Meg Jeg vil gjerne gi det et skudd hver morgen, men så slå det opp og endre det hvis jeg ikke kan finne ut av det før arbeidsdagen min starter. Det er som de uendelige kalenderne der du endrer måned og dag, men mye morsommere (for meg).',1,0,175),(199,'Lastly, out of curiosity, does July 5th mean something special that it is the date they are shipped with?','Til slutt, av nysgjerrighet, betyr 5. juli noe spesielt at det er datoen de blir sendt med?',1,0,176),(200,'Thanks again, great Kickstarter project, definitely going to have to order more puzzles from the site.','Takk igjen, flott Kickstarter-prosjekt, definitivt må du bestille flere gåter fra nettstedet.',1,0,177),(201,'Wyatt','Wyatt',1,0,178),(202,'januar 11, 2021','11. januar 2021',1,0,179),(203,'Excellent puzzle. We just ordered another, my whole family is hooked. Surprised that you can make every day, though it seems like some days are easier than others.','Utmerket puslespill. Vi har nettopp bestilt en annen, hele familien min er hekta. Overrasket over at du kan lage hver dag, selv om det virker som om noen dager er enklere enn andre.',1,0,180),(204,'Noah','Noah',1,0,181),(205,'My one point of caution would be that this puzzle can be hard depending on the day. Personally, I think that&#8217;s a great thing, as it means it usually takes a little time to solve each day.','Mitt eneste forsiktighetspunkt vil være at dette puslespillet kan være vanskelig, avhengig av dagen. Personlig synes jeg det er en fin ting, da det betyr at det vanligvis tar litt tid å løse hver dag.',1,0,182),(206,'Everyone who&#8217;s seen the puzzle is fascinated &#8212; I think this would make a great gift, and I wish I&#8217;d bought a few to be birthday gifts, etc.','Alle som har sett puslespillet er fascinert - jeg tror dette vil være en flott gave, og jeg skulle ønske jeg hadde kjøpt noen få som bursdagsgaver osv.',1,0,183),(207,'Becky Zacharda','Becky Zacharda',1,0,184),(208,'januar 14, 2021','14. januar 2021',1,0,185),(209,'Absolutely love this puzzle! Would love to know which days cannot be done without flipping pieces.','Elsker absolutt dette puslespillet! Vil gjerne vite hvilke dager som ikke kan gjøres uten å snu brikker.',1,0,186),(210,'air','luft',1,0,187),(211,'mai 25, 2021','Mai 25, 2021',1,0,188),(212,'This is amazing! Are there any blind spot dates that cant be made? Or are all dates possible?','Dette er utrolig! Er det noen blind flekk datoer som ikke kan lages? Eller er alle datoer mulig?',1,0,189),(213,'Frances','Frances',1,0,190),(214,'juni 2, 2021','2. juni 2021',1,0,191),(215,'Really great puzzle. Just ordered 3 more. Thank you for making this.','Virkelig flott puslespill. Nettopp bestilt 3 til. Takk for at du laget dette.',1,0,192),(216,'Hexanimals','Heksedyr',1,0,193),(217,'3d artig katt puslespill','3d artig katt puslespill',1,0,194),(218,'Goosebeary','Goosebeary',1,0,195),(219,'IMG_5160','IMG_5160',1,0,196),(220,'?','?',1,0,220),(221,'https://staging.dragonfjord.com/wp-content/uploads/2020/01/IMG_2203-750x750.jpg','',0,0,223),(222,'https://staging.dragonfjord.com/wp-content/uploads/2020/01/IMG_2198-750x745.jpg','',0,0,224),(223,'Sliding block puzzle – Prison Break','Sliding block puzzle - Prison Break',1,0,221),(224,'Sliding block – Midnight Run','Glideblokk - Midnight Run',1,0,222),(225,'Home of the original','Hjem til originalen',1,0,225),(226,'Unique puzzles you can play again and again!','Unike gåter du kan spille igjen og igjen!',1,0,226),(227,'Order now','Bestill nå',1,0,227),(228,'3D art puzzles','3D-kunstoppgaver',1,0,228),(229,'These 3d jigsaw puzzles are artwork to display in your home','Disse 3d-puslespillene er kunstverk som skal vises hjemme hos deg',1,0,229),(230,'See the sculptures','Se skulpturene',1,0,230),(231,'Amazing animals','Fantastiske dyr',1,0,231),(232,'Fit together the animals and solve the puzzles inside the frame.','Sett sammen dyrene og løs gåtene inne i rammen.',1,0,232),(233,'Choose your challenge','Velg din utfordring',1,0,233),(234,'https://staging.dragonfjord.com/wp-content/uploads/2019/11/IMG_1567-750x750.jpg','',0,0,236),(235,'https://staging.dragonfjord.com/wp-content/uploads/2019/10/IMG_1412-750x750.jpg','',0,0,237),(236,'Cat &#038; Rooster','Cat &amp; Rooster',1,0,234),(237,'Box O&#8217;Roos','Box O&#39;Roos',1,0,235),(238,'https://staging.dragonfjord.com/wp-content/uploads/2021/06/IMG_61231-510x510.jpg','',0,0,249),(239,'https://staging.dragonfjord.com/wp-content/uploads/2021/06/IMG_0064-510x510.jpg','',0,0,250),(240,'https://staging.dragonfjord.com/wp-content/uploads/2021/06/Makuake-pic-510x510.jpg','',0,0,251),(241,'https://staging.dragonfjord.com/wp-content/uploads/2021/06/Mike-and-Gerd-1-510x510.jpg','',0,0,252),(242,'https://staging.dragonfjord.com/wp-content/uploads/2019/11/IMG_5207-2.jpg','',0,0,253),(243,'&#47;&nbsp;The DragonFjord Gazette','/ DragonFjord Gazette',1,0,238),(244,'From Dragonfjord travelling on their own to New Zealand, Canada, Germany, Australia &#8211; all over the world &#8211; to find a new home! These animals [&hellip;]','Fra Dragonfjord som reiser alene til New Zealand, Canada, Tyskland, Australia - over hele verden - for å finne et nytt hjem! Disse dyrene [...]',1,0,239),(245,'We made it to the frontpage on both Reddit and the hot-page of 9GAG, both at the same time. So cool!! New orders ticked in [&hellip;]','Vi kom til forsiden på både Reddit og hot-siden til 9GAG, begge samtidig. Så kult!! Nye ordrer krysset av [...]',1,0,240),(246,'Do you know the song from Alphaville, Big in Japan? We are having so much fun singing it these days&#8230; last month our partners in [&hellip;]','Kjenner du sangen fra Alphaville, Big i Japan? Vi har det så gøy å synge det i disse dager ... i forrige måned, våre partnere i [...]',1,0,241),(247,'First of all, we&#8217;d like to thank you for visiting us at DragonFjord. We hope you&#8217;ll enjoy our puzzles, whether you&#8217;re solving for today&#8217;s date [&hellip;]','Først og fremst vil vi takke deg for at du besøkte oss på DragonFjord. Vi håper du kommer til å like puslespillene våre, enten du løser dagens date [...]',1,0,242),(248,'Fight boredom with a puzzle a day!','Bekjemp kjedsomhet med et puslespill om dagen!',1,0,243),(249,'februar 2, 2021','2. februar 2021',1,0,244),(250,'News','Nyheter',1,0,245),(251,'Lorem ipsum dolor sit amet, consectetur adipiscing elit. Nam elementum maximus nisi, in faucibus odio auctor et. Donec pretium, tortor id bibendum maximus, magna nunc [&hellip;]','Lorem ipsum dolor sit amet, consectetur adipiscing elit. Nam elementum maximus nisi, in faucibus odio auctor et. Donec pretium, tortor id bibendum maximus, magna nunc [...]',1,0,246),(252,'There is a new printer in town!','Det er en ny skriver i byen!',1,0,247),(253,'DragonFjord BBQ','DragonFjord BBQ',1,0,248),(254,'https://staging.dragonfjord.com/wp-content/uploads/2021/06/IMG_0064-960x640.jpg','',0,0,257),(255,'https://staging.dragonfjord.com/wp-content/uploads/2021/06/IMG_0064-1024x768.jpg','',0,0,258),(256,'https://staging.dragonfjord.com/wp-content/uploads/2021/06/IMG_0064.jpg','',0,0,259),(257,'https://www.facebook.com/sharer.php?u=https://staging.dragonfjord.com/nb/hug-of-death/','',0,0,260),(258,'https://twitter.com/share?url=https://staging.dragonfjord.com/nb/hug-of-death/','',0,0,261),(259,'https://pinterest.com/pin/create/bookmarklet/?url=https://staging.dragonfjord.com/nb/hug-of-death/&description=<trp-post-container data-trp-post-id=&#039;11613&#039;>Hug of death</trp-post-container>&media=https://staging.dragonfjord.com/wp-content/uploads/2021/06/IMG_0064-1024x768.jpg','',0,0,262),(260,'&#47;&nbsp;Hug of death','/ Dødens klem',1,0,254),(261,'We made it to the frontpage on both Reddit and the hot-page of 9GAG, both at the same time. So cool!! New orders ticked in every minute, but we did not know what had happened until some of our customers tipped us off! One of these posts got more than 123000 upvotes. That led to  enormous traffic on our website with the consequence that it crashed and shut down &#8211; the Reddit &#8220;hug of death&#8221;! Things went wild. We had to fix and solve a lot of problems. We have been working hard &#8211; day and night &#8211; to be able to send out puzzles all over the world.  We did itI And we learned a lot so that in the future we&#8217;ll prepared for a new wave!','Vi kom til forsiden på både Reddit og hot-siden til 9GAG, begge samtidig. Så kult!! Nye ordrer tikket inn hvert minutt, men vi visste ikke hva som hadde skjedd før noen av kundene våre tipset oss! Et av disse innleggene fikk mer enn 123000 stemmer. Det førte til enorm trafikk på nettstedet vårt med den konsekvensen at det krasjet og stengte - Reddit “dødens klem”! Ting gikk vilt. Vi måtte fikse og løse mange problemer. Vi har jobbet hardt - dag og natt - for å kunne sende ut gåter over hele verden. Vi gjorde detI Og vi lærte mye slik at vi i fremtiden vil forberede oss på en ny bølge!',1,0,255),(262,'Erik, one of our ten grandchildren,  helps to glue puzzles!','Erik, et av våre ti barnebarn, hjelper til med å lime oppgaver!',1,0,256),(263,'https://staging.dragonfjord.com/wp-content/uploads/2021/06/Makuake-pic-960x640.jpg','',0,0,267),(264,'https://www.facebook.com/sharer.php?u=https://staging.dragonfjord.com/nb/big-in-japan/','',0,0,268),(265,'https://twitter.com/share?url=https://staging.dragonfjord.com/nb/big-in-japan/','',0,0,269),(266,'https://pinterest.com/pin/create/bookmarklet/?url=https://staging.dragonfjord.com/nb/big-in-japan/&description=<trp-post-container data-trp-post-id=&#039;11588&#039;>Big in Japan</trp-post-container>&media=https://staging.dragonfjord.com/wp-content/uploads/2021/06/Makuake-pic-1024x722.jpg','',0,0,270),(267,'&#47;&nbsp;Big in Japan','/ Stor i Japan',1,0,263),(268,'Do you know the song from Alphaville,','Kjenner du sangen fra Alphaville,',1,0,264),(269,'Big in Japan?','Stor i Japan?',1,0,265),(270,'We are having so much fun singing it these days&#8230;  last month our partners in Japan had a crowdfunder in Japan that became a huge success. It started with a request from Jin Subora, who asked if she could work with us to get A-Puzzle-A-Day out on the Japanese market. Short version, we did it and it went very well. A famous Japanese influencer tweeted about the puzzle and then things went crazy! There are 126 million people in Japan. They seem to like dragons and puzzles! We are now looking forward to launching the puzzle on two new crowdfunding platforms and also present it at the Tokyo Gift Show. Go Jin!','Vi har det så gøy å synge det i disse dager ... i forrige måned hadde partnerne våre i Japan en crowdfunder i Japan som ble en stor suksess. Det startet med en forespørsel fra Jin Subora, som spurte om hun kunne jobbe med oss for å få A-Puzzle-A-Day ut på det japanske markedet. Kortversjon, vi gjorde det, og det gikk veldig bra. En berømt japansk influencer tvitret om puslespillet, og så gikk ting gal! Det er 126 millioner mennesker i Japan. De ser ut til å like drager og gåter! Vi ser nå frem til å lansere puslespillet på to nye crowdfunding-plattformer og også presentere det på Tokyo Gift Show. Gå Jin!',1,0,266);

--
-- Table structure for table `wp_daztp5_trp_gettext_en_us`
--

CREATE TABLE `wp_daztp5_trp_gettext_en_us` (
  `id` bigint(20) NOT NULL AUTO_INCREMENT,
  `original` longtext COLLATE utf8mb4_unicode_520_ci NOT NULL,
  `translated` longtext COLLATE utf8mb4_unicode_520_ci,
  `domain` longtext COLLATE utf8mb4_unicode_520_ci,
  `status` int(20) DEFAULT NULL,
  PRIMARY KEY (`id`),
  UNIQUE KEY `id` (`id`),
  KEY `index_name` (`original`(100)),
  FULLTEXT KEY `original_fulltext` (`original`)
) ENGINE=InnoDB AUTO_INCREMENT=4518 DEFAULT CHARSET=utf8mb4 COLLATE=utf8mb4_unicode_520_ci;

--
-- Dumping data for table `wp_daztp5_trp_gettext_en_us`
--

INSERT INTO `wp_daztp5_trp_gettext_en_us` VALUES (1,'View cart','','woocommerce',0),(2,'Text or shortcode','','ignition-nozama',0),(3,'A theme by <a href=\"%s\" rel=\"nofollow\">CSSIgniter</a> - Powered by WordPress','','ignition-nozama',0),(4,'Normal','','ignition',0),(5,'Transparent','','ignition',0),(6,'Edit Profile','','default',0),(7,'Log Out','','default',0),(8,'Search','','default',0),(9,'Howdy, %s','','default',0),(10,'About WordPress','','default',0),(11,'WordPress.org','','default',0),(12,'https://wordpress.org/','','default',0),(13,'Documentation','','default',0),(14,'https://wordpress.org/support/','','default',0),(15,'Support','','default',0),(16,'https://wordpress.org/support/forums/','','default',0),(17,'Feedback','','default',0),(18,'https://wordpress.org/support/forum/requests-and-feedback','','default',0),(19,'Dashboard','','default',0),(20,'Themes','','default',0),(21,'Widgets','','default',0),(22,'Menus','','default',0),(23,'Customize','','default',0),(24,'%d Plugin Updates','','default',0),(25,'%s Comments in moderation','','default',0),(26,'User','','default',0),(27,'New','','default',0),(28,'WPForms','','wpforms-lite',0),(29,'Autoptimize','','autoptimize',0),(30,'Cache Info','','autoptimize',0),(31,'Size','','autoptimize',0),(32,'Files','','autoptimize',0),(33,'Delete Cache','','autoptimize',0),(34,'Notifications','','wpforms-lite',0),(35,'All Forms','','wpforms-lite',0),(36,'Add New','','wpforms-lite',0),(37,'Community','','wpforms-lite',0),(38,'Support','','wpforms-lite',0),(39,'Toolbar','','default',0),(40,'Skip to the content','','ignition',0),(41,'Menu Left','','ignition',0),(42,'Menu Center','','ignition',0),(43,'Menu Right','','ignition',0),(44,'Menu Split','','ignition',0),(45,'Theme Default','','ignition-nozama',0),(46,'English','','ignition',0),(47,'You can use WPML or Polylang and their language switchers in this area.','','ignition',0),(48,'Menu','','ignition',0),(49,'Category name','','ignition-nozama',0),(50,'Search all categories','','ignition-nozama',0),(51,'Search products:','','ignition-nozama',0),(52,'What are you looking for?','','ignition-nozama',0),(53,'Search result item thumbnail','','default',0),(54,'Search','','ignition-nozama',0),(55,'Cart','','ignition',0),(56,'Remove this item','','woocommerce',0),(57,'Remove this item','','ignition',0),(58,'Subtotal:','','woocommerce',0),(59,'Checkout','','woocommerce',0),(60,'Direct bank transfer','','woocommerce',0),(61,'Take payments in person via BACS. More commonly known as direct bank/wire transfer.','','woocommerce',0),(62,'Enable/Disable','','woocommerce',0),(63,'Enable bank transfer','','woocommerce',0),(64,'Title','','woocommerce',0),(65,'This controls the title which the user sees during checkout.','','woocommerce',0),(66,'Description','','woocommerce',0),(67,'Payment method description that the customer will see on your checkout.','','woocommerce',0),(68,'Make your payment directly into our bank account. Please use your Order ID as the payment reference. Your order will not be shipped until the funds have cleared in our account.','','woocommerce',0),(69,'Instructions','','woocommerce',0),(70,'Instructions that will be added to the thank you page and emails.','','woocommerce',0),(71,'Check payments','','woocommerce',0),(72,'Take payments in person via checks. This offline gateway can also be useful to test purchases.','','woocommerce',0),(73,'Enable check payments','','woocommerce',0),(74,'Please send a check to Store Name, Store Street, Store Town, Store State / County, Store Postcode.','','woocommerce',0),(75,'Cash on delivery','','woocommerce',0),(76,'Have your customers pay with cash (or by other means) upon delivery.','','woocommerce',0),(77,'Enable cash on delivery','','woocommerce',0),(78,'Payment method description that the customer will see on your website.','','woocommerce',0),(79,'Pay with cash upon delivery.','','woocommerce',0),(80,'Instructions that will be added to the thank you page.','','woocommerce',0),(81,'Enable for shipping methods','','woocommerce',0),(82,'If COD is only available for certain methods, set it up here. Leave blank to enable for all methods.','','woocommerce',0),(83,'Select shipping methods','','woocommerce',0),(84,'Accept for virtual orders','','woocommerce',0),(85,'Accept COD if the order is virtual','','woocommerce',0),(86,'Proceed to PayPal','','woocommerce',0),(87,'PayPal Standard','','woocommerce',0),(88,'PayPal Standard redirects customers to PayPal to enter their payment information.','','woocommerce',0),(89,'Enable PayPal Standard','','woocommerce',0),(90,'PayPal','','woocommerce',0),(91,'This controls the description which the user sees during checkout.','','woocommerce',0),(92,'Pay via PayPal; you can pay with your credit card if you don\'t have a PayPal account.','','woocommerce',0),(93,'PayPal email','','woocommerce',0),(94,'Please enter your PayPal email address; this is needed in order to take payment.','','woocommerce',0),(95,'Advanced options','','woocommerce',0),(96,'PayPal sandbox','','woocommerce',0),(97,'Enable PayPal sandbox','','woocommerce',0),(98,'PayPal sandbox can be used to test payments. Sign up for a <a href=\"%s\">developer account</a>.','','woocommerce',0),(99,'Debug log','','woocommerce',0),(100,'Enable logging','','woocommerce',0),(101,'Log PayPal events, such as IPN requests, inside %s Note: this may log personal information. We recommend using this for debugging purposes only and deleting the logs when finished.','','woocommerce',0),(102,'IPN Email Notifications','','woocommerce',0),(103,'Enable IPN email notifications','','woocommerce',0),(104,'Send notifications when an IPN is received from PayPal indicating refunds, chargebacks and cancellations.','','woocommerce',0),(105,'Receiver email','','woocommerce',0),(106,'If your main PayPal email differs from the PayPal email entered above, input your main receiver email for your PayPal account here. This is used to validate IPN requests.','','woocommerce',0),(107,'PayPal identity token','','woocommerce',0),(108,'Optionally enable \"Payment Data Transfer\" (Profile > Profile and Settings > My Selling Tools > Website Preferences) and then copy your identity token here. This will allow payments to be verified without the need for PayPal IPN.','','woocommerce',0),(109,'Invoice prefix','','woocommerce',0),(110,'Please enter a prefix for your invoice numbers. If you use your PayPal account for multiple stores ensure this prefix is unique as PayPal will not allow orders with the same invoice number.','','woocommerce',0),(111,'Shipping details','','woocommerce',0),(112,'Send shipping details to PayPal instead of billing.','','woocommerce',0),(113,'PayPal allows us to send one address. If you are using PayPal for shipping labels you may prefer to send the shipping address rather than billing. Turning this option off may prevent PayPal Seller protection from applying.','','woocommerce',0),(114,'Address override','','woocommerce',0),(115,'Enable \"address_override\" to prevent address information from being changed.','','woocommerce',0),(116,'PayPal verifies addresses therefore this setting can cause errors (we recommend keeping it disabled).','','woocommerce',0),(117,'Payment action','','woocommerce',0),(118,'Choose whether you wish to capture funds immediately or authorize payment only.','','woocommerce',0),(119,'Capture','','woocommerce',0),(120,'Authorize','','woocommerce',0),(121,'Image url','','woocommerce',0),(122,'Optionally enter the URL to a 150x50px image displayed as your logo in the upper left corner of the PayPal checkout pages.','','woocommerce',0),(123,'Optional','','woocommerce',0),(124,'API credentials','','woocommerce',0),(125,'Enter your PayPal API credentials to process refunds via PayPal. Learn how to access your <a href=\"%s\">PayPal API Credentials</a>.','','woocommerce',0),(126,'Live API username','','woocommerce',0),(127,'Get your API credentials from PayPal.','','woocommerce',0),(128,'Live API password','','woocommerce',0),(129,'Live API signature','','woocommerce',0),(130,'Sandbox API username','','woocommerce',0),(131,'Sandbox API password','','woocommerce',0),(132,'Sandbox API signature','','woocommerce',0),(133,'PayPal Checkout','','woocommerce-gateway-paypal-express-checkout',0),(134,'Allow customers to conveniently checkout directly with PayPal.','','woocommerce-gateway-paypal-express-checkout',0),(135,'To reset current credentials and use another account %1$sclick here%2$s. %3$sLearn more about your API Credentials%2$s.','','woocommerce-gateway-paypal-express-checkout',0),(136,'Reset current credentials','','woocommerce-gateway-paypal-express-checkout',0),(137,'Learn more','','woocommerce-gateway-paypal-express-checkout',0),(138,'Setup or link an existing PayPal Sandbox account','','woocommerce-gateway-paypal-express-checkout',0),(139,'%s or <a href=\"#\" class=\"ppec-toggle-sandbox-settings\">click here to toggle manual API credential input</a>.','','woocommerce-gateway-paypal-express-checkout',0),(140,'Enable PayPal Credit to eligible customers','','woocommerce-gateway-paypal-express-checkout',0),(141,'This option is disabled. Currently PayPal Credit only available for U.S. merchants using USD currency.','','woocommerce-gateway-paypal-express-checkout',0),(142,'This enables PayPal Credit, which displays a PayPal Credit button next to the primary PayPal Checkout button. PayPal Checkout lets you give customers access to financing through PayPal Credit® - at no additional cost to you. You get paid up front, even though customers have more time to pay. A pre-integrated payment button shows up next to the PayPal Button, and lets customers pay quickly with PayPal Credit®. (Should be unchecked for stores involved in Real Money Gaming.)','','woocommerce-gateway-paypal-express-checkout',0),(143,'Enable/Disable','','woocommerce-gateway-paypal-express-checkout',0),(144,'Enable PayPal Checkout','','woocommerce-gateway-paypal-express-checkout',0),(145,'This enables PayPal Checkout which allows customers to checkout directly via PayPal from your cart page.','','woocommerce-gateway-paypal-express-checkout',0),(146,'Title','','woocommerce-gateway-paypal-express-checkout',0),(147,'This controls the title which the user sees during checkout.','','woocommerce-gateway-paypal-express-checkout',0),(148,'PayPal','','woocommerce-gateway-paypal-express-checkout',0),(149,'Description','','woocommerce-gateway-paypal-express-checkout',0),(150,'This controls the description which the user sees during checkout.','','woocommerce-gateway-paypal-express-checkout',0),(151,'Pay via PayPal; you can pay with your credit card if you don\'t have a PayPal account.','','woocommerce-gateway-paypal-express-checkout',0),(152,'Account Settings','','woocommerce-gateway-paypal-express-checkout',0),(153,'Environment','','woocommerce-gateway-paypal-express-checkout',0),(154,'This setting specifies whether you will process live transactions, or whether you will process simulated transactions using the PayPal Sandbox.','','woocommerce-gateway-paypal-express-checkout',0),(155,'Live','','woocommerce-gateway-paypal-express-checkout',0),(156,'Sandbox','','woocommerce-gateway-paypal-express-checkout',0),(157,'API Credentials','','woocommerce-gateway-paypal-express-checkout',0),(158,'Live API Username','','woocommerce-gateway-paypal-express-checkout',0),(159,'Get your API credentials from PayPal.','','woocommerce-gateway-paypal-express-checkout',0),(160,'Live API Password','','woocommerce-gateway-paypal-express-checkout',0),(161,'Live API Signature','','woocommerce-gateway-paypal-express-checkout',0),(162,'Optional if you provide a certificate below','','woocommerce-gateway-paypal-express-checkout',0),(163,'Live API Certificate','','woocommerce-gateway-paypal-express-checkout',0),(164,'No API certificate on file.','','woocommerce-gateway-paypal-express-checkout',0),(165,'Live API Subject','','woocommerce-gateway-paypal-express-checkout',0),(166,'If you\'re processing transactions on behalf of someone else\'s PayPal account, enter their email address or Secure Merchant Account ID (also known as a Payer ID) here. Generally, you must have API permissions in place with the other account in order to process anything other than \"sale\" transactions for them.','','woocommerce-gateway-paypal-express-checkout',0),(167,'Optional','','woocommerce-gateway-paypal-express-checkout',0),(168,'Sandbox API Credentials','','woocommerce-gateway-paypal-express-checkout',0),(169,'Sandbox API Username','','woocommerce-gateway-paypal-express-checkout',0),(170,'Sandbox API Password','','woocommerce-gateway-paypal-express-checkout',0),(171,'Sandbox API Signature','','woocommerce-gateway-paypal-express-checkout',0),(172,'Sandbox API Certificate','','woocommerce-gateway-paypal-express-checkout',0),(173,'Sandbox API Subject','','woocommerce-gateway-paypal-express-checkout',0),(174,'PayPal-hosted Checkout Settings','','woocommerce-gateway-paypal-express-checkout',0),(175,'Customize the appearance of PayPal Checkout on the PayPal side.','','woocommerce-gateway-paypal-express-checkout',0),(176,'Brand Name','','woocommerce-gateway-paypal-express-checkout',0),(177,'A label that overrides the business name in the PayPal account on the PayPal hosted checkout pages.','','woocommerce-gateway-paypal-express-checkout',0),(178,'Logo Image (190×60)','','woocommerce-gateway-paypal-express-checkout',0),(179,'If you want PayPal to co-brand the checkout page with your logo, enter the URL of your logo image here.<br/>The image must be no larger than 190x60, GIF, PNG, or JPG format, and should be served over HTTPS.','','woocommerce-gateway-paypal-express-checkout',0),(180,'Header Image (750×90)','','woocommerce-gateway-paypal-express-checkout',0),(181,'If you want PayPal to co-brand the checkout page with your header, enter the URL of your header image here.<br/>The image must be no larger than 750x90, GIF, PNG, or JPG format, and should be served over HTTPS.','','woocommerce-gateway-paypal-express-checkout',0),(182,'Page Style','','woocommerce-gateway-paypal-express-checkout',0),(183,'Optionally enter the name of the page style you wish to use. These are defined within your PayPal account.','','woocommerce-gateway-paypal-express-checkout',0),(184,'Landing Page','','woocommerce-gateway-paypal-express-checkout',0),(185,'Type of PayPal page to display.','','woocommerce-gateway-paypal-express-checkout',0),(186,'Billing (Non-PayPal account)','','woocommerce-gateway-paypal-express-checkout',0),(187,'Login (PayPal account login)','','woocommerce-gateway-paypal-express-checkout',0),(188,'Advanced Settings','','woocommerce-gateway-paypal-express-checkout',0),(189,'Debug Log','','woocommerce-gateway-paypal-express-checkout',0),(190,'Enable Logging','','woocommerce-gateway-paypal-express-checkout',0),(191,'Log PayPal events, such as IPN requests.','','woocommerce-gateway-paypal-express-checkout',0),(192,'Invoice Prefix','','woocommerce-gateway-paypal-express-checkout',0),(193,'Please enter a prefix for your invoice numbers. If you use your PayPal account for multiple stores ensure this prefix is unique as PayPal will not allow orders with the same invoice number.','','woocommerce-gateway-paypal-express-checkout',0),(194,'Billing Addresses','','woocommerce-gateway-paypal-express-checkout',0),(195,'Require Billing Address','','woocommerce-gateway-paypal-express-checkout',0),(196,'PayPal only returns a shipping address back to the website. To make sure billing address is returned as well, please enable this functionality on your PayPal account by calling %1$sPayPal Technical Support%2$s.','','woocommerce-gateway-paypal-express-checkout',0),(197,'Require Phone Number','','woocommerce-gateway-paypal-express-checkout',0),(198,'Require buyer to enter their telephone number during checkout if none is provided by PayPal. Disabling this option doesn\'t affect direct Debit or Credit Card payments offered by PayPal.','','woocommerce-gateway-paypal-express-checkout',0),(199,'Payment Action','','woocommerce-gateway-paypal-express-checkout',0),(200,'Choose whether you wish to capture funds immediately or authorize payment only.','','woocommerce-gateway-paypal-express-checkout',0),(201,'Sale','','woocommerce-gateway-paypal-express-checkout',0),(202,'Authorize','','woocommerce-gateway-paypal-express-checkout',0),(203,'Instant Payments','','woocommerce-gateway-paypal-express-checkout',0),(204,'Require Instant Payment','','woocommerce-gateway-paypal-express-checkout',0),(205,'If you enable this setting, PayPal will be instructed not to allow the buyer to use funding sources that take additional time to complete (for example, eChecks). Instead, the buyer will be required to use an instant funding source, such as an instant transfer, a credit/debit card, or PayPal Credit.','','woocommerce-gateway-paypal-express-checkout',0),(206,'Subtotal Mismatch Behavior','','woocommerce-gateway-paypal-express-checkout',0),(207,'Internally, WC calculates line item prices and taxes out to four decimal places; however, PayPal can only handle amounts out to two decimal places (or, depending on the currency, no decimal places at all). Occasionally, this can cause discrepancies between the way WooCommerce calculates prices versus the way PayPal calculates them. If a mismatch occurs, this option controls how the order is dealt with so payment can still be taken.','','woocommerce-gateway-paypal-express-checkout',0),(208,'Add another line item','','woocommerce-gateway-paypal-express-checkout',0),(209,'Do not send line items to PayPal','','woocommerce-gateway-paypal-express-checkout',0),(210,'Button Settings','','woocommerce-gateway-paypal-express-checkout',0),(211,'Customize the appearance of PayPal Checkout on your site.','','woocommerce-gateway-paypal-express-checkout',0),(212,'Smart Payment Buttons','','woocommerce-gateway-paypal-express-checkout',0),(213,'Use Smart Payment Buttons','','woocommerce-gateway-paypal-express-checkout',0),(214,'PayPal Checkout\'s Smart Payment Buttons provide a variety of button customization options, such as color, language, shape, and multiple button layout. <a href=\"%s\">Learn more about Smart Payment Buttons</a>.','','woocommerce-gateway-paypal-express-checkout',0),(215,'Button Color','','woocommerce-gateway-paypal-express-checkout',0),(216,'Controls the background color of the primary button. Use \"Gold\" to leverage PayPal\'s recognition and preference, or change it to match your site design or aesthetic.','','woocommerce-gateway-paypal-express-checkout',0),(217,'Gold (Recommended)','','woocommerce-gateway-paypal-express-checkout',0),(218,'Blue','','woocommerce-gateway-paypal-express-checkout',0),(219,'Silver','','woocommerce-gateway-paypal-express-checkout',0),(220,'Black','','woocommerce-gateway-paypal-express-checkout',0),(221,'Button Shape','','woocommerce-gateway-paypal-express-checkout',0),(222,'The pill-shaped button\'s unique and powerful shape signifies PayPal in people\'s minds. Use the rectangular button as an alternative when pill-shaped buttons might pose design challenges.','','woocommerce-gateway-paypal-express-checkout',0),(223,'Pill','','woocommerce-gateway-paypal-express-checkout',0),(224,'Rectangle','','woocommerce-gateway-paypal-express-checkout',0),(225,'Button Label','','woocommerce-gateway-paypal-express-checkout',0),(226,'This controls the label on the primary button.','','woocommerce-gateway-paypal-express-checkout',0),(227,'PayPal Buy Now','','woocommerce-gateway-paypal-express-checkout',0),(228,'Pay with PayPal','','woocommerce-gateway-paypal-express-checkout',0),(229,'Button Layout','','woocommerce-gateway-paypal-express-checkout',0),(230,'If additional funding sources are available to the buyer through PayPal, such as Venmo, then multiple buttons are displayed in the space provided. Choose \"vertical\" for a dynamic list of alternative and local payment options, or \"horizontal\" when space is limited.','','woocommerce-gateway-paypal-express-checkout',0),(231,'Vertical','','woocommerce-gateway-paypal-express-checkout',0),(232,'Horizontal','','woocommerce-gateway-paypal-express-checkout',0),(233,'Button Size','','woocommerce-gateway-paypal-express-checkout',0),(234,'PayPal offers different sizes of the \"PayPal Checkout\" buttons, allowing you to select a size that best fits your site\'s theme. This setting will allow you to choose which size button(s) appear on your cart page. (The \"Responsive\" option adjusts to container size, and is available and recommended for Smart Payment Buttons.)','','woocommerce-gateway-paypal-express-checkout',0),(235,'Responsive','','woocommerce-gateway-paypal-express-checkout',0),(236,'Small','','woocommerce-gateway-paypal-express-checkout',0),(237,'Medium','','woocommerce-gateway-paypal-express-checkout',0),(238,'Large','','woocommerce-gateway-paypal-express-checkout',0),(239,'PayPal offers different labels on the \"PayPal Checkout\" buttons, allowing you to select a suitable label.)','','woocommerce-gateway-paypal-express-checkout',0),(240,'Hides the specified funding methods.','','woocommerce-gateway-paypal-express-checkout',0),(241,'PayPal Credit','','woocommerce-gateway-paypal-express-checkout',0),(242,'ELV','','woocommerce-gateway-paypal-express-checkout',0),(243,'Credit or debit cards','','woocommerce-gateway-paypal-express-checkout',0),(244,'Venmo','','woocommerce-gateway-paypal-express-checkout',0),(245,'SEPA-Lastschrift','','woocommerce-gateway-paypal-express-checkout',0),(246,'Bancontact','','woocommerce-gateway-paypal-express-checkout',0),(247,'eps','','woocommerce-gateway-paypal-express-checkout',0),(248,'giropay','','woocommerce-gateway-paypal-express-checkout',0),(249,'iDEAL','','woocommerce-gateway-paypal-express-checkout',0),(250,'MyBank','','woocommerce-gateway-paypal-express-checkout',0),(251,'Przelewy24','','woocommerce-gateway-paypal-express-checkout',0),(252,'Sofort','','woocommerce-gateway-paypal-express-checkout',0),(253,'Enable PayPal Credit messages','','woocommerce-gateway-paypal-express-checkout',0),(254,'Display credit messages on your website to promote special financing offers, which help increase sales.','','woocommerce-gateway-paypal-express-checkout',0),(255,'Credit Messaging Layout','','woocommerce-gateway-paypal-express-checkout',0),(256,'Text','','woocommerce-gateway-paypal-express-checkout',0),(257,'Graphic','','woocommerce-gateway-paypal-express-checkout',0),(258,'The layout of the message.','','woocommerce-gateway-paypal-express-checkout',0),(259,'Credit Messaging logo','','woocommerce-gateway-paypal-express-checkout',0),(260,'Primary','','woocommerce-gateway-paypal-express-checkout',0),(261,'Alternative','','woocommerce-gateway-paypal-express-checkout',0),(262,'In-Line','','woocommerce-gateway-paypal-express-checkout',0),(263,'None','','woocommerce-gateway-paypal-express-checkout',0),(264,'PayPal Credit logo used in the message.','','woocommerce-gateway-paypal-express-checkout',0),(265,'Credit Messaging logo position','','woocommerce-gateway-paypal-express-checkout',0),(266,'Left','','woocommerce-gateway-paypal-express-checkout',0),(267,'Right','','woocommerce-gateway-paypal-express-checkout',0),(268,'Top','','woocommerce-gateway-paypal-express-checkout',0),(269,'Position of the PayPal logo in the message.','','woocommerce-gateway-paypal-express-checkout',0),(270,'Credit Messaging text color','','woocommerce-gateway-paypal-express-checkout',0),(271,'White','','woocommerce-gateway-paypal-express-checkout',0),(272,'Monochrome','','woocommerce-gateway-paypal-express-checkout',0),(273,'Grayscale','','woocommerce-gateway-paypal-express-checkout',0),(274,'Text and logo color of the message.','','woocommerce-gateway-paypal-express-checkout',0),(275,'Credit Messaging color','','woocommerce-gateway-paypal-express-checkout',0),(276,'Gray','','woocommerce-gateway-paypal-express-checkout',0),(277,'White no border','','woocommerce-gateway-paypal-express-checkout',0),(278,'Color of the message.','','woocommerce-gateway-paypal-express-checkout',0),(279,'Credit Messaging ratio','','woocommerce-gateway-paypal-express-checkout',0),(280,'1x1','','woocommerce-gateway-paypal-express-checkout',0),(281,'1x4','','woocommerce-gateway-paypal-express-checkout',0),(282,'8x1','','woocommerce-gateway-paypal-express-checkout',0),(283,'20x1','','woocommerce-gateway-paypal-express-checkout',0),(284,'Shape and size of the message.','','woocommerce-gateway-paypal-express-checkout',0),(285,'Checkout on cart page','','woocommerce-gateway-paypal-express-checkout',0),(286,'Enable PayPal Checkout on the cart page','','woocommerce-gateway-paypal-express-checkout',0),(287,'This shows or hides the PayPal Checkout button on the cart page.','','woocommerce-gateway-paypal-express-checkout',0),(288,'Mini-cart Button Settings','','woocommerce-gateway-paypal-express-checkout',0),(289,'Configure Settings','','woocommerce-gateway-paypal-express-checkout',0),(290,'Configure settings specific to mini-cart','','woocommerce-gateway-paypal-express-checkout',0),(291,'Optionally override global button settings above and configure buttons for this context.','','woocommerce-gateway-paypal-express-checkout',0),(292,'Single Product Button Settings','','woocommerce-gateway-paypal-express-checkout',0),(293,'Checkout on Single Product','','woocommerce-gateway-paypal-express-checkout',0),(294,'Enable PayPal Checkout on Single Product view.','','woocommerce-gateway-paypal-express-checkout',0),(295,'Configure settings specific to Single Product view','','woocommerce-gateway-paypal-express-checkout',0),(296,'Regular Checkout Button Settings','','woocommerce-gateway-paypal-express-checkout',0),(297,'PayPal Mark','','woocommerce-gateway-paypal-express-checkout',0),(298,'Enable the PayPal Mark on regular checkout','','woocommerce-gateway-paypal-express-checkout',0),(299,'This enables the PayPal mark, which can be shown on regular WooCommerce checkout to use PayPal Checkout like a regular WooCommerce gateway.','','woocommerce-gateway-paypal-express-checkout',0),(300,'Configure settings specific to regular checkout','','woocommerce-gateway-paypal-express-checkout',0),(301,'Stripe','','woocommerce-gateway-stripe',0),(302,'Stripe works by adding payment fields on the checkout and then sending the details to Stripe for verification.','','woocommerce-gateway-stripe',0),(303,'Enable/Disable','','woocommerce-gateway-stripe',0),(304,'Enable Stripe','','woocommerce-gateway-stripe',0),(305,'Title','','woocommerce-gateway-stripe',0),(306,'This controls the title which the user sees during checkout.','','woocommerce-gateway-stripe',0),(307,'Credit Card (Stripe)','','woocommerce-gateway-stripe',0),(308,'Description','','woocommerce-gateway-stripe',0),(309,'This controls the description which the user sees during checkout.','','woocommerce-gateway-stripe',0),(310,'Pay with your credit card via Stripe.','','woocommerce-gateway-stripe',0),(311,'Stripe Account Keys','','woocommerce-gateway-stripe',0),(312,'Test mode','','woocommerce-gateway-stripe',0),(313,'Enable Test Mode','','woocommerce-gateway-stripe',0),(314,'Place the payment gateway in test mode using test API keys.','','woocommerce-gateway-stripe',0),(315,'Test Publishable Key','','woocommerce-gateway-stripe',0),(316,'Get your API keys from your stripe account. Invalid values will be rejected. Only values starting with \"pk_test_\" will be saved.','','woocommerce-gateway-stripe',0),(317,'Test Secret Key','','woocommerce-gateway-stripe',0),(318,'Get your API keys from your stripe account. Invalid values will be rejected. Only values starting with \"sk_test_\" or \"rk_test_\" will be saved.','','woocommerce-gateway-stripe',0),(319,'Live Publishable Key','','woocommerce-gateway-stripe',0),(320,'Get your API keys from your stripe account. Invalid values will be rejected. Only values starting with \"pk_live_\" will be saved.','','woocommerce-gateway-stripe',0),(321,'Live Secret Key','','woocommerce-gateway-stripe',0),(322,'Get your API keys from your stripe account. Invalid values will be rejected. Only values starting with \"sk_live_\" or \"rk_live_\" will be saved.','','woocommerce-gateway-stripe',0),(323,'Webhook Endpoints','','woocommerce-gateway-stripe',0),(324,'You must add the following webhook endpoint <strong style=\"background-color:#ddd;\">&nbsp;%s&nbsp;</strong> to your <a href=\"https://dashboard.stripe.com/account/webhooks\" target=\"_blank\">Stripe account settings</a> (if there isn\'t one already enabled). This will enable you to receive notifications on the charge statuses.','','woocommerce-gateway-stripe',0),(325,'No error','','woocommerce-gateway-stripe',0),(326,'No live webhooks have been received since monitoring began at %s.','','woocommerce-gateway-stripe',0),(327,'Test Webhook Secret','','woocommerce-gateway-stripe',0),(328,'Get your webhook signing secret from the webhooks section in your stripe account.','','woocommerce-gateway-stripe',0),(329,'Webhook Secret','','woocommerce-gateway-stripe',0),(330,'Inline Credit Card Form','','woocommerce-gateway-stripe',0),(331,'Choose the style you want to show for your credit card form. When unchecked, the credit card form will display separate credit card number field, expiry date field and cvc field.','','woocommerce-gateway-stripe',0),(332,'Statement Descriptor','','woocommerce-gateway-stripe',0),(333,'Statement descriptors are limited to 22 characters, cannot use the special characters >, <, \", \\, \', *, /, (, ), {, }, and must not consist solely of numbers. This will appear on your customer\'s statement in capital letters.','','woocommerce-gateway-stripe',0),(334,'Capture','','woocommerce-gateway-stripe',0),(335,'Capture charge immediately','','woocommerce-gateway-stripe',0),(336,'Whether or not to immediately capture the charge. When unchecked, the charge issues an authorization and will need to be captured later. Uncaptured charges expire in 7 days.','','woocommerce-gateway-stripe',0),(337,'Payment Request Buttons','','woocommerce-gateway-stripe',0),(338,'Enable Payment Request Buttons. (Apple Pay/Google Pay) %1$sBy using Apple Pay, you agree to %2$s and %3$s\'s terms of service. (Apple Pay domain verification is performed automatically in live mode; configuration can be found on the %4$sStripe dashboard%5$s.)','','woocommerce-gateway-stripe',0),(339,'If enabled, users will be able to pay using Apple Pay or Chrome Payment Request if supported by the browser.','','woocommerce-gateway-stripe',0),(340,'Payment Request Button Type','','woocommerce-gateway-stripe',0),(341,'Button Type','','woocommerce-gateway-stripe',0),(342,'Select the button type you would like to show.','','woocommerce-gateway-stripe',0),(343,'Default','','woocommerce-gateway-stripe',0),(344,'Buy','','woocommerce-gateway-stripe',0),(345,'Donate','','woocommerce-gateway-stripe',0),(346,'Branded','','woocommerce-gateway-stripe',0),(347,'Custom','','woocommerce-gateway-stripe',0),(348,'Payment Request Button Theme','','woocommerce-gateway-stripe',0),(349,'Button Theme','','woocommerce-gateway-stripe',0),(350,'Select the button theme you would like to show.','','woocommerce-gateway-stripe',0),(351,'Dark','','woocommerce-gateway-stripe',0),(352,'Light','','woocommerce-gateway-stripe',0),(353,'Light-Outline','','woocommerce-gateway-stripe',0),(354,'Payment Request Button Height','','woocommerce-gateway-stripe',0),(355,'Button Height','','woocommerce-gateway-stripe',0),(356,'Enter the height you would like the button to be in pixels. Width will always be 100%.','','woocommerce-gateway-stripe',0),(357,'Payment Request Button Label','','woocommerce-gateway-stripe',0),(358,'Button Label','','woocommerce-gateway-stripe',0),(359,'Enter the custom text you would like the button to have.','','woocommerce-gateway-stripe',0),(360,'Buy now','','woocommerce-gateway-stripe',0),(361,'Payment Request Branded Button Label Format','','woocommerce-gateway-stripe',0),(362,'Branded Button Label Format','','woocommerce-gateway-stripe',0),(363,'Select the branded button label format.','','woocommerce-gateway-stripe',0),(364,'Logo only','','woocommerce-gateway-stripe',0),(365,'Text and logo','','woocommerce-gateway-stripe',0),(366,'Saved Cards','','woocommerce-gateway-stripe',0),(367,'Enable Payment via Saved Cards','','woocommerce-gateway-stripe',0),(368,'If enabled, users will be able to pay with a saved card during checkout. Card details are saved on Stripe servers, not on your store.','','woocommerce-gateway-stripe',0),(369,'Logging','','woocommerce-gateway-stripe',0),(370,'Log debug messages','','woocommerce-gateway-stripe',0),(371,'Save debug messages to the WooCommerce System Status log.','','woocommerce-gateway-stripe',0),(372,'Stripe SEPA Direct Debit','','woocommerce-gateway-stripe',0),(373,'All other general Stripe settings can be adjusted <a href=\"%s\">here</a>.','','woocommerce-gateway-stripe',0),(374,'Customer Geography: France, Germany, Spain, Belgium, Netherlands, Luxembourg, Italy, Portugal, Austria, Ireland','','woocommerce-gateway-stripe',0),(375,'<a href=\"https://stripe.com/payments/payment-methods-guide#sepa-direct-debit\" target=\"_blank\">Payment Method Guide</a>','','woocommerce-gateway-stripe',0),(376,'Must be activated from your Stripe Dashboard Settings <a href=\"https://dashboard.stripe.com/account/payments/settings\" target=\"_blank\">here</a>','','woocommerce-gateway-stripe',0),(377,'Enable Stripe SEPA Direct Debit','','woocommerce-gateway-stripe',0),(378,'SEPA Direct Debit','','woocommerce-gateway-stripe',0),(379,'Mandate Information.','','woocommerce-gateway-stripe',0),(380,'Stripe Bancontact','','woocommerce-gateway-stripe',0),(381,'Customer Geography: Belgium','','woocommerce-gateway-stripe',0),(382,'<a href=\"https://stripe.com/payments/payment-methods-guide#bancontact\" target=\"_blank\">Payment Method Guide</a>','','woocommerce-gateway-stripe',0),(383,'Enable Stripe Bancontact','','woocommerce-gateway-stripe',0),(384,'Bancontact','','woocommerce-gateway-stripe',0),(385,'You will be redirected to Bancontact.','','woocommerce-gateway-stripe',0),(386,'Stripe SOFORT','','woocommerce-gateway-stripe',0),(387,'Customer Geography: Germany, Austria','','woocommerce-gateway-stripe',0),(388,'<a href=\"https://stripe.com/payments/payment-methods-guide#sofort\" target=\"_blank\">Payment Method Guide</a>','','woocommerce-gateway-stripe',0),(389,'Enable Stripe SOFORT','','woocommerce-gateway-stripe',0),(390,'SOFORT','','woocommerce-gateway-stripe',0),(391,'You will be redirected to SOFORT.','','woocommerce-gateway-stripe',0),(392,'Stripe Giropay','','woocommerce-gateway-stripe',0),(393,'Customer Geography: Germany','','woocommerce-gateway-stripe',0),(394,'<a href=\"https://stripe.com/payments/payment-methods-guide#giropay\" target=\"_blank\">Payment Method Guide</a>','','woocommerce-gateway-stripe',0),(395,'Enable Stripe Giropay','','woocommerce-gateway-stripe',0),(396,'Giropay','','woocommerce-gateway-stripe',0),(397,'You will be redirected to Giropay.','','woocommerce-gateway-stripe',0),(398,'Stripe EPS','','woocommerce-gateway-stripe',0),(399,'Customer Geography: Austria','','woocommerce-gateway-stripe',0),(400,'Enable Stripe EPS','','woocommerce-gateway-stripe',0),(401,'EPS','','woocommerce-gateway-stripe',0),(402,'You will be redirected to EPS.','','woocommerce-gateway-stripe',0),(403,'Stripe iDeal','','woocommerce-gateway-stripe',0),(404,'Customer Geography: The Netherlands','','woocommerce-gateway-stripe',0),(405,'<a href=\"https://stripe.com/payments/payment-methods-guide#ideal\" target=\"_blank\">Payment Method Guide</a>','','woocommerce-gateway-stripe',0),(406,'Enable Stripe iDeal','','woocommerce-gateway-stripe',0),(407,'iDeal','','woocommerce-gateway-stripe',0),(408,'You will be redirected to iDeal.','','woocommerce-gateway-stripe',0),(409,'Stripe P24','','woocommerce-gateway-stripe',0),(410,'Customer Geography: Poland','','woocommerce-gateway-stripe',0),(411,'Enable Stripe P24','','woocommerce-gateway-stripe',0),(412,'Przelewy24 (P24)','','woocommerce-gateway-stripe',0),(413,'You will be redirected to P24.','','woocommerce-gateway-stripe',0),(414,'Stripe Alipay','','woocommerce-gateway-stripe',0),(415,'Customer Geography: China','','woocommerce-gateway-stripe',0),(416,'<a href=\"https://stripe.com/payments/payment-methods-guide#alipay\" target=\"_blank\">Payment Method Guide</a>','','woocommerce-gateway-stripe',0),(417,'Enable Stripe Alipay','','woocommerce-gateway-stripe',0),(418,'Alipay','','woocommerce-gateway-stripe',0),(419,'You will be redirected to Alipay.','','woocommerce-gateway-stripe',0),(420,'Stripe Multibanco','','woocommerce-gateway-stripe',0),(421,'Customer Geography: Portugal','','woocommerce-gateway-stripe',0),(422,'Enable Stripe Multibanco','','woocommerce-gateway-stripe',0),(423,'Multibanco','','woocommerce-gateway-stripe',0),(424,'You will be redirected to Multibanco.','','woocommerce-gateway-stripe',0),(425,'View Cart','','ignition',0),(426,'Checkout','','ignition',0),(427,'words','','default',0),(428,'Custom Link','','default',0),(429,'Home','','woocommerce',0),(430,'Continue reading %s','','default',0),(431,'(more&hellip;)','','default',0),(432,'Shop and search results','','woocommerce',0),(433,'Shop only','','woocommerce',0),(434,'Search results only','','woocommerce',0),(435,'Hidden','','woocommerce',0),(436,'In stock','','woocommerce',0),(437,'Out of stock','','woocommerce',0),(438,'On backorder','','woocommerce',0),(439,'Add &ldquo;%s&rdquo; to your cart','','woocommerce',0),(440,'Add to cart','','woocommerce',0),(441,'off','','default',0),(442,'Read More','','ignition',0),(443,'Pages:','','default',0),(444,'Next page','','default',0),(445,'Previous page','','default',0),(446,'Pages:','','ignition',0),(447,'2 equal areas','','ignition',0),(448,'3 equal areas','','ignition',0),(449,'4 equal areas','','ignition',0),(450,'Menu','','default',0),(451,'Rated %s out of 5','','woocommerce',0),(452,'Close Menu','','ignition',0),(453,'United Arab Emirates dirham','','woocommerce',0),(454,'Afghan afghani','','woocommerce',0),(455,'Albanian lek','','woocommerce',0),(456,'Armenian dram','','woocommerce',0),(457,'Netherlands Antillean guilder','','woocommerce',0),(458,'Angolan kwanza','','woocommerce',0),(459,'Argentine peso','','woocommerce',0),(460,'Australian dollar','','woocommerce',0),(461,'Aruban florin','','woocommerce',0),(462,'Azerbaijani manat','','woocommerce',0),(463,'Bosnia and Herzegovina convertible mark','','woocommerce',0),(464,'Barbadian dollar','','woocommerce',0),(465,'Bangladeshi taka','','woocommerce',0),(466,'Bulgarian lev','','woocommerce',0),(467,'Bahraini dinar','','woocommerce',0),(468,'Burundian franc','','woocommerce',0),(469,'Bermudian dollar','','woocommerce',0),(470,'Brunei dollar','','woocommerce',0),(471,'Bolivian boliviano','','woocommerce',0),(472,'Brazilian real','','woocommerce',0),(473,'Bahamian dollar','','woocommerce',0),(474,'Bitcoin','','woocommerce',0),(475,'Bhutanese ngultrum','','woocommerce',0),(476,'Botswana pula','','woocommerce',0),(477,'Belarusian ruble (old)','','woocommerce',0),(478,'Belarusian ruble','','woocommerce',0),(479,'Belize dollar','','woocommerce',0),(480,'Canadian dollar','','woocommerce',0),(481,'Congolese franc','','woocommerce',0),(482,'Swiss franc','','woocommerce',0),(483,'Chilean peso','','woocommerce',0),(484,'Chinese yuan','','woocommerce',0),(485,'Colombian peso','','woocommerce',0),(486,'Costa Rican col&oacute;n','','woocommerce',0),(487,'Cuban convertible peso','','woocommerce',0),(488,'Cuban peso','','woocommerce',0),(489,'Cape Verdean escudo','','woocommerce',0),(490,'Czech koruna','','woocommerce',0),(491,'Djiboutian franc','','woocommerce',0),(492,'Danish krone','','woocommerce',0),(493,'Dominican peso','','woocommerce',0),(494,'Algerian dinar','','woocommerce',0),(495,'Egyptian pound','','woocommerce',0),(496,'Eritrean nakfa','','woocommerce',0),(497,'Ethiopian birr','','woocommerce',0),(498,'Euro','','woocommerce',0),(499,'Fijian dollar','','woocommerce',0),(500,'Falkland Islands pound','','woocommerce',0),(501,'Pound sterling','','woocommerce',0),(502,'Georgian lari','','woocommerce',0),(503,'Guernsey pound','','woocommerce',0),(504,'Ghana cedi','','woocommerce',0),(505,'Gibraltar pound','','woocommerce',0),(506,'Gambian dalasi','','woocommerce',0),(507,'Guinean franc','','woocommerce',0),(508,'Guatemalan quetzal','','woocommerce',0),(509,'Guyanese dollar','','woocommerce',0),(510,'Hong Kong dollar','','woocommerce',0),(511,'Honduran lempira','','woocommerce',0),(512,'Croatian kuna','','woocommerce',0),(513,'Haitian gourde','','woocommerce',0),(514,'Hungarian forint','','woocommerce',0),(515,'Indonesian rupiah','','woocommerce',0),(516,'Israeli new shekel','','woocommerce',0),(517,'Manx pound','','woocommerce',0),(518,'Indian rupee','','woocommerce',0),(519,'Iraqi dinar','','woocommerce',0),(520,'Iranian rial','','woocommerce',0),(521,'Iranian toman','','woocommerce',0),(522,'Icelandic kr&oacute;na','','woocommerce',0),(523,'Jersey pound','','woocommerce',0),(524,'Jamaican dollar','','woocommerce',0),(525,'Jordanian dinar','','woocommerce',0),(526,'Japanese yen','','woocommerce',0),(527,'Kenyan shilling','','woocommerce',0),(528,'Kyrgyzstani som','','woocommerce',0),(529,'Cambodian riel','','woocommerce',0),(530,'Comorian franc','','woocommerce',0),(531,'North Korean won','','woocommerce',0),(532,'South Korean won','','woocommerce',0),(533,'Kuwaiti dinar','','woocommerce',0),(534,'Cayman Islands dollar','','woocommerce',0),(535,'Kazakhstani tenge','','woocommerce',0),(536,'Lao kip','','woocommerce',0),(537,'Lebanese pound','','woocommerce',0),(538,'Sri Lankan rupee','','woocommerce',0),(539,'Liberian dollar','','woocommerce',0),(540,'Lesotho loti','','woocommerce',0),(541,'Libyan dinar','','woocommerce',0),(542,'Moroccan dirham','','woocommerce',0),(543,'Moldovan leu','','woocommerce',0),(544,'Malagasy ariary','','woocommerce',0),(545,'Macedonian denar','','woocommerce',0),(546,'Burmese kyat','','woocommerce',0),(547,'Mongolian t&ouml;gr&ouml;g','','woocommerce',0),(548,'Macanese pataca','','woocommerce',0),(549,'Mauritanian ouguiya','','woocommerce',0),(550,'Mauritian rupee','','woocommerce',0),(551,'Maldivian rufiyaa','','woocommerce',0),(552,'Malawian kwacha','','woocommerce',0),(553,'Mexican peso','','woocommerce',0),(554,'Malaysian ringgit','','woocommerce',0),(555,'Mozambican metical','','woocommerce',0),(556,'Namibian dollar','','woocommerce',0),(557,'Nigerian naira','','woocommerce',0),(558,'Nicaraguan c&oacute;rdoba','','woocommerce',0),(559,'Norwegian krone','','woocommerce',0),(560,'Nepalese rupee','','woocommerce',0),(561,'New Zealand dollar','','woocommerce',0),(562,'Omani rial','','woocommerce',0),(563,'Panamanian balboa','','woocommerce',0),(564,'Sol','','woocommerce',0),(565,'Papua New Guinean kina','','woocommerce',0),(566,'Philippine peso','','woocommerce',0),(567,'Pakistani rupee','','woocommerce',0),(568,'Polish z&#x142;oty','','woocommerce',0),(569,'Transnistrian ruble','','woocommerce',0),(570,'Paraguayan guaran&iacute;','','woocommerce',0),(571,'Qatari riyal','','woocommerce',0),(572,'Romanian leu','','woocommerce',0),(573,'Serbian dinar','','woocommerce',0),(574,'Russian ruble','','woocommerce',0),(575,'Rwandan franc','','woocommerce',0),(576,'Saudi riyal','','woocommerce',0),(577,'Solomon Islands dollar','','woocommerce',0),(578,'Seychellois rupee','','woocommerce',0),(579,'Sudanese pound','','woocommerce',0),(580,'Swedish krona','','woocommerce',0),(581,'Singapore dollar','','woocommerce',0),(582,'Saint Helena pound','','woocommerce',0),(583,'Sierra Leonean leone','','woocommerce',0),(584,'Somali shilling','','woocommerce',0),(585,'Surinamese dollar','','woocommerce',0),(586,'South Sudanese pound','','woocommerce',0),(587,'S&atilde;o Tom&eacute; and Pr&iacute;ncipe dobra','','woocommerce',0),(588,'Syrian pound','','woocommerce',0),(589,'Swazi lilangeni','','woocommerce',0),(590,'Thai baht','','woocommerce',0),(591,'Tajikistani somoni','','woocommerce',0),(592,'Turkmenistan manat','','woocommerce',0),(593,'Tunisian dinar','','woocommerce',0),(594,'Tongan pa&#x2bb;anga','','woocommerce',0),(595,'Turkish lira','','woocommerce',0),(596,'Trinidad and Tobago dollar','','woocommerce',0),(597,'New Taiwan dollar','','woocommerce',0),(598,'Tanzanian shilling','','woocommerce',0),(599,'Ukrainian hryvnia','','woocommerce',0),(600,'Ugandan shilling','','woocommerce',0),(601,'United States (US) dollar','','woocommerce',0),(602,'Uruguayan peso','','woocommerce',0),(603,'Uzbekistani som','','woocommerce',0),(604,'Venezuelan bol&iacute;var','','woocommerce',0),(605,'Bol&iacute;var soberano','','woocommerce',0),(606,'Vietnamese &#x111;&#x1ed3;ng','','woocommerce',0),(607,'Vanuatu vatu','','woocommerce',0),(608,'Samoan t&#x101;l&#x101;','','woocommerce',0),(609,'Central African CFA franc','','woocommerce',0),(610,'East Caribbean dollar','','woocommerce',0),(611,'West African CFA franc','','woocommerce',0),(612,'CFP franc','','woocommerce',0),(613,'Yemeni rial','','woocommerce',0),(614,'South African rand','','woocommerce',0),(615,'Zambian kwacha','','woocommerce',0),(616,'Updating data...','','ignition',0),(617,'Updating data...','','ignition-nozama',0),(618,'Login','','ignition',0),(619,'My account','','ignition',0),(620,'Please fill all required fields.','','ignition',0),(621,'Logging in. Please wait...','','ignition',0),(622,'Login successful, redirecting...','','ignition',0),(623,'Oops, something went wrong! Please try again.','','ignition',0),(624,'No products match your query.','','ignition',0),(625,'Expand submenu','','ignition',0),(626,'Site layout','','ignition',0),(627,'Content / Sidebar','','ignition',0),(628,'Sidebar / Content','','ignition',0),(629,'Full width boxed','','ignition',0),(630,'Full width narrow','','ignition',0),(631,'Blog layout','','ignition',0),(632,'Site width (px)','','ignition',0),(633,'Content width (columns)','','ignition',0),(634,'The sum of the content and sidebar columns should be 12.','','ignition',0),(635,'Sidebar width (columns)','','ignition',0),(636,'Body background color','','ignition',0),(637,'Body background image','','ignition',0),(638,'Primary color','','ignition',0),(639,'Secondary color','','ignition',0),(640,'Text color','','ignition',0),(641,'Secondary Text color','','ignition',0),(642,'Headings color','','ignition',0),(643,'Borders color','','ignition',0),(644,'Forms Background color','','ignition',0),(645,'Forms Border color','','ignition',0),(646,'Forms Text color','','ignition',0),(647,'Buttons Background color','','ignition',0),(648,'Buttons Text color','','ignition',0),(649,'Buttons Border color','','ignition',0),(650,'Disable Google Fonts','','ignition',0),(651,'Primary font','','ignition',0),(652,'Secondary font','','ignition',0),(653,'Navigation font','','ignition',0),(654,'Page title','','ignition',0),(655,'H1 font','','ignition',0),(656,'H2 font','','ignition',0),(657,'H3 font','','ignition',0),(658,'H4 font','','ignition',0),(659,'H5 font','','ignition',0),(660,'H6 font','','ignition',0),(661,'Widget title font','','ignition',0),(662,'Widget text font','','ignition',0),(663,'Button font','','ignition',0),(664,'Show top bar','','ignition',0),(665,'Left content area','','ignition',0),(666,'You can add text, HTML, and shortcodes.','','ignition',0),(667,'You can add text, HTML, and shortcodes.<br/><a href=\"%s\" target=\"_blank\">Theme Shortcodes</a>','','ignition-nozama',0),(668,'Middle content area','','ignition',0),(669,'Right content area','','ignition',0),(670,'Background color','','ignition',0),(671,'Border color','','ignition',0),(672,'Header Type','','ignition',0),(673,'If you select the <strong>Transparent</strong> option make sure to adjust the <a href=\"%1$s\">Header colors</a> accordingly.','','ignition',0),(674,'Full width header','','ignition',0),(675,'Sticky menu','','ignition',0),(676,'Menu layout','','ignition',0),(677,'Display mobile menu when viewport size is less than (px)','','ignition',0),(678,'Content area','','ignition',0),(679,'Added content will appear next or opposite your menu, depending on the <strong>Menu Layout</strong> selected.','','ignition',0),(680,'Background image','','ignition',0),(681,'Overlay color','','ignition',0),(682,'Show Page Title with Background','','ignition',0),(683,'Page Title Height (px)','','ignition',0),(684,'Page Title Horizontal alignment','','ignition',0),(685,'Left','','ignition',0),(686,'Center','','ignition',0),(687,'Right','','ignition',0),(688,'Show Normal Page Title','','ignition',0),(689,'Show Normal Page Subtitle','','ignition',0),(690,'Show Breadcrumbs','','ignition',0),(691,'Background video','','ignition',0),(692,'Disable background video','','ignition',0),(693,'Primary Text color','','ignition',0),(694,'Posts layout type','','ignition',0),(695,'1 Column horizontal','','ignition',0),(696,'%d Column','','ignition',0),(697,'%d Columns','','ignition',0),(698,'Excerpt length (words)','','ignition',0),(699,'Show date','','ignition',0),(700,'Show categories','','ignition',0),(701,'Show author','','ignition',0),(702,'Show comments','','ignition',0),(703,'Show author box','','ignition',0),(704,'Show comments section','','ignition',0),(705,'Related posts','','ignition',0),(706,'Hide','','ignition',0),(707,'Show footer','','ignition',0),(708,'Widgets Layout Type','','ignition',0),(709,'Titles color','','ignition',0),(710,'API Key','','ignition',0),(711,'In order to use the weather feature, you need a free API key from <a href=\"%s\" target=\"_blank\">OpenWeatherMap.org</a>','','ignition',0),(712,'Location ID','','ignition',0),(713,'Enter the location ID number of your city. The location ID number can be found by visiting <a href=\"%1$s\" target=\"_blank\">OpenWeatherMap.org</a> and searching for your city. Once you are on your city\'s page, the location ID is the last numeric part of the URL. For example, the URL for London, UK is <code>%2$s</code> and the location ID is <code>%3$s</code>.','','ignition',0),(714,'Units','','ignition',0),(715,'Celsius','','ignition',0),(716,'Fahrenheit','','ignition',0),(717,'Kelvin','','ignition',0),(718,'Enable lightbox','','ignition',0),(719,'Enable dark mode in the block editor','','ignition',0),(720,'Enable this setting when your website has a dark background to improve the block editor experience.','','ignition',0),(721,'Show in posts','','ignition',0),(722,'Show in products','','ignition',0),(723,'Facebook','','ignition',0),(724,'Twitter','','ignition',0),(725,'Pinterest','','ignition',0),(726,'Alternative Logo','','ignition',0),(727,'Set this if you need a differently styled logo to appear when the header is transparent (i.e. appears over the content).','','ignition',0),(728,'Select logo','','ignition',0),(729,'Change logo','','ignition',0),(730,'Remove','','ignition',0),(731,'Default','','ignition',0),(732,'No logo selected','','ignition',0),(733,'Choose logo','','ignition',0),(734,'Show site title','','ignition',0),(735,'Show site tagline','','ignition',0),(736,'Shop layout','','ignition',0),(737,'Show alternate image on hover.','','ignition',0),(738,'When enabled, the first image from the product\'s gallery (if available) will be displayed on hover.','','ignition',0),(739,'Show the percentage of discount on the sale badge.','','ignition',0),(740,'Applies to product listings and single product pages.','','ignition',0),(741,'Products per row (mobile)','','ignition',0),(742,'Up-sells columns','','ignition',0),(743,'Up-sells are products that you recommend instead of the currently viewed product, and are displayed in single product pages.','','ignition',0),(744,'Related columns','','ignition',0),(745,'Related products are other products from your store, that share one or more tags or categories with the currently viewed product.','','ignition',0),(746,'Cross-sells columns','','ignition',0),(747,'Cross-sells are products that you promote in the cart, based on the current product.','','ignition',0),(748,'Product images layout','','ignition',0),(749,'List','','ignition',0),(750,'Thumbnails Left','','ignition',0),(751,'Thumbnails Right','','ignition',0),(752,'Enable AJAX functionality','','ignition-nozama',0),(753,'When disabled, the search form will still be visible, however no search results will be suggested while typing.','','ignition-nozama',0),(754,'Show thumbnails','','ignition-nozama',0),(755,'Show excerpts','','ignition-nozama',0),(756,'Show prices','','ignition-nozama',0),(757,'No products match your query.','','ignition-nozama',0),(758,'Accordion Block','','gutenbee',0),(759,'Banner Block','','gutenbee',0),(760,'Button Block','','gutenbee',0),(761,'Buttons Block','','gutenbee',0),(762,'Container Block','','gutenbee',0),(763,'Column Block','','gutenbee',0),(764,'Countdown Block','','gutenbee',0),(765,'Countup Block','','gutenbee',0),(766,'Divider Block','','gutenbee',0),(767,'Google Map Block','','gutenbee',0),(768,'Heading Block','','gutenbee',0),(769,'Icon Block','','gutenbee',0),(770,'Icon Box Block','','gutenbee',0),(771,'Icon List Block','','gutenbee',0),(772,'Image Block','','gutenbee',0),(773,'Image Box Block','','gutenbee',0),(774,'Image Comparison Block','','gutenbee',0),(775,'Justified Gallery Block','','gutenbee',0),(776,'Paragraph Block','','gutenbee',0),(777,'Post Types Block','','gutenbee',0),(778,'Progress Block','','gutenbee',0),(779,'Review Block','','gutenbee',0),(780,'Slideshow Block','','gutenbee',0),(781,'Spacer Block','','gutenbee',0),(782,'Tab Slider Block','','gutenbee',0),(783,'Tabs Block','','gutenbee',0),(784,'Testimonial Block','','gutenbee',0),(785,'Video Block','','gutenbee',0),(786,'Video Embed Block','','gutenbee',0),(787,'Food Menu','','gutenbee',0),(788,'WordPress &rsaquo; Error','','default',0),(789,'Monthly','','woocommerce',0),(790,'Every 15 Days','','woocommerce',0),(791,'Every %d minutes','','woocommerce',0),(792,'Every minute','','woocommerce',0),(793,'Site title.','','default',0),(794,'Site tagline.','','default',0),(795,'Site URL.','','default',0),(796,'This address is used for admin purposes, like new user notification.','','default',0),(797,'A city in the same timezone as you.','','default',0),(798,'A date format for all date strings.','','default',0),(799,'A time format for all time strings.','','default',0),(800,'A day number of the week that the week should start on.','','default',0),(801,'WordPress locale code.','','default',0),(802,'Convert emoticons like :-) and :-P to graphics on display.','','default',0),(803,'Default post category.','','default',0),(804,'Default post format.','','default',0),(805,'Blog pages show at most.','','default',0),(806,'Allow link notifications from other blogs (pingbacks and trackbacks) on new articles.','','default',0),(807,'Allow people to submit comments on new posts.','','default',0),(808,'The URL of the resource for which to fetch oEmbed data.','','default',0),(809,'The oEmbed format to use.','','default',0),(810,'The maximum width of the embed frame in pixels.','','default',0),(811,'The maximum height of the embed frame in pixels.','','default',0),(812,'Whether to perform an oEmbed discovery request for unsanctioned providers.','','default',0),(813,'Color scheme.','','jetpack',0),(814,'Black','','jetpack',0),(815,'White','','jetpack',0),(816,'Show photo metadata (<a href=\"https://en.wikipedia.org/wiki/Exchangeable_image_file_format\" target=\"_blank\">Exif</a>) in carousel, when available.','','jetpack',0),(817,'Show comments area in carousel','','jetpack',0),(818,'Greeting Text','','jetpack',0),(819,'Leave a Reply','','jetpack',0),(820,'Color scheme','','jetpack',0),(821,'Light','','jetpack',0),(822,'Dark','','jetpack',0),(823,'Transparent','','jetpack',0),(824,'Enable or disable Jetpack portfolio post type.','','jetpack',0),(825,'Number of entries to show at most in Portfolio pages.','','jetpack',0),(826,'Enable or disable Jetpack testimonial post type.','','jetpack',0),(827,'Number of entries to show at most in Testimonial pages.','','jetpack',0),(828,'Display all your gallery pictures in a cool mosaic.','','jetpack',0),(829,'View people\'s profiles when you mouse over their Gravatars','','jetpack',0),(830,'Enabled','','jetpack',0),(831,'Disabled','','jetpack',0),(832,'To infinity and beyond','','jetpack',0),(833,'Use Google Analytics with Infinite Scroll','','jetpack',0),(834,'WordPress.com Likes are','','jetpack',0),(835,'On for all posts','','jetpack',0),(836,'Turned on per post','','jetpack',0),(837,'Send email notification when someone likes a post','','jetpack',0),(838,'Use Markdown for comments.','','jetpack',0),(839,'Use Markdown for posts.','','jetpack',0),(840,'Receive Monitor Email Notifications.','','jetpack',0),(841,'Email Address','','jetpack',0),(842,'Create Post by Email address','','jetpack',0),(843,'Regenerate Post by Email address','','jetpack',0),(844,'Delete Post by Email address','','jetpack',0),(845,'Protect API key','','jetpack',0),(846,'Protect global whitelist','','jetpack',0),(847,'Enabled Services and those hidden behind a button','','jetpack',0),(848,'Button Style','','jetpack',0),(849,'Icon + text','','jetpack',0),(850,'Icon only','','jetpack',0),(851,'Text only','','jetpack',0),(852,'Official buttons','','jetpack',0),(853,'Sharing Label','','jetpack',0),(854,'Views where buttons are shown','','jetpack',0),(855,'The Twitter username of the owner of this site\'s domain.','','jetpack',0),(856,'Disable CSS and JS','','jetpack',0),(857,'Custom sharing services added by user.','','jetpack',0),(858,'Delete custom sharing service.','','jetpack',0),(859,'Require Two-Step Authentication','','jetpack',0),(860,'Match by Email','','jetpack',0),(861,'Show a <em>\'follow blog\'</em> option in the comment form','','jetpack',0),(862,'Show a <em>\'follow comments\'</em> option in the comment form','','jetpack',0),(863,'Send email notification when someone follows my blog','','jetpack',0),(864,'Highlight related content with a heading','','jetpack',0),(865,'Show a thumbnail image where available','','jetpack',0),(866,'Enable Instant Search','','jetpack',0),(867,'Has an active Jetpack Search product purchase','','jetpack',0),(868,'Trigger an auto config of instant search','','jetpack',0),(869,'Google Search Console','','jetpack',0),(870,'Bing Webmaster Center','','jetpack',0),(871,'Pinterest Site Verification','','jetpack',0),(872,'Yandex Site Verification','','jetpack',0),(873,'Facebook Domain Verification','','jetpack',0),(874,'Display an ad unit at the top of each page.','','jetpack',0),(875,'Is site approved for WordAds?','','jetpack',0),(876,'Display second ad below post?','','jetpack',0),(877,'Display ads on the front page?','','jetpack',0),(878,'Display ads on posts?','','jetpack',0),(879,'Display ads on pages?','','jetpack',0),(880,'Display ads on archive pages?','','jetpack',0),(881,'Custom ads.txt','','jetpack',0),(882,'Custom ads.txt entries','','jetpack',0),(883,'Enable support for California Consumer Privacy Act','','jetpack',0),(884,'Privacy Policy URL','','jetpack',0),(885,'Google Analytics','','jetpack',0),(886,'Include a small chart in your admin bar with a 48-hour traffic snapshot.','','jetpack',0),(887,'Select the roles that will be able to view stats reports.','','jetpack',0),(888,'Count the page views of registered users who are logged in.','','jetpack',0),(889,'Blog ID.','','jetpack',0),(890,'Do not track.','','jetpack',0),(891,'Hide the stats smiley face image.','','jetpack',0),(892,'Version.','','jetpack',0),(893,'Primary language for the site.','','jetpack',0),(894,'Front page meta description.','','jetpack',0),(895,'SEO page title structures.','','jetpack',0),(896,'WordPress.org plugin directory slug.','','jetpack',0),(897,'The plugin activation status.','','jetpack',0),(898,'General','','woocommerce',0),(899,'Products','','woocommerce',0),(900,'Tax','','woocommerce',0),(901,'Shipping','','woocommerce',0),(902,'Payments','','woocommerce',0),(903,'Accounts &amp; Privacy','','woocommerce',0),(904,'Emails','','woocommerce',0),(905,'Integration','','woocommerce',0),(906,'Advanced','','woocommerce',0),(907,'New order','','woocommerce',0),(908,'New order emails are sent to chosen recipient(s) when a new order is received.','','woocommerce',0),(909,'Available placeholders: %s','','woocommerce',0),(910,'Enable this email notification','','woocommerce',0),(911,'Recipient(s)','','woocommerce',0),(912,'Enter recipients (comma separated) for this email. Defaults to %s.','','woocommerce',0),(913,'Subject','','woocommerce',0),(914,'[{site_title}]: New order #{order_number}','','woocommerce',0),(915,'Email heading','','woocommerce',0),(916,'New Order: #{order_number}','','woocommerce',0),(917,'Additional content','','woocommerce',0),(918,'Text to appear below the main email content.','','woocommerce',0),(919,'N/A','','woocommerce',0),(920,'Congratulations on the sale.','','woocommerce',0),(921,'Email type','','woocommerce',0),(922,'Choose which format of email to send.','','woocommerce',0),(923,'Plain text','','woocommerce',0),(924,'HTML','','woocommerce',0),(925,'Multipart','','woocommerce',0),(926,'Cancelled order','','woocommerce',0),(927,'Cancelled order emails are sent to chosen recipient(s) when orders have been marked cancelled (if they were previously processing or on-hold).','','woocommerce',0),(928,'[{site_title}]: Order #{order_number} has been cancelled','','woocommerce',0),(929,'Order Cancelled: #{order_number}','','woocommerce',0),(930,'Thanks for reading.','','woocommerce',0),(931,'Failed order','','woocommerce',0),(932,'Failed order emails are sent to chosen recipient(s) when orders have been marked failed (if they were previously pending or on-hold).','','woocommerce',0),(933,'[{site_title}]: Order #{order_number} has failed','','woocommerce',0),(934,'Order Failed: #{order_number}','','woocommerce',0),(935,'Hopefully they’ll be back. Read more about <a href=\"https://docs.woocommerce.com/document/managing-orders/\">troubleshooting failed payments</a>.','','woocommerce',0),(936,'Order on-hold','','woocommerce',0),(937,'This is an order notification sent to customers containing order details after an order is placed on-hold.','','woocommerce',0),(938,'Your {site_title} order has been received!','','woocommerce',0),(939,'Thank you for your order','','woocommerce',0),(940,'We look forward to fulfilling your order soon.','','woocommerce',0),(941,'Processing order','','woocommerce',0),(942,'This is an order notification sent to customers containing order details after payment.','','woocommerce',0),(943,'Thanks for using {site_url}!','','woocommerce',0),(944,'Completed order','','woocommerce',0),(945,'Order complete emails are sent to customers when their orders are marked completed and usually indicate that their orders have been shipped.','','woocommerce',0),(946,'Your {site_title} order is now complete','','woocommerce',0),(947,'Thanks for shopping with us','','woocommerce',0),(948,'Thanks for shopping with us.','','woocommerce',0),(949,'Refunded order','','woocommerce',0),(950,'Order refunded emails are sent to customers when their orders are refunded.','','woocommerce',0),(951,'Full refund subject','','woocommerce',0),(952,'Your {site_title} order #{order_number} has been refunded','','woocommerce',0),(953,'Partial refund subject','','woocommerce',0),(954,'Your {site_title} order #{order_number} has been partially refunded','','woocommerce',0),(955,'Full refund email heading','','woocommerce',0),(956,'Order Refunded: {order_number}','','woocommerce',0),(957,'Partial refund email heading','','woocommerce',0),(958,'Partial Refund: Order {order_number}','','woocommerce',0),(959,'We hope to see you again soon.','','woocommerce',0),(960,'Customer invoice / Order details','','woocommerce',0),(961,'Customer invoice emails can be sent to customers containing their order information and payment links.','','woocommerce',0),(962,'Your latest {site_title} invoice','','woocommerce',0),(963,'Your invoice for order #{order_number}','','woocommerce',0),(964,'Subject (paid)','','woocommerce',0),(965,'Invoice for order #{order_number} on {site_title}','','woocommerce',0),(966,'Email heading (paid)','','woocommerce',0),(967,'Invoice for order #{order_number}','','woocommerce',0),(968,'Customer note','','woocommerce',0),(969,'Customer note emails are sent when you add a note to an order.','','woocommerce',0),(970,'Note added to your {site_title} order from {order_date}','','woocommerce',0),(971,'A note has been added to your order','','woocommerce',0),(972,'Reset password','','woocommerce',0),(973,'Customer \"reset password\" emails are sent when customers reset their passwords.','','woocommerce',0),(974,'Password Reset Request for {site_title}','','woocommerce',0),(975,'Password Reset Request','','woocommerce',0),(976,'New account','','woocommerce',0),(977,'Customer \"new account\" emails are sent to the customer when a customer signs up via checkout or account pages.','','woocommerce',0),(978,'Your {site_title} account has been created!','','woocommerce',0),(979,'Welcome to {site_title}','','woocommerce',0),(980,'We look forward to seeing you soon.','','woocommerce',0),(981,'Failed Subscription Renewal SCA Authentication','','woocommerce-gateway-stripe',0),(982,'Sent to a customer when a renewal fails because the transaction requires an SCA verification. The email contains renewal order information and payment links.','','woocommerce-gateway-stripe',0),(983,'Payment authorization needed for renewal of {site_title} order {order_number}','','woocommerce-gateway-stripe',0),(984,'Payment authorization needed for renewal of order {order_number}','','woocommerce-gateway-stripe',0),(985,'Enable this email notification','','woocommerce-gateway-stripe',0),(986,'Pre-order Payment Action Needed','','woocommerce-gateway-stripe',0),(987,'This is an order notification sent to the customer once a pre-order is complete, but additional payment steps are required.','','woocommerce-gateway-stripe',0),(988,'Payment authorization needed for pre-order {order_number}','','woocommerce-gateway-stripe',0),(989,'Payment Authentication Requested Email','','woocommerce-gateway-stripe',0),(990,'Payment authentication requested emails are sent to chosen recipient(s) when an attempt to automatically process a subscription renewal payment fails because the transaction requires an SCA verification, the customer is requested to authenticate the payment, and a retry rule has been applied to notify the customer again within a certain time period.','','woocommerce-gateway-stripe',0),(991,'Automatic renewal payment failed due to authentication required','','woocommerce-gateway-stripe',0),(992,'[{site_title}] Automatic payment failed for {order_number}. Customer asked to authenticate payment and will be notified again {retry_time}','','woocommerce-gateway-stripe',0),(993,'You do not have the correct user permissions to perform this action.\n			Please contact your site admin if you think this is a mistake.','','jetpack',0),(994,'Indicates where the registration action was triggered for tracking/segmentation purposes','','jetpack',0),(995,'The registration nonce','','jetpack',0),(996,'Disable In-Place connection flow and go straight to Calypso','','jetpack',0),(997,'URI of the admin page where the user should be redirected after connection flow','','jetpack',0),(998,'Media collection search term.','','jetpack',0),(999,'Number of media items in the request','','jetpack',0),(1000,'Media data to copy.','','jetpack',0),(1001,'The post ID to attach the upload to.','','jetpack',0),(1002,'An Instagram Keyring access token.','','jetpack',0),(1003,'How many Instagram posts?','','jetpack',0),(1004,'The Podcast RSS feed URL.','','jetpack',0),(1005,'A list of unique identifiers for fetching specific podcast episodes.','','jetpack',0),(1006,'Whether we should return the episodes list for use in the selection UI','','jetpack',0),(1007,'The URL to check for redirects.','','jetpack',0),(1008,'The name of the transient to delete.','','jetpack',0),(1009,'The tweet URL to gather from.','','jetpack',0),(1010,'An array of serialized blocks, and editor-specific block information.','','jetpack',0),(1011,'An array of URLs to generate Twitter card details for.','','jetpack',0),(1012,'The post id for the attachment.','','jetpack',0),(1013,'The title of the video.','','jetpack',0),(1014,'The description of the video.','','jetpack',0),(1015,'The video content rating. One of G, PG-13, R-17 or X-18','','jetpack',0),(1016,'Display the share menu in the player.','','jetpack',0),(1017,'Scope under which the request is made; determines fields present in response.','','woocommerce',0),(1018,'List of applied cart coupons.','','woocommerce',0),(1019,'The coupon\'s unique code.','','woocommerce',0),(1020,'The discount type for the coupon (e.g. percentage or fixed amount)','','woocommerce',0),(1021,'Total amounts provided using the smallest unit of the currency.','','woocommerce',0),(1022,'Currency code (in ISO format) for returned prices.','','woocommerce',0),(1023,'Currency symbol for the currency which can be used to format returned prices.','','woocommerce',0),(1024,'Currency minor unit (number of digits after the decimal separator) for returned prices.','','woocommerce',0),(1025,'Decimal separator for the currency which can be used to format returned prices.','','woocommerce',0),(1026,'Thousand separator for the currency which can be used to format returned prices.','','woocommerce',0),(1027,'Price prefix for the currency which can be used to format returned prices.','','woocommerce',0),(1028,'Total discount applied by this coupon.','','woocommerce',0),(1029,'Total tax removed due to discount applied by this coupon.','','woocommerce',0),(1030,'List of available shipping rates for the cart.','','woocommerce',0),(1031,'The ID of the package the shipping rates belong to.','','woocommerce',0),(1032,'Name of the package.','','woocommerce',0),(1033,'Shipping destination address.','','woocommerce',0),(1034,'First line of the address being shipped to.','','woocommerce',0),(1035,'Second line of the address being shipped to.','','woocommerce',0),(1036,'City of the address being shipped to.','','woocommerce',0),(1037,'ISO code, or name, for the state, province, or district of the address being shipped to.','','woocommerce',0),(1038,'Zip or Postcode of the address being shipped to.','','woocommerce',0),(1039,'ISO code for the country of the address being shipped to.','','woocommerce',0),(1040,'List of cart items the returned shipping rates apply to.','','woocommerce',0),(1041,'Unique identifier for the item within the cart.','','woocommerce',0),(1042,'Name of the item.','','woocommerce',0),(1043,'Quantity of the item in the current package.','','woocommerce',0),(1044,'List of shipping rates.','','woocommerce',0),(1045,'ID of the shipping rate.','','woocommerce',0),(1046,'Name of the shipping rate, e.g. Express shipping.','','woocommerce',0),(1047,'Description of the shipping rate, e.g. Dispatched via USPS.','','woocommerce',0),(1048,'Delivery time estimate text, e.g. 3-5 business days.','','woocommerce',0),(1049,'Price of this shipping rate using the smallest unit of the currency.','','woocommerce',0),(1050,'Taxes applied to this shipping rate using the smallest unit of the currency.','','woocommerce',0),(1051,'ID of the shipping method that provided the rate.','','woocommerce',0),(1052,'Instance ID of the shipping method that provided the rate.','','woocommerce',0),(1053,'Meta data attached to the shipping rate.','','woocommerce',0),(1054,'Meta key.','','woocommerce',0),(1055,'Meta value.','','woocommerce',0),(1056,'True if this is the rate currently selected by the customer for the cart.','','woocommerce',0),(1057,'Current set shipping address for the customer.','','woocommerce',0),(1058,'First name','','woocommerce',0),(1059,'Last name','','woocommerce',0),(1060,'Company','','woocommerce',0),(1061,'Address','','woocommerce',0),(1062,'Apartment, suite, etc.','','woocommerce',0),(1063,'City','','woocommerce',0),(1064,'State/County code, or name of the state, county, province, or district.','','woocommerce',0),(1065,'Postal code','','woocommerce',0),(1066,'Country/Region code in ISO 3166-1 alpha-2 format.','','woocommerce',0),(1067,'Current set billing address for the customer.','','woocommerce',0),(1068,'Email','','woocommerce',0),(1069,'Phone','','woocommerce',0),(1070,'List of cart items.','','woocommerce',0),(1071,'The cart item product or variation ID.','','woocommerce',0),(1072,'Quantity of this item in the cart.','','woocommerce',0),(1073,'The maximum quantity than can be added to the cart at once.','','woocommerce',0),(1074,'Product name.','','woocommerce',0),(1075,'Product short description in HTML format.','','woocommerce',0),(1076,'Product full description in HTML format.','','woocommerce',0),(1077,'Stock keeping unit, if applicable.','','woocommerce',0),(1078,'Quantity left in stock if stock is low, or null if not applicable.','','woocommerce',0),(1079,'True if backorders are allowed past stock availability.','','woocommerce',0),(1080,'True if the product is on backorder.','','woocommerce',0),(1081,'If true, only one item of this product is allowed for purchase in a single order.','','woocommerce',0),(1082,'Product URL.','','woocommerce',0),(1083,'List of images.','','woocommerce',0),(1084,'Image ID.','','woocommerce',0),(1085,'Full size image URL.','','woocommerce',0),(1086,'Thumbnail URL.','','woocommerce',0),(1087,'Thumbnail srcset for responsive images.','','woocommerce',0),(1088,'Thumbnail sizes for responsive images.','','woocommerce',0),(1089,'Image name.','','woocommerce',0),(1090,'Image alternative text.','','woocommerce',0),(1091,'Chosen attributes (for variations).','','woocommerce',0),(1092,'Variation attribute name.','','woocommerce',0),(1093,'Variation attribute value.','','woocommerce',0),(1094,'Metadata related to the cart item','','woocommerce',0),(1095,'Name of the metadata.','','woocommerce',0),(1096,'Value of the metadata.','','woocommerce',0),(1097,'Optionally, how the metadata value should be displayed to the user.','','woocommerce',0),(1098,'Price data for the product in the current line item, including or excluding taxes based on the \"display prices during cart and checkout\" setting. Provided using the smallest unit of the currency.','','woocommerce',0),(1099,'Current product price.','','woocommerce',0),(1100,'Regular product price.','','woocommerce',0),(1101,'Sale product price, if applicable.','','woocommerce',0),(1102,'Price range, if applicable.','','woocommerce',0),(1103,'Price amount.','','woocommerce',0),(1104,'Raw unrounded product prices used in calculations. Provided using a higher unit of precision than the currency.','','woocommerce',0),(1105,'Decimal precision of the returned prices.','','woocommerce',0),(1106,'Item total amounts provided using the smallest unit of the currency.','','woocommerce',0),(1107,'Line subtotal (the price of the product before coupon discounts have been applied).','','woocommerce',0),(1108,'Line subtotal tax.','','woocommerce',0),(1109,'Line total (the price of the product after coupon discounts have been applied).','','woocommerce',0),(1110,'Line total tax.','','woocommerce',0),(1111,'Whether the product is visible in the catalog','','woocommerce',0),(1112,'Extensions data.','','woocommerce',0),(1113,'Number of items in the cart.','','woocommerce',0),(1114,'Total weight (in grams) of all products in the cart.','','woocommerce',0),(1115,'True if the cart needs payment. False for carts with only free products and no shipping costs.','','woocommerce',0),(1116,'True if the cart needs shipping. False for carts with only digital goods or stores with no shipping methods set-up.','','woocommerce',0),(1117,'True if the cart meets the criteria for showing shipping costs, and rates have been calculated and included in the totals.','','woocommerce',0),(1118,'List of cart fees.','','woocommerce',0),(1119,'Unique identifier for the fee within the cart.','','woocommerce',0),(1120,'Fee name.','','woocommerce',0),(1121,'Fee total amounts provided using the smallest unit of the currency.','','woocommerce',0),(1122,'Total amount for this fee.','','woocommerce',0),(1123,'Total tax amount for this fee.','','woocommerce',0),(1124,'Cart total amounts provided using the smallest unit of the currency.','','woocommerce',0),(1125,'Total price of items in the cart.','','woocommerce',0),(1126,'Total tax on items in the cart.','','woocommerce',0),(1127,'Total price of any applied fees.','','woocommerce',0),(1128,'Total tax on fees.','','woocommerce',0),(1129,'Total discount from applied coupons.','','woocommerce',0),(1130,'Total tax removed due to discount from applied coupons.','','woocommerce',0),(1131,'Total price of shipping. If shipping has not been calculated, a null response will be sent.','','woocommerce',0),(1132,'Total tax on shipping. If shipping has not been calculated, a null response will be sent.','','woocommerce',0),(1133,'Total price the customer will pay.','','woocommerce',0),(1134,'Total tax applied to items and shipping.','','woocommerce',0),(1135,'Lines of taxes applied to items and shipping.','','woocommerce',0),(1136,'The name of the tax.','','woocommerce',0),(1137,'The amount of tax charged.','','woocommerce',0),(1138,'List of cart item errors, for example, items in the cart which are out of stock.','','woocommerce',0),(1139,'Error code','','woocommerce',0),(1140,'Error message','','woocommerce',0),(1141,'List of required payment gateway features to process the order.','','woocommerce',0),(1142,'The time at which this cart data was prepared','','woocommerce',0),(1143,'Unique identifier for the coupon within the cart.','','woocommerce',0),(1144,'Unique identifier (key) for the cart item.','','woocommerce',0),(1145,'The ID of the package being shipped.','','woocommerce',0),(1146,'The chosen rate ID for the package.','','woocommerce',0),(1147,'Unique identifier (key) for the cart item to update.','','woocommerce',0),(1148,'New quantity of the item in the cart.','','woocommerce',0),(1149,'Billing address.','','woocommerce',0),(1150,'Shipping address.','','woocommerce',0),(1151,'The order ID to process during checkout.','','woocommerce',0),(1152,'Order status. Payment providers will update this value after payment.','','woocommerce',0),(1153,'Order key used to check validity or protect access to certain order data.','','woocommerce',0),(1154,'Note added to the order by the customer during checkout.','','woocommerce',0),(1155,'Customer ID if registered. Will return 0 for guests.','','woocommerce',0),(1156,'The ID of the payment method being used to process the payment.','','woocommerce',0),(1157,'Whether to create a new user account as part of order processing.','','woocommerce',0),(1158,'Result of payment processing, or false if not yet processed.','','woocommerce',0),(1159,'Status of the payment returned by the gateway. One of success, pending, failure, error.','','woocommerce',0),(1160,'An array of data being returned from the payment gateway.','','woocommerce',0),(1161,'A URL to redirect the customer after checkout. This could be, for example, a link to the payment processors website.','','woocommerce',0),(1162,'Data to pass through to the payment method when processing payment.','','woocommerce',0),(1163,'Unique identifier for the resource.','','woocommerce',0),(1164,'Attribute name.','','woocommerce',0),(1165,'The attribute taxonomy name.','','woocommerce',0),(1166,'Attribute type.','','woocommerce',0),(1167,'How terms in this attribute are sorted by default.','','woocommerce',0),(1168,'If this attribute has term archive pages.','','woocommerce',0),(1169,'Number of terms in the attribute taxonomy.','','woocommerce',0),(1170,'Unique identifier for the attribute.','','woocommerce',0),(1171,'Term name.','','woocommerce',0),(1172,'String based identifier for the term.','','woocommerce',0),(1173,'Term description.','','woocommerce',0),(1174,'Parent term ID, if applicable.','','woocommerce',0),(1175,'Number of objects (posts of any type) assigned to the term.','','woocommerce',0),(1176,'Current page of the collection.','','woocommerce',0),(1177,'Maximum number of items to be returned in result set. Defaults to no limit if left blank.','','woocommerce',0),(1178,'Limit results to those matching a string.','','woocommerce',0),(1179,'Ensure result set excludes specific IDs.','','woocommerce',0),(1180,'Limit result set to specific ids.','','woocommerce',0),(1181,'Sort ascending or descending.','','woocommerce',0),(1182,'Sort by term property.','','woocommerce',0),(1183,'If true, empty terms will not be returned.','','woocommerce',0),(1184,'Category image.','','woocommerce',0),(1185,'Number of reviews for products in this category.','','woocommerce',0),(1186,'Category URL.','','woocommerce',0),(1187,'Min and max prices found in collection of products, provided using the smallest unit of the currency.','','woocommerce',0),(1188,'Min price found in collection of products.','','woocommerce',0),(1189,'Max price found in collection of products.','','woocommerce',0),(1190,'Returns number of products within attribute terms.','','woocommerce',0),(1191,'Term ID','','woocommerce',0),(1192,'Number of products.','','woocommerce',0),(1193,'Returns number of products with each average rating.','','woocommerce',0),(1194,'Average rating','','woocommerce',0),(1195,'Limit response to resources created after a given ISO8601 compliant date.','','woocommerce',0),(1196,'Limit response to resources created before a given ISO8601 compliant date.','','woocommerce',0),(1197,'When limiting response using after/before, which date column to compare against.','','woocommerce',0),(1198,'Offset the result set by a specific number of items.','','woocommerce',0),(1199,'Order sort attribute ascending or descending.','','woocommerce',0),(1200,'Sort collection by object attribute.','','woocommerce',0),(1201,'Limit result set to those of particular parent IDs.','','woocommerce',0),(1202,'Limit result set to all items except those of a particular parent ID.','','woocommerce',0),(1203,'Limit result set to products assigned a specific type.','','woocommerce',0),(1204,'Simple product','','woocommerce',0),(1205,'Grouped product','','woocommerce',0),(1206,'External/Affiliate product','','woocommerce',0),(1207,'Variable product','','woocommerce',0),(1208,'Limit result set to products with specific SKU(s). Use commas to separate.','','woocommerce',0),(1209,'Limit result set to featured products.','','woocommerce',0),(1210,'Limit result set to products assigned a specific category ID.','','woocommerce',0),(1211,'Operator to compare product category terms.','','woocommerce',0),(1212,'Limit result set to products assigned a specific tag ID.','','woocommerce',0),(1213,'Operator to compare product tags.','','woocommerce',0),(1214,'Limit result set to products on sale.','','woocommerce',0),(1215,'Limit result set to products based on a minimum price, provided using the smallest unit of the currency.','','woocommerce',0),(1216,'Limit result set to products based on a maximum price, provided using the smallest unit of the currency.','','woocommerce',0),(1217,'Limit result set to products with specified stock status.','','woocommerce',0),(1218,'Limit result set to products with selected global attributes.','','woocommerce',0),(1219,'Attribute taxonomy name.','','woocommerce',0),(1220,'List of attribute term IDs.','','woocommerce',0),(1221,'List of attribute slug(s). If a term ID is provided, this will be ignored.','','woocommerce',0),(1222,'Operator to compare product attribute terms.','','woocommerce',0),(1223,'The logical relationship between attributes when filtering across multiple at once.','','woocommerce',0),(1224,'Determines if hidden or visible catalog products are shown.','','woocommerce',0),(1225,'Limit result set to products with a certain average rating.','','woocommerce',0),(1226,'If true, calculates the minimum and maximum product prices for the collection.','','woocommerce',0),(1227,'If requested, calculates attribute term counts for products in the collection.','','woocommerce',0),(1228,'Taxonomy name.','','woocommerce',0),(1229,'Query type being performed which may affect counts. Valid values include \"and\" and \"or\".','','woocommerce',0),(1230,'If true, calculates rating counts for products in the collection.','','woocommerce',0),(1231,'The date the review was created, in the site\'s timezone.','','woocommerce',0),(1232,'The date the review was created, in the site\'s timezone in human-readable format.','','woocommerce',0),(1233,'The date the review was created, as GMT.','','woocommerce',0),(1234,'Unique identifier for the product that the review belongs to.','','woocommerce',0),(1235,'Name of the product that the review belongs to.','','woocommerce',0),(1236,'Permalink of the product that the review belongs to.','','woocommerce',0),(1237,'Image of the product that the review belongs to.','','woocommerce',0),(1238,'Reviewer name.','','woocommerce',0),(1239,'The content of the review.','','woocommerce',0),(1240,'Review rating (0 to 5).','','woocommerce',0),(1241,'Shows if the reviewer bought the product or not.','','woocommerce',0),(1242,'Avatar URL with image size of %d pixels.','','woocommerce',0),(1243,'Avatar URLs for the object reviewer.','','woocommerce',0),(1244,'Limit result set to reviews from specific category IDs.','','woocommerce',0),(1245,'Limit result set to reviews from specific product IDs.','','woocommerce',0),(1246,'ID of the parent product, if applicable.','','woocommerce',0),(1247,'Product type.','','woocommerce',0),(1248,'Product variation attributes, if applicable.','','woocommerce',0),(1249,'Is the product on sale?','','woocommerce',0),(1250,'Unique identifier.','','woocommerce',0),(1251,'Price data provided using the smallest unit of the currency.','','woocommerce',0),(1252,'Price string formatted as HTML.','','woocommerce',0),(1253,'Reviews average rating.','','woocommerce',0),(1254,'Amount of reviews that the product has.','','woocommerce',0),(1255,'List of categories, if applicable.','','woocommerce',0),(1256,'Category ID','','woocommerce',0),(1257,'Category name','','woocommerce',0),(1258,'Category slug','','woocommerce',0),(1259,'Category link','','woocommerce',0),(1260,'List of tags, if applicable.','','woocommerce',0),(1261,'Tag ID','','woocommerce',0),(1262,'Tag name','','woocommerce',0),(1263,'Tag slug','','woocommerce',0),(1264,'Tag link','','woocommerce',0),(1265,'List of attributes assigned to the product/variation that are visible or used for variations.','','woocommerce',0),(1266,'The attribute ID, or 0 if the attribute is not taxonomy based.','','woocommerce',0),(1267,'The attribute name.','','woocommerce',0),(1268,'The attribute taxonomy, or null if the attribute is not taxonomy based.','','woocommerce',0),(1269,'True if this attribute is used by product variations.','','woocommerce',0),(1270,'List of assigned attribute terms.','','woocommerce',0),(1271,'The term ID, or 0 if the attribute is not a global attribute.','','woocommerce',0),(1272,'The term name.','','woocommerce',0),(1273,'The term slug.','','woocommerce',0),(1274,'List of variation IDs, if applicable.','','woocommerce',0),(1275,'List of variation attributes.','','woocommerce',0),(1276,'The assigned attribute.','','woocommerce',0),(1277,'Does the product have additional options before it can be added to the cart?','','woocommerce',0),(1278,'Is the product purchasable?','','woocommerce',0),(1279,'Is the product in stock?','','woocommerce',0),(1280,'Is the product stock backordered? This will also return false if backorder notifications are turned off.','','woocommerce',0),(1281,'Add to cart button parameters.','','woocommerce',0),(1282,'Button text.','','woocommerce',0),(1283,'Button description.','','woocommerce',0),(1284,'Add to cart URL.','','woocommerce',0),(1285,'Scope under which the request is made; determines fields present in response.','','default',0),(1286,'ID of the note record.','','woocommerce',0),(1287,'Name of the note.','','woocommerce',0),(1288,'The type of the note (e.g. error, warning, etc.).','','woocommerce',0),(1289,'Locale used for the note title and content.','','woocommerce',0),(1290,'Title of the note.','','woocommerce',0),(1291,'Content of the note.','','woocommerce',0),(1292,'Content data for the note. JSON string. Available for re-localization.','','woocommerce',0),(1293,'The status of the note (e.g. unactioned, actioned).','','woocommerce',0),(1294,'Source of the note.','','woocommerce',0),(1295,'Date the note was created.','','woocommerce',0),(1296,'Date the note was created (GMT).','','woocommerce',0),(1297,'Date after which the user should be reminded of the note, if any.','','woocommerce',0),(1298,'Date after which the user should be reminded of the note, if any (GMT).','','woocommerce',0),(1299,'Whether or not a user can request to be reminded about the note.','','woocommerce',0),(1300,'An array of actions, if any, for the note.','','woocommerce',0),(1301,'The layout of the note (e.g. banner, thumbnail, plain).','','woocommerce',0),(1302,'The image of the note, if any.','','woocommerce',0),(1303,'Registers whether the note is deleted or not','','woocommerce',0),(1304,'Maximum number of items to be returned in result set.','','woocommerce',0),(1305,'Type of note.','','woocommerce',0),(1306,'Status of note.','','woocommerce',0),(1307,'Unique ID for the resource.','','woocommerce',0),(1308,'Unique ID for the Note.','','woocommerce',0),(1309,'Unique ID for the Note Action.','','woocommerce',0),(1310,'Unique identifier for the object.','','woocommerce',0),(1311,'Coupon code.','','woocommerce',0),(1312,'The amount of discount. Should always be numeric, even if setting a percentage.','','woocommerce',0),(1313,'The date the coupon was created, in the site\'s timezone.','','woocommerce',0),(1314,'The date the coupon was created, as GMT.','','woocommerce',0),(1315,'The date the coupon was last modified, in the site\'s timezone.','','woocommerce',0),(1316,'The date the coupon was last modified, as GMT.','','woocommerce',0),(1317,'Determines the type of discount that will be applied.','','woocommerce',0),(1318,'Percentage discount','','woocommerce',0),(1319,'Fixed cart discount','','woocommerce',0),(1320,'Fixed product discount','','woocommerce',0),(1321,'Coupon description.','','woocommerce',0),(1322,'The date the coupon expires, in the site\'s timezone.','','woocommerce',0),(1323,'The date the coupon expires, as GMT.','','woocommerce',0),(1324,'Number of times the coupon has been used already.','','woocommerce',0),(1325,'If true, the coupon can only be used individually. Other applied coupons will be removed from the cart.','','woocommerce',0),(1326,'List of product IDs the coupon can be used on.','','woocommerce',0),(1327,'List of product IDs the coupon cannot be used on.','','woocommerce',0),(1328,'How many times the coupon can be used in total.','','woocommerce',0),(1329,'How many times the coupon can be used per customer.','','woocommerce',0),(1330,'Max number of items in the cart the coupon can be applied to.','','woocommerce',0),(1331,'If true and if the free shipping method requires a coupon, this coupon will enable free shipping.','','woocommerce',0),(1332,'List of category IDs the coupon applies to.','','woocommerce',0),(1333,'List of category IDs the coupon does not apply to.','','woocommerce',0),(1334,'If true, this coupon will not be applied to items that have sale prices.','','woocommerce',0),(1335,'Minimum order amount that needs to be in the cart before coupon applies.','','woocommerce',0),(1336,'Maximum order amount allowed when using the coupon.','','woocommerce',0),(1337,'List of email addresses that can use this coupon.','','woocommerce',0),(1338,'List of user IDs (or guest email addresses) that have used the coupon.','','woocommerce',0),(1339,'Meta data.','','woocommerce',0),(1340,'Meta ID.','','woocommerce',0),(1341,'Limit response to resources published after a given ISO8601 compliant date.','','woocommerce',0),(1342,'Limit response to resources published before a given ISO8601 compliant date.','','woocommerce',0),(1343,'Whether to use GMT post dates.','','woocommerce',0),(1344,'Limit result set to resources with a specific code.','','woocommerce',0),(1345,'Limit results to coupons with codes matching a given string.','','woocommerce',0),(1346,'Whether to bypass trash and force deletion.','','woocommerce',0),(1347,'Customer ID.','','woocommerce',0),(1348,'User ID.','','woocommerce',0),(1349,'Name.','','woocommerce',0),(1350,'Username.','','woocommerce',0),(1351,'Country / Region.','','woocommerce',0),(1352,'City.','','woocommerce',0),(1353,'Region.','','woocommerce',0),(1354,'Postal code.','','woocommerce',0),(1355,'Date registered.','','woocommerce',0),(1356,'Date registered GMT.','','woocommerce',0),(1357,'Date last active.','','woocommerce',0),(1358,'Date last active GMT.','','woocommerce',0),(1359,'Order count.','','woocommerce',0),(1360,'Total spend.','','woocommerce',0),(1361,'Avg order value.','','woocommerce',0),(1362,'Limit response to objects registered before (or at) a given ISO8601 compliant datetime.','','woocommerce',0),(1363,'Limit response to objects registered after (or at) a given ISO8601 compliant datetime.','','woocommerce',0),(1364,'Limit response to resources with orders published after a given ISO8601 compliant date.','','woocommerce',0),(1365,'Limit response to resources with orders published before a given ISO8601 compliant date.','','woocommerce',0),(1366,'Indicates whether all the conditions should be true for the resulting set, or if any one of them is sufficient. Match affects the following parameters: status_is, status_is_not, product_includes, product_excludes, coupon_includes, coupon_excludes, customer, categories','','woocommerce',0),(1367,'Limit response to objects with a customer field containing the search term. Searches the field provided by `searchby`.','','woocommerce',0),(1368,'Limit response to objects with specfic names.','','woocommerce',0),(1369,'Limit response to objects excluding specfic names.','','woocommerce',0),(1370,'Limit response to objects with specfic usernames.','','woocommerce',0),(1371,'Limit response to objects excluding specfic usernames.','','woocommerce',0),(1372,'Limit response to objects including emails.','','woocommerce',0),(1373,'Limit response to objects excluding emails.','','woocommerce',0),(1374,'Limit response to objects with specfic countries.','','woocommerce',0),(1375,'Limit response to objects excluding specfic countries.','','woocommerce',0),(1376,'Limit response to objects last active before (or at) a given ISO8601 compliant datetime.','','woocommerce',0),(1377,'Limit response to objects last active after (or at) a given ISO8601 compliant datetime.','','woocommerce',0),(1378,'Limit response to objects last active between two given ISO8601 compliant datetime.','','woocommerce',0),(1379,'Limit response to objects with an order count greater than or equal to given integer.','','woocommerce',0),(1380,'Limit response to objects with an order count less than or equal to given integer.','','woocommerce',0),(1381,'Limit response to objects with an order count between two given integers.','','woocommerce',0),(1382,'Limit response to objects with a total order spend greater than or equal to given number.','','woocommerce',0),(1383,'Limit response to objects with a total order spend less than or equal to given number.','','woocommerce',0),(1384,'Limit response to objects with a total order spend between two given numbers.','','woocommerce',0),(1385,'Limit response to objects with an average order spend greater than or equal to given number.','','woocommerce',0),(1386,'Limit response to objects with an average order spend less than or equal to given number.','','woocommerce',0),(1387,'Limit response to objects with an average order spend between two given numbers.','','woocommerce',0),(1388,'Limit response to objects with last order before (or at) a given ISO8601 compliant datetime.','','woocommerce',0),(1389,'Limit response to objects with last order after (or at) a given ISO8601 compliant datetime.','','woocommerce',0),(1390,'Limit result to items with specified customer ids.','','woocommerce',0),(1391,'ISO3166 alpha-2 country code.','','woocommerce',0),(1392,'URL query to persist across links.','','woocommerce',0),(1393,'Data resource ID.','','woocommerce',0),(1394,'Data resource description.','','woocommerce',0),(1395,'Current page of the collection.','','default',0),(1396,'Maximum number of items to be returned in result set.','','default',0),(1397,'Limit results to those matching a string.','','default',0),(1398,'Parent order ID.','','woocommerce',0),(1399,'Order number.','','woocommerce',0),(1400,'Order key.','','woocommerce',0),(1401,'Shows where the order was created.','','woocommerce',0),(1402,'Version of WooCommerce which last updated the order.','','woocommerce',0),(1403,'Order status.','','woocommerce',0),(1404,'Pending payment','','woocommerce',0),(1405,'Processing','','woocommerce',0),(1406,'On hold','','woocommerce',0),(1407,'Completed','','woocommerce',0),(1408,'Cancelled','','woocommerce',0),(1409,'Refunded','','woocommerce',0),(1410,'Failed','','woocommerce',0),(1411,'Currency the order was created with, in ISO format.','','woocommerce',0),(1412,'The date the order was created, in the site\'s timezone.','','woocommerce',0),(1413,'The date the order was created, as GMT.','','woocommerce',0),(1414,'The date the order was last modified, in the site\'s timezone.','','woocommerce',0),(1415,'The date the order was last modified, as GMT.','','woocommerce',0),(1416,'Total discount amount for the order.','','woocommerce',0),(1417,'Total discount tax amount for the order.','','woocommerce',0),(1418,'Total shipping amount for the order.','','woocommerce',0),(1419,'Total shipping tax amount for the order.','','woocommerce',0),(1420,'Sum of line item taxes only.','','woocommerce',0),(1421,'Grand total.','','woocommerce',0),(1422,'Sum of all taxes.','','woocommerce',0),(1423,'True the prices included tax during checkout.','','woocommerce',0),(1424,'User ID who owns the order. 0 for guests.','','woocommerce',0),(1425,'Customer\'s IP address.','','woocommerce',0),(1426,'User agent of the customer.','','woocommerce',0),(1427,'Note left by customer during checkout.','','woocommerce',0),(1428,'First name.','','woocommerce',0),(1429,'Last name.','','woocommerce',0),(1430,'Company name.','','woocommerce',0),(1431,'Address line 1','','woocommerce',0),(1432,'Address line 2','','woocommerce',0),(1433,'City name.','','woocommerce',0),(1434,'ISO code or name of the state, province or district.','','woocommerce',0),(1435,'Country code in ISO 3166-1 alpha-2 format.','','woocommerce',0),(1436,'Email address.','','woocommerce',0),(1437,'Phone number.','','woocommerce',0),(1438,'Payment method ID.','','woocommerce',0),(1439,'Payment method title.','','woocommerce',0),(1440,'Unique transaction ID.','','woocommerce',0),(1441,'The date the order was paid, in the site\'s timezone.','','woocommerce',0),(1442,'The date the order was paid, as GMT.','','woocommerce',0),(1443,'The date the order was completed, in the site\'s timezone.','','woocommerce',0),(1444,'The date the order was completed, as GMT.','','woocommerce',0),(1445,'MD5 hash of cart items to ensure orders are not modified.','','woocommerce',0),(1446,'Line items data.','','woocommerce',0),(1447,'Item ID.','','woocommerce',0),(1448,'Parent product name if the product is a variation.','','woocommerce',0),(1449,'Product ID.','','woocommerce',0),(1450,'Variation ID, if applicable.','','woocommerce',0),(1451,'Quantity ordered.','','woocommerce',0),(1452,'Tax class of product.','','woocommerce',0),(1453,'Line subtotal (before discounts).','','woocommerce',0),(1454,'Line subtotal tax (before discounts).','','woocommerce',0),(1455,'Line total (after discounts).','','woocommerce',0),(1456,'Line total tax (after discounts).','','woocommerce',0),(1457,'Line taxes.','','woocommerce',0),(1458,'Tax rate ID.','','woocommerce',0),(1459,'Tax total.','','woocommerce',0),(1460,'Tax subtotal.','','woocommerce',0),(1461,'Meta key for UI display.','','woocommerce',0),(1462,'Meta value for UI display.','','woocommerce',0),(1463,'Product SKU.','','woocommerce',0),(1464,'Product price.','','woocommerce',0),(1465,'Tax lines data.','','woocommerce',0),(1466,'Tax rate code.','','woocommerce',0),(1467,'Tax rate label.','','woocommerce',0),(1468,'Show if is a compound tax rate.','','woocommerce',0),(1469,'Tax total (not including shipping taxes).','','woocommerce',0),(1470,'Shipping tax total.','','woocommerce',0),(1471,'Shipping lines data.','','woocommerce',0),(1472,'Shipping method name.','','woocommerce',0),(1473,'Shipping method ID.','','woocommerce',0),(1474,'Shipping instance ID.','','woocommerce',0),(1475,'Fee lines data.','','woocommerce',0),(1476,'Tax class of fee.','','woocommerce',0),(1477,'Tax status of fee.','','woocommerce',0),(1478,'Coupons line data.','','woocommerce',0),(1479,'Discount total.','','woocommerce',0),(1480,'Discount total tax.','','woocommerce',0),(1481,'List of refunds.','','woocommerce',0),(1482,'Refund ID.','','woocommerce',0),(1483,'Refund reason.','','woocommerce',0),(1484,'Refund total.','','woocommerce',0),(1485,'Define if the order is paid. It will set the status to processing and reduce stock items.','','woocommerce',0),(1486,'Limit result set to orders assigned a specific status.','','woocommerce',0),(1487,'Limit result set to orders assigned a specific customer.','','woocommerce',0),(1488,'Limit result set to orders assigned a specific product.','','woocommerce',0),(1489,'Number of decimal points to use in each resource.','','woocommerce',0),(1490,'Limit result set to orders which have specific statuses.','','woocommerce',0),(1491,'Limit result set to orders matching part of an order number.','','woocommerce',0),(1492,'Product slug.','','woocommerce',0),(1493,'The date the product was created, in the site\'s timezone.','','woocommerce',0),(1494,'The date the product was created, as GMT.','','woocommerce',0),(1495,'The date the product was last modified, in the site\'s timezone.','','woocommerce',0),(1496,'The date the product was last modified, as GMT.','','woocommerce',0),(1497,'Product status (post status).','','woocommerce',0),(1498,'Draft','','default',0),(1499,'Pending Review','','default',0),(1500,'Private','','default',0),(1501,'Published','','default',0),(1502,'Featured product.','','woocommerce',0),(1503,'Catalog visibility.','','woocommerce',0),(1504,'Product description.','','woocommerce',0),(1505,'Product short description.','','woocommerce',0),(1506,'Product regular price.','','woocommerce',0),(1507,'Product sale price.','','woocommerce',0),(1508,'Start date of sale price, in the site\'s timezone.','','woocommerce',0),(1509,'Start date of sale price, as GMT.','','woocommerce',0),(1510,'End date of sale price, in the site\'s timezone.','','woocommerce',0),(1511,'Price formatted in HTML.','','woocommerce',0),(1512,'Shows if the product is on sale.','','woocommerce',0),(1513,'Shows if the product can be bought.','','woocommerce',0),(1514,'Amount of sales.','','woocommerce',0),(1515,'If the product is virtual.','','woocommerce',0),(1516,'If the product is downloadable.','','woocommerce',0),(1517,'List of downloadable files.','','woocommerce',0),(1518,'File ID.','','woocommerce',0),(1519,'File name.','','woocommerce',0),(1520,'File URL.','','woocommerce',0),(1521,'Number of times downloadable files can be downloaded after purchase.','','woocommerce',0),(1522,'Number of days until access to downloadable files expires.','','woocommerce',0),(1523,'Product external URL. Only for external products.','','woocommerce',0),(1524,'Product external button text. Only for external products.','','woocommerce',0),(1525,'Tax status.','','woocommerce',0),(1526,'Tax class.','','woocommerce',0),(1527,'Stock management at product level.','','woocommerce',0),(1528,'Stock quantity.','','woocommerce',0),(1529,'Controls the stock status of the product.','','woocommerce',0),(1530,'If managing stock, this controls if backorders are allowed.','','woocommerce',0),(1531,'Shows if backorders are allowed.','','woocommerce',0),(1532,'Shows if the product is on backordered.','','woocommerce',0),(1533,'Low Stock amount for the product.','','woocommerce',0),(1534,'Allow one item to be bought in a single order.','','woocommerce',0),(1535,'Product weight (%s).','','woocommerce',0),(1536,'Product dimensions.','','woocommerce',0),(1537,'Product length (%s).','','woocommerce',0),(1538,'Product width (%s).','','woocommerce',0),(1539,'Product height (%s).','','woocommerce',0),(1540,'Shows if the product need to be shipped.','','woocommerce',0),(1541,'Shows whether or not the product shipping is taxable.','','woocommerce',0),(1542,'Shipping class slug.','','woocommerce',0),(1543,'Shipping class ID.','','woocommerce',0),(1544,'Allow reviews.','','woocommerce',0),(1545,'Amount of reviews that the product have.','','woocommerce',0),(1546,'List of related products IDs.','','woocommerce',0),(1547,'List of up-sell products IDs.','','woocommerce',0),(1548,'List of cross-sell products IDs.','','woocommerce',0),(1549,'Product parent ID.','','woocommerce',0),(1550,'Optional note to send the customer after purchase.','','woocommerce',0),(1551,'List of categories.','','woocommerce',0),(1552,'Category ID.','','woocommerce',0),(1553,'Category name.','','woocommerce',0),(1554,'Category slug.','','woocommerce',0),(1555,'List of tags.','','woocommerce',0),(1556,'Tag ID.','','woocommerce',0),(1557,'Tag name.','','woocommerce',0),(1558,'Tag slug.','','woocommerce',0),(1559,'The date the image was created, in the site\'s timezone.','','woocommerce',0),(1560,'The date the image was created, as GMT.','','woocommerce',0),(1561,'The date the image was last modified, in the site\'s timezone.','','woocommerce',0),(1562,'The date the image was last modified, as GMT.','','woocommerce',0),(1563,'Image URL.','','woocommerce',0),(1564,'List of attributes.','','woocommerce',0),(1565,'Attribute ID.','','woocommerce',0),(1566,'Attribute position.','','woocommerce',0),(1567,'Define if the attribute is visible on the \"Additional information\" tab in the product\'s page.','','woocommerce',0),(1568,'Define if the attribute can be used as variation.','','woocommerce',0),(1569,'List of available term names of the attribute.','','woocommerce',0),(1570,'Defaults variation attributes.','','woocommerce',0),(1571,'Selected attribute term name.','','woocommerce',0),(1572,'List of variations IDs.','','woocommerce',0),(1573,'List of grouped products ID.','','woocommerce',0),(1574,'Menu order, used to custom sort products.','','woocommerce',0),(1575,'The date the last order for this product was placed, in the site\'s timezone.','','woocommerce',0),(1576,'Limit result set to products with a specific slug.','','woocommerce',0),(1577,'Limit result set to products assigned a specific status.','','woocommerce',0),(1578,'Limit result set to products assigned a specific shipping class ID.','','woocommerce',0),(1579,'Limit result set to products with a specific attribute. Use the taxonomy name/attribute slug.','','woocommerce',0),(1580,'Limit result set to products with a specific attribute term ID (required an assigned attribute).','','woocommerce',0),(1581,'Limit result set to products in stock or out of stock.','','woocommerce',0),(1582,'Limit result set to products based on a minimum price.','','woocommerce',0),(1583,'Limit result set to products based on a maximum price.','','woocommerce',0),(1584,'Limit result set to products that are low or out of stock.','','woocommerce',0),(1585,'Search by similar product name or sku.','','woocommerce',0),(1586,'An alphanumeric identifier for the resource unique to its type.','','woocommerce',0),(1587,'Type of attribute.','','woocommerce',0),(1588,'Select','','woocommerce',0),(1589,'Default sort order.','','woocommerce',0),(1590,'Enable/Disable attribute archives.','','woocommerce',0),(1591,'Search by similar attribute name.','','woocommerce',0),(1592,'Name for the resource.','','woocommerce',0),(1593,'Required to be true, as resource does not support trashing.','','woocommerce',0),(1594,'Slug identifier for the resource.','','woocommerce',0),(1595,'Unique identifier for the attribute of the terms.','','woocommerce',0),(1596,'HTML description of the resource.','','woocommerce',0),(1597,'Menu order, used to custom sort the resource.','','woocommerce',0),(1598,'Number of published products for the resource.','','woocommerce',0),(1599,'Offset the result set by a specific number of items. Applies to hierarchical taxonomies only.','','woocommerce',0),(1600,'Sort collection by resource attribute.','','woocommerce',0),(1601,'Whether to hide resources not assigned to any products.','','woocommerce',0),(1602,'Limit result set to resources assigned to a specific parent. Applies to hierarchical taxonomies only.','','woocommerce',0),(1603,'Limit result set to resources assigned to a specific product.','','woocommerce',0),(1604,'Limit result set to resources with a specific slug.','','woocommerce',0),(1605,'The ID for the parent of the resource.','','woocommerce',0),(1606,'Category archive display type.','','woocommerce',0),(1607,'Image data.','','woocommerce',0),(1608,'Unique identifier for the variable product.','','woocommerce',0),(1609,'The date the variation was created, in the site\'s timezone.','','woocommerce',0),(1610,'The date the variation was last modified, in the site\'s timezone.','','woocommerce',0),(1611,'Variation description.','','woocommerce',0),(1612,'Variation URL.','','woocommerce',0),(1613,'Current variation price.','','woocommerce',0),(1614,'Variation regular price.','','woocommerce',0),(1615,'Variation sale price.','','woocommerce',0),(1616,'Shows if the variation is on sale.','','woocommerce',0),(1617,'Variation status.','','woocommerce',0),(1618,'Shows if the variation can be bought.','','woocommerce',0),(1619,'If the variation is virtual.','','woocommerce',0),(1620,'If the variation is downloadable.','','woocommerce',0),(1621,'Stock management at variation level.','','woocommerce',0),(1622,'Shows if the variation is on backordered.','','woocommerce',0),(1623,'Low Stock amount for the variation.','','woocommerce',0),(1624,'Variation weight (%s).','','woocommerce',0),(1625,'Variation dimensions.','','woocommerce',0),(1626,'Variation length (%s).','','woocommerce',0),(1627,'Variation width (%s).','','woocommerce',0),(1628,'Variation height (%s).','','woocommerce',0),(1629,'Variation image data.','','woocommerce',0),(1630,'Product parent name.','','woocommerce',0),(1631,'Search by similar product name, sku, or attribute value.','','woocommerce',0),(1632,'Unique identifier for the variation.','','woocommerce',0),(1633,'Status of the review.','','woocommerce',0),(1634,'Reviewer email.','','woocommerce',0),(1635,'Limit response to reviews published before a given ISO8601 compliant date.','','woocommerce',0),(1636,'Limit result set to specific IDs.','','woocommerce',0),(1637,'Limit result set to reviews assigned to specific user IDs.','','woocommerce',0),(1638,'Ensure result set excludes reviews assigned to specific user IDs.','','woocommerce',0),(1639,'Limit result set to that from a specific author email.','','woocommerce',0),(1640,'Limit result set to reviews assigned to specific product IDs.','','woocommerce',0),(1641,'Limit result set to reviews assigned a specific status.','','woocommerce',0),(1642,'Unique identifier for the product.','','woocommerce',0),(1643,'Review content.','','woocommerce',0),(1644,'Name of the reviewer.','','woocommerce',0),(1645,'Email of the reviewer.','','woocommerce',0),(1646,'An alphanumeric identifier for the resource.','','woocommerce',0),(1647,'A human-readable description of the resource.','','woocommerce',0),(1648,'API path.','','woocommerce',0),(1649,'Settings group ID.','','woocommerce',0),(1650,'A unique identifier for the setting.','','woocommerce',0),(1651,'An identifier for the group this setting belongs to.','','woocommerce',0),(1652,'A human readable label for the setting used in interfaces.','','woocommerce',0),(1653,'A human readable description for the setting used in interfaces.','','woocommerce',0),(1654,'Setting value.','','woocommerce',0),(1655,'Default value for the setting.','','woocommerce',0),(1656,'Additional help text shown to the user about the setting.','','woocommerce',0),(1657,'Placeholder text to be displayed in text inputs.','','woocommerce',0),(1658,'Type of setting.','','woocommerce',0),(1659,'Array of options (key value pairs) for inputs such as select, multiselect, and radio buttons.','','woocommerce',0),(1660,'Number of days to import.','','woocommerce',0),(1661,'Skip importing existing order data.','','woocommerce',0),(1662,'Parameters to pass on to the exported report.','','woocommerce',0),(1663,'When true, email a link to download the export to the requesting user.','','woocommerce',0),(1664,'Number of items sold.','','woocommerce',0),(1665,'Total Net Sales of all items sold.','','woocommerce',0),(1666,'Number of orders product appeared in.','','woocommerce',0),(1667,'Product image.','','woocommerce',0),(1668,'Product link.','','woocommerce',0),(1669,'Product category IDs.','','woocommerce',0),(1670,'Product inventory status.','','woocommerce',0),(1671,'Product inventory quantity.','','woocommerce',0),(1672,'Product inventory threshold for low stock.','','woocommerce',0),(1673,'Product variations IDs.','','woocommerce',0),(1674,'Limit result to items from the specified categories.','','woocommerce',0),(1675,'Limit result to items with specified product ids.','','woocommerce',0),(1676,'Add additional piece of info about each product to the report.','','woocommerce',0),(1677,'Product attributes.','','woocommerce',0),(1678,'Limit result set to items that have the specified parent product(s).','','woocommerce',0),(1679,'Limit result set to items that don\'t have the specified parent product(s).','','woocommerce',0),(1680,'Limit result to items with specified variation ids.','','woocommerce',0),(1681,'Add additional piece of info about each variation to the report.','','woocommerce',0),(1682,'Limit result set to variations that include the specified attributes.','','woocommerce',0),(1683,'Limit result set to variations that don\'t include the specified attributes.','','woocommerce',0),(1684,'Limit result set to variations in the specified categories.','','woocommerce',0),(1685,'Limit result set to variations not in the specified categories.','','woocommerce',0),(1686,'Items Sold','','woocommerce',0),(1687,'Net Sales.','','woocommerce',0),(1688,'Number of orders.','','woocommerce',0),(1689,'Reports data grouped by segment condition.','','woocommerce',0),(1690,'Segment identificator.','','woocommerce',0),(1691,'Human readable segment label, either product or variation name.','','woocommerce',0),(1692,'Interval subtotals.','','woocommerce',0),(1693,'Totals data.','','woocommerce',0),(1694,'Reports data grouped by intervals.','','woocommerce',0),(1695,'Type of interval.','','woocommerce',0),(1696,'The date the report start, in the site\'s timezone.','','woocommerce',0),(1697,'The date the report start, as GMT.','','woocommerce',0),(1698,'The date the report end, in the site\'s timezone.','','woocommerce',0),(1699,'The date the report end, as GMT.','','woocommerce',0),(1700,'Time interval to use for buckets in the returned data.','','woocommerce',0),(1701,'Segment the response by additional constraint.','','woocommerce',0),(1702,'Limit stats fields to the specified items.','','woocommerce',0),(1703,'Limit result set to orders that include products with the specified attributes.','','woocommerce',0),(1704,'Limit result set to orders that don\'t include products with the specified attributes.','','woocommerce',0),(1705,'Total Sales.','','woocommerce',0),(1706,'Amount discounted by coupons.','','woocommerce',0),(1707,'Unique coupons count.','','woocommerce',0),(1708,'Total of shipping.','','woocommerce',0),(1709,'Total of taxes.','','woocommerce',0),(1710,'Returns','','woocommerce',0),(1711,'Total of returns.','','woocommerce',0),(1712,'Items sold.','','woocommerce',0),(1713,'Products sold.','','woocommerce',0),(1714,'Gross Sales.','','woocommerce',0),(1715,'Order ID.','','woocommerce',0),(1716,'Order Number.','','woocommerce',0),(1717,'Date the order was created, in the site\'s timezone.','','woocommerce',0),(1718,'Date the order was created, as GMT.','','woocommerce',0),(1719,'Net total revenue.','','woocommerce',0),(1720,'Returning or new customer.','','woocommerce',0),(1721,'List of order product IDs, names, quantities.','','woocommerce',0),(1722,'List of order coupons.','','woocommerce',0),(1723,'Order customer information.','','woocommerce',0),(1724,'Limit result set to items that have the specified product(s) assigned.','','woocommerce',0),(1725,'Limit result set to items that don\'t have the specified product(s) assigned.','','woocommerce',0),(1726,'Limit result set to items that have the specified variation(s) assigned.','','woocommerce',0),(1727,'Limit result set to items that don\'t have the specified variation(s) assigned.','','woocommerce',0),(1728,'Limit result set to items that have the specified coupon(s) assigned.','','woocommerce',0),(1729,'Limit result set to items that don\'t have the specified coupon(s) assigned.','','woocommerce',0),(1730,'Limit result set to items that have the specified tax rate(s) assigned.','','woocommerce',0),(1731,'Limit result set to items that don\'t have the specified tax rate(s) assigned.','','woocommerce',0),(1732,'Limit result set to items that have the specified order status.','','woocommerce',0),(1733,'Limit result set to items that don\'t have the specified order status.','','woocommerce',0),(1734,'Limit result set to returning or new customers.','','woocommerce',0),(1735,'Limit result set to specific types of refunds.','','woocommerce',0),(1736,'Add additional piece of info about each coupon to the report.','','woocommerce',0),(1737,'Limit result set to items that have the specified order ids.','','woocommerce',0),(1738,'Limit result set to items that don\'t have the specified order ids.','','woocommerce',0),(1739,'Orders','','woocommerce',0),(1740,'Number of orders','','woocommerce',0),(1741,'Average order value.','','woocommerce',0),(1742,'Average items per order','','woocommerce',0),(1743,'Number of items sold','','woocommerce',0),(1744,'Total distinct customers.','','woocommerce',0),(1745,'Number of distinct products sold.','','woocommerce',0),(1746,'Alias for customer_type (deprecated).','','woocommerce',0),(1747,'Limit result set to orders that have the specified customer_type','','woocommerce',0),(1748,'Amount of items sold.','','woocommerce',0),(1749,'Amount of products.','','woocommerce',0),(1750,'Limit result set to all items that have the specified term assigned in the categories taxonomy.','','woocommerce',0),(1751,'Add additional piece of info about each category to the report.','','woocommerce',0),(1752,'Tax rate name.','','woocommerce',0),(1753,'Tax rate.','','woocommerce',0),(1754,'State.','','woocommerce',0),(1755,'Priority.','','woocommerce',0),(1756,'Total tax.','','woocommerce',0),(1757,'Order tax.','','woocommerce',0),(1758,'Shipping tax.','','woocommerce',0),(1759,'Limit result set to items assigned one or more tax rates.','','woocommerce',0),(1760,'Amount of tax codes.','','woocommerce',0),(1761,'Limit result set to all items that have the specified term assigned in the taxes taxonomy.','','woocommerce',0),(1762,'Coupon ID.','','woocommerce',0),(1763,'Net discount amount.','','woocommerce',0),(1764,'Coupon creation date.','','woocommerce',0),(1765,'Coupon creation date in GMT.','','woocommerce',0),(1766,'Coupon expiration date.','','woocommerce',0),(1767,'Coupon expiration date in GMT.','','woocommerce',0),(1768,'Coupon discount type.','','woocommerce',0),(1769,'Limit result set to coupons assigned specific coupon IDs.','','woocommerce',0),(1770,'Number of coupons.','','woocommerce',0),(1771,'Discounted Orders','','woocommerce',0),(1772,'Number of discounted orders.','','woocommerce',0),(1773,'Stock status.','','woocommerce',0),(1774,'Manage stock.','','woocommerce',0),(1775,'Limit result set to items assigned a stock report type.','','woocommerce',0),(1776,'Number of low stock products.','','woocommerce',0),(1777,'Number of %s products.','','woocommerce',0),(1778,'ID.','','woocommerce',0),(1779,'The date of the download, in the site\'s timezone.','','woocommerce',0),(1780,'The date of the download, as GMT.','','woocommerce',0),(1781,'Download ID.','','woocommerce',0),(1782,'User ID for the downloader.','','woocommerce',0),(1783,'User name of the downloader.','','woocommerce',0),(1784,'IP address for the downloader.','','woocommerce',0),(1785,'Indicates whether all the conditions should be true for the resulting set, or if any one of them is sufficient. Match affects the following parameters: products, orders, username, ip_address.','','woocommerce',0),(1786,'Limit response to objects that have the specified user ids.','','woocommerce',0),(1787,'Limit response to objects that don\'t have the specified user ids.','','woocommerce',0),(1788,'Limit response to objects that have a specified ip address.','','woocommerce',0),(1789,'Limit response to objects that don\'t have a specified ip address.','','woocommerce',0),(1790,'Downloads','','woocommerce',0),(1791,'Number of downloads.','','woocommerce',0),(1792,'Limit response to objects that have the specified customer ids.','','woocommerce',0),(1793,'Limit response to objects that don\'t have the specified customer ids.','','woocommerce',0),(1794,'Number of customers.','','woocommerce',0),(1795,'Average number of orders.','','woocommerce',0),(1796,'Average total spend per customer.','','woocommerce',0),(1797,'Average AOV per customer.','','woocommerce',0),(1798,'Country ISO 3166 code.','','woocommerce',0),(1799,'State code.','','woocommerce',0),(1800,'Postcode / ZIP.','','woocommerce',0),(1801,'Tax priority.','','woocommerce',0),(1802,'Whether or not this is a compound rate.','','woocommerce',0),(1803,'Whether or not this tax rate also gets applied to shipping.','','woocommerce',0),(1804,'Indicates the order that will appear in queries.','','woocommerce',0),(1805,'List of postcodes / ZIPs. Introduced in WooCommerce 5.3.','','woocommerce',0),(1806,'List of city names. Introduced in WooCommerce 5.3.','','woocommerce',0),(1807,'Postcode/ZIP, it doesn\'t support multiple values. Deprecated as of WooCommerce 5.3, \'postcodes\' should be used instead.','','woocommerce',0),(1808,'City name, it doesn\'t support multiple values. Deprecated as of WooCommerce 5.3, \'cities\' should be used instead.','','woocommerce',0),(1809,'Sort by tax class.','','woocommerce',0),(1810,'Search by similar tax code.','','woocommerce',0),(1811,'Limit result set to items that have the specified rate ID(s) assigned.','','woocommerce',0),(1812,'Theme installation status.','','woocommerce',0),(1813,'Theme installation message.','','woocommerce',0),(1814,'Uploaded theme.','','woocommerce',0),(1815,'A zip file of the theme to be uploaded.','','woocommerce',0),(1816,'Whether or not the profile was completed.','','woocommerce',0),(1817,'Whether or not the profile was skipped.','','woocommerce',0),(1818,'Industry.','','woocommerce',0),(1819,'Types of products sold.','','woocommerce',0),(1820,'Physical products','','woocommerce',0),(1821,'Subscriptions','','woocommerce',0),(1822,'Memberships','','woocommerce',0),(1823,'Bookings','','woocommerce',0),(1824,'Bundles','','woocommerce',0),(1825,'Customizable products','','woocommerce',0),(1826,'Number of products to be added.','','woocommerce',0),(1827,'Other places the store is selling products.','','woocommerce',0),(1828,'Current annual revenue of the store.','','woocommerce',0),(1829,'Name of other platform used to sell.','','woocommerce',0),(1830,'Name of other platform used to sell (not listed).','','woocommerce',0),(1831,'Extra business extensions to install.','','woocommerce',0),(1832,'Selected store theme.','','woocommerce',0),(1833,'Whether or not this store was setup for a client.','','woocommerce',0),(1834,'Whether or not the store was connected to WooCommerce.com during the extension flow.','','woocommerce',0),(1835,'Product template name.','','woocommerce',0),(1836,'Batch endpoint for getting specific performance indicators from `stats` endpoints.','','woocommerce',0),(1837,'Stats about revenue.','','woocommerce',0),(1838,'Stats about orders.','','woocommerce',0),(1839,'Products detailed reports.','','woocommerce',0),(1840,'Stats about products.','','woocommerce',0),(1841,'Variations detailed reports.','','woocommerce',0),(1842,'Stats about variations.','','woocommerce',0),(1843,'Product categories detailed reports.','','woocommerce',0),(1844,'Stats about product categories.','','woocommerce',0),(1845,'Coupons detailed reports.','','woocommerce',0),(1846,'Stats about coupons.','','woocommerce',0),(1847,'Taxes detailed reports.','','woocommerce',0),(1848,'Stats about taxes.','','woocommerce',0),(1849,'Product downloads detailed reports.','','woocommerce',0),(1850,'Product download files detailed reports.','','woocommerce',0),(1851,'Stats about product downloads.','','woocommerce',0),(1852,'Customers detailed reports.','','woocommerce',0),(1853,'Visitors','','woocommerce',0),(1854,'Views','','woocommerce',0),(1855,'The specific chart this stat referrers to.','','woocommerce',0),(1856,'Human readable label for the stat.','','woocommerce',0),(1857,'Format of the stat.','','woocommerce',0),(1858,'Value of the stat. Returns null if the stat does not exist or cannot be loaded.','','woocommerce',0),(1859,'Limit response to specific report stats. Allowed values: %s.','','woocommerce',0),(1860,'UTC DateTime when the coupon expires.','','woocommerce',0),(1861,'Use WP Query arguments to modify the response; private query vars require appropriate authorization.','','woocommerce',0),(1862,'Download file URL.','','woocommerce',0),(1863,'Download ID (MD5).','','woocommerce',0),(1864,'Downloadable product ID.','','woocommerce',0),(1865,'Downloadable file name.','','woocommerce',0),(1866,'Number of downloads remaining.','','woocommerce',0),(1867,'The date when download access expires, in the site\'s timezone.','','woocommerce',0),(1868,'File details.','','woocommerce',0),(1869,'The date the customer was created, as GMT.','','woocommerce',0),(1870,'The date the customer was last modified, as GMT.','','woocommerce',0),(1871,'The email address for the customer.','','woocommerce',0),(1872,'Customer first name.','','woocommerce',0),(1873,'Customer last name.','','woocommerce',0),(1874,'Customer login name.','','woocommerce',0),(1875,'Customer password.','','woocommerce',0),(1876,'Last order data.','','woocommerce',0),(1877,'Last order ID.','','woocommerce',0),(1878,'The date of the customer last order, as GMT.','','woocommerce',0),(1879,'Quantity of orders made by the customer.','','woocommerce',0),(1880,'Total amount spent.','','woocommerce',0),(1881,'Avatar URL.','','woocommerce',0),(1882,'List of billing address data.','','woocommerce',0),(1883,'Address line 1.','','woocommerce',0),(1884,'Address line 2.','','woocommerce',0),(1885,'ISO code of the country.','','woocommerce',0),(1886,'List of shipping address data.','','woocommerce',0),(1887,'Limit result set to resources with a specific email.','','woocommerce',0),(1888,'Limit result set to resources with a specific role.','','woocommerce',0),(1889,'New user email address.','','woocommerce',0),(1890,'New user username.','','woocommerce',0),(1891,'New user password.','','woocommerce',0),(1892,'ID to reassign posts to.','','woocommerce',0),(1893,'The order ID.','','woocommerce',0),(1894,'The date the order note was created, in the site\'s timezone.','','woocommerce',0),(1895,'Order note.','','woocommerce',0),(1896,'Shows/define if the note is only for reference or for the customer (the user will be notified).','','woocommerce',0),(1897,'Order note content.','','woocommerce',0),(1898,'The date the order refund was created, in the site\'s timezone.','','woocommerce',0),(1899,'Refund amount.','','woocommerce',0),(1900,'Reason for refund.','','woocommerce',0),(1901,'Line item meta data.','','woocommerce',0),(1902,'Meta label.','','woocommerce',0),(1903,'Shipping class name.','','woocommerce',0),(1904,'Start date of sale price.','','woocommerce',0),(1905,'End date of sale price.','','woocommerce',0),(1906,'Download type, this controls the schema on the front-end.','','woocommerce',0),(1907,'Controls whether or not the product is listed as \"in stock\" or \"out of stock\" on the frontend.','','woocommerce',0),(1908,'List of upsell products IDs.','','woocommerce',0),(1909,'Image position. 0 means that the image is featured.','','woocommerce',0),(1910,'List of variations.','','woocommerce',0),(1911,'Variation ID.','','woocommerce',0),(1912,'If the variation is visible.','','woocommerce',0),(1913,'Controls whether or not the variation is listed as \"in stock\" or \"out of stock\" on the frontend.','','woocommerce',0),(1914,'Limit result set to products with a specific attribute.','','woocommerce',0),(1915,'Limit result set to products with a specific SKU.','','woocommerce',0),(1916,'Gross sales in the period.','','woocommerce',0),(1917,'Net sales in the period.','','woocommerce',0),(1918,'Average net daily sales.','','woocommerce',0),(1919,'Total of orders placed.','','woocommerce',0),(1920,'Total of items purchased.','','woocommerce',0),(1921,'Total charged for taxes.','','woocommerce',0),(1922,'Total charged for shipping.','','woocommerce',0),(1923,'Total of refunded orders.','','woocommerce',0),(1924,'Total of coupons used.','','woocommerce',0),(1925,'Group type.','','woocommerce',0),(1926,'Totals.','','woocommerce',0),(1927,'Report period.','','woocommerce',0),(1928,'Return sales for a specific start date, the date need to be in the %s format.','','woocommerce',0),(1929,'Return sales for a specific end date, the date need to be in the %s format.','','woocommerce',0),(1930,'Total number of purchases.','','woocommerce',0),(1931,'Tax class name.','','woocommerce',0),(1932,'Unique slug for the resource.','','woocommerce',0),(1933,'A friendly name for the webhook.','','woocommerce',0),(1934,'Webhook status.','','woocommerce',0),(1935,'Active','','woocommerce',0),(1936,'Paused','','woocommerce',0),(1937,'Disabled','','woocommerce',0),(1938,'Webhook topic.','','woocommerce',0),(1939,'Webhook resource.','','woocommerce',0),(1940,'Webhook event.','','woocommerce',0),(1941,'WooCommerce action names associated with the webhook.','','woocommerce',0),(1942,'The URL where the webhook payload is delivered.','','woocommerce',0),(1943,'Secret key used to generate a hash of the delivered webhook and provided in the request headers. This will default to a MD5 hash from the current user\'s ID|username if not provided.','','woocommerce',0),(1944,'The date the webhook was created, in the site\'s timezone.','','woocommerce',0),(1945,'The date the webhook was last modified, in the site\'s timezone.','','woocommerce',0),(1946,'Limit result set to webhooks assigned a specific status.','','woocommerce',0),(1947,'Webhook delivery URL.','','woocommerce',0),(1948,'Unique identifier for the webhook.','','woocommerce',0),(1949,'The delivery duration, in seconds.','','woocommerce',0),(1950,'A friendly summary of the response including the HTTP response code, message, and body.','','woocommerce',0),(1951,'The URL where the webhook was delivered.','','woocommerce',0),(1952,'Request headers.','','woocommerce',0),(1953,'Request body.','','woocommerce',0),(1954,'The HTTP response code from the receiving server.','','woocommerce',0),(1955,'The HTTP response message from the receiving server.','','woocommerce',0),(1956,'Array of the response headers from the receiving server.','','woocommerce',0),(1957,'The response body from the receiving server.','','woocommerce',0),(1958,'The date the webhook delivery was logged, in the site\'s timezone.','','woocommerce',0),(1959,'The date when download access expires, as GMT.','','woocommerce',0),(1960,'The date the customer was created, in the site\'s timezone.','','woocommerce',0),(1961,'The date the customer was last modified, in the site\'s timezone.','','woocommerce',0),(1962,'Customer role.','','woocommerce',0),(1963,'Is the customer a paying customer?','','woocommerce',0),(1964,'The date the order note was created, as GMT.','','woocommerce',0),(1965,'If true, the note will be shown to customers and they will be notified. If false, the note will be for admin reference only.','','woocommerce',0),(1966,'Limit result to customers or internal notes.','','woocommerce',0),(1967,'The date the order refund was created, as GMT.','','woocommerce',0),(1968,'User ID of user who created the refund.','','woocommerce',0),(1969,'If the payment was refunded via the API.','','woocommerce',0),(1970,'When true, the payment gateway API is used to generate the refund.','','woocommerce',0),(1971,'End date of sale price, as GMT.','','woocommerce',0),(1972,'Define if the variation is visible on the product\'s page.','','woocommerce',0),(1973,'Shipping zone name.','','woocommerce',0),(1974,'Shipping zone order.','','woocommerce',0),(1975,'Shipping zone location code.','','woocommerce',0),(1976,'Shipping zone location type.','','woocommerce',0),(1977,'Unique ID for the zone.','','woocommerce',0),(1978,'Shipping method instance ID.','','woocommerce',0),(1979,'Shipping method customer facing title.','','woocommerce',0),(1980,'Shipping method sort order.','','woocommerce',0),(1981,'Shipping method enabled status.','','woocommerce',0),(1982,'Shipping method title.','','woocommerce',0),(1983,'Shipping method description.','','woocommerce',0),(1984,'Shipping method settings.','','woocommerce',0),(1985,'Unique ID for the instance.','','woocommerce',0),(1986,'The date the webhook was created, as GMT.','','woocommerce',0),(1987,'The date the webhook was last modified, as GMT.','','woocommerce',0),(1988,'The date the webhook delivery was logged, as GMT.','','woocommerce',0),(1989,'Environment.','','woocommerce',0),(1990,'Home URL.','','woocommerce',0),(1991,'Site URL.','','woocommerce',0),(1992,'WooCommerce version.','','woocommerce',0),(1993,'Log directory.','','woocommerce',0),(1994,'Is log directory writable?','','woocommerce',0),(1995,'WordPress version.','','woocommerce',0),(1996,'Is WordPress multisite?','','woocommerce',0),(1997,'WordPress memory limit.','','woocommerce',0),(1998,'Is WordPress debug mode active?','','woocommerce',0),(1999,'Are WordPress cron jobs enabled?','','woocommerce',0),(2000,'WordPress language.','','woocommerce',0),(2001,'Server info.','','woocommerce',0),(2002,'PHP version.','','woocommerce',0),(2003,'PHP post max size.','','woocommerce',0),(2004,'PHP max execution time.','','woocommerce',0),(2005,'PHP max input vars.','','woocommerce',0),(2006,'cURL version.','','woocommerce',0),(2007,'Is SUHOSIN installed?','','woocommerce',0),(2008,'Max upload size.','','woocommerce',0),(2009,'MySQL version.','','woocommerce',0),(2010,'MySQL version string.','','woocommerce',0),(2011,'Default timezone.','','woocommerce',0),(2012,'Is fsockopen/cURL enabled?','','woocommerce',0),(2013,'Is SoapClient class enabled?','','woocommerce',0),(2014,'Is DomDocument class enabled?','','woocommerce',0),(2015,'Is GZip enabled?','','woocommerce',0),(2016,'Is mbstring enabled?','','woocommerce',0),(2017,'Remote POST successful?','','woocommerce',0),(2018,'Remote POST response.','','woocommerce',0),(2019,'Remote GET successful?','','woocommerce',0),(2020,'Remote GET response.','','woocommerce',0),(2021,'Database.','','woocommerce',0),(2022,'WC database version.','','woocommerce',0),(2023,'Database prefix.','','woocommerce',0),(2024,'MaxMind GeoIP database.','','woocommerce',0),(2025,'Database tables.','','woocommerce',0),(2026,'Active plugins.','','woocommerce',0),(2027,'Inactive plugins.','','woocommerce',0),(2028,'Dropins & MU plugins.','','woocommerce',0),(2029,'Theme.','','woocommerce',0),(2030,'Theme name.','','woocommerce',0),(2031,'Theme version.','','woocommerce',0),(2032,'Latest version of theme.','','woocommerce',0),(2033,'Theme author URL.','','woocommerce',0),(2034,'Is this theme a child theme?','','woocommerce',0),(2035,'Does the theme declare WooCommerce support?','','woocommerce',0),(2036,'Does the theme have a woocommerce.php file?','','woocommerce',0),(2037,'Does this theme have outdated templates?','','woocommerce',0),(2038,'Template overrides.','','woocommerce',0),(2039,'Parent theme name.','','woocommerce',0),(2040,'Parent theme version.','','woocommerce',0),(2041,'Parent theme author URL.','','woocommerce',0),(2042,'Settings.','','woocommerce',0),(2043,'REST API enabled?','','woocommerce',0),(2044,'SSL forced?','','woocommerce',0),(2045,'Currency.','','woocommerce',0),(2046,'Currency symbol.','','woocommerce',0),(2047,'Currency position.','','woocommerce',0),(2048,'Thousand separator.','','woocommerce',0),(2049,'Decimal separator.','','woocommerce',0),(2050,'Number of decimals.','','woocommerce',0),(2051,'Geolocation enabled?','','woocommerce',0),(2052,'Taxonomy terms for product/order statuses.','','woocommerce',0),(2053,'Terms in the product visibility taxonomy.','','woocommerce',0),(2054,'Security.','','woocommerce',0),(2055,'Is the connection to your store secure?','','woocommerce',0),(2056,'Hide errors from visitors?','','woocommerce',0),(2057,'WooCommerce pages.','','woocommerce',0),(2058,'Total post count.','','woocommerce',0),(2059,'A unique identifier for the tool.','','woocommerce',0),(2060,'Tool name.','','woocommerce',0),(2061,'What running the tool will do.','','woocommerce',0),(2062,'Tool description.','','woocommerce',0),(2063,'Did the tool run successfully?','','woocommerce',0),(2064,'Tool return message.','','woocommerce',0),(2065,'Method ID.','','woocommerce',0),(2066,'Payment gateway ID.','','woocommerce',0),(2067,'Payment gateway title on checkout.','','woocommerce',0),(2068,'Payment gateway description on checkout.','','woocommerce',0),(2069,'Payment gateway sort order.','','woocommerce',0),(2070,'Payment gateway enabled status.','','woocommerce',0),(2071,'Payment gateway method title.','','woocommerce',0),(2072,'Payment gateway method description.','','woocommerce',0),(2073,'Payment gateway settings.','','woocommerce',0),(2074,'Order note author.','','woocommerce',0),(2075,'If true, this note will be attributed to the current user. If false, the note will be attributed to the system.','','woocommerce',0),(2076,'Amount that will be refunded for this line item (excluding taxes).','','woocommerce',0),(2077,'Amount that will be refunded for this tax.','','woocommerce',0),(2078,'Order status name.','','woocommerce',0),(2079,'Amount of orders.','','woocommerce',0),(2080,'Product type name.','','woocommerce',0),(2081,'Customer type name.','','woocommerce',0),(2082,'Amount of customers.','','woocommerce',0),(2083,'Coupon type name.','','woocommerce',0),(2084,'Amount of coupons.','','woocommerce',0),(2085,'Review type name.','','woocommerce',0),(2086,'Amount of reviews.','','woocommerce',0),(2087,'Supported features for this payment gateway.','','woocommerce',0),(2088,'2 character continent code.','','woocommerce',0),(2089,'ISO4217 currency code.','','woocommerce',0),(2090,'The date the object was published, in the site\'s timezone.','','default',0),(2091,'The date the object was published, as GMT.','','default',0),(2092,'The globally unique identifier for the object.','','default',0),(2093,'GUID for the object, as it exists in the database.','','default',0),(2094,'GUID for the object, transformed for display.','','default',0),(2095,'Unique identifier for the object.','','default',0),(2096,'URL to the object.','','default',0),(2097,'The date the object was last modified, in the site\'s timezone.','','default',0),(2098,'The date the object was last modified, as GMT.','','default',0),(2099,'An alphanumeric identifier for the object unique to its type.','','default',0),(2100,'A named status for the object.','','default',0),(2101,'Type of Post for the object.','','default',0),(2102,'A password to protect access to the content and excerpt.','','default',0),(2103,'Permalink template for the object.','','default',0),(2104,'Slug automatically generated from the object title.','','default',0),(2105,'The title for the object.','','default',0),(2106,'Title for the object, as it exists in the database.','','default',0),(2107,'HTML title for the object, transformed for display.','','default',0),(2108,'The content for the object.','','default',0),(2109,'Content for the object, as it exists in the database.','','default',0),(2110,'HTML content for the object, transformed for display.','','default',0),(2111,'Version of the content block format used by the object.','','default',0),(2112,'Whether the content is protected with a password.','','default',0),(2113,'The ID for the author of the object.','','default',0),(2114,'The excerpt for the object.','','default',0),(2115,'Excerpt for the object, as it exists in the database.','','default',0),(2116,'HTML excerpt for the object, transformed for display.','','default',0),(2117,'Whether the excerpt is protected with a password.','','default',0),(2118,'The ID of the featured media for the object.','','default',0),(2119,'Whether or not comments are open on the object.','','default',0),(2120,'Whether or not the object can be pinged.','','default',0),(2121,'Standard','','default',0),(2122,'Aside','','default',0),(2123,'Chat','','default',0),(2124,'Gallery','','default',0),(2125,'Link','','default',0),(2126,'Image','','default',0),(2127,'Quote','','default',0),(2128,'Status','','default',0),(2129,'Video','','default',0),(2130,'Audio','','default',0),(2131,'The format for the object.','','default',0),(2132,'Meta fields.','','default',0),(2133,'Whether or not the object should be treated as sticky.','','default',0),(2134,'The theme file to use to display the object.','','default',0),(2135,'The terms assigned to the object in the %s taxonomy.','','default',0),(2136,'The current user can publish this post.','','default',0),(2137,'The current user can post unfiltered HTML markup and JavaScript.','','default',0),(2138,'The current user can sticky this post.','','default',0),(2139,'The current user can change the author on this post.','','default',0),(2140,'The current user can assign terms in the %s taxonomy.','','default',0),(2141,'The current user can create terms in the %s taxonomy.','','default',0),(2142,'Limit response to posts published after a given ISO8601 compliant date.','','default',0),(2143,'Limit response to posts modified after a given ISO8601 compliant date.','','default',0),(2144,'Limit result set to posts assigned to specific authors.','','default',0),(2145,'Ensure result set excludes posts assigned to specific authors.','','default',0),(2146,'Limit response to posts published before a given ISO8601 compliant date.','','default',0),(2147,'Limit response to posts modified before a given ISO8601 compliant date.','','default',0),(2148,'Ensure result set excludes specific IDs.','','default',0),(2149,'Limit result set to specific IDs.','','default',0),(2150,'Offset the result set by a specific number of items.','','default',0),(2151,'Order sort attribute ascending or descending.','','default',0),(2152,'Sort collection by object attribute.','','default',0),(2153,'Limit result set to posts with one or more specific slugs.','','default',0),(2154,'Limit result set to posts assigned one or more statuses.','','default',0),(2155,'Limit result set based on relationship between multiple taxonomies.','','default',0),(2156,'Term ID List','','default',0),(2157,'Match terms with the listed IDs.','','default',0),(2158,'Term ID Taxonomy Query','','default',0),(2159,'Perform an advanced term query.','','default',0),(2160,'Term IDs.','','default',0),(2161,'Whether to include child terms in the terms limiting the result set.','','default',0),(2162,'Limit result set to items with specific terms assigned in the %s taxonomy.','','default',0),(2163,'Limit result set to items except those with specific terms assigned in the %s taxonomy.','','default',0),(2164,'Limit result set to items that are sticky.','','default',0),(2165,'The password for the post if it is password protected.','','default',0),(2166,'Whether to bypass Trash and force deletion.','','default',0),(2167,'The ID for the parent of the object.','','default',0),(2168,'Required to be true, as revisions do not support trashing.','','default',0),(2169,'Preview link for the post.','','default',0),(2170,'The ID for the object.','','default',0),(2171,'The order of the object in relation to other object of its type.','','default',0),(2172,'Limit result set to posts with a specific menu_order value.','','default',0),(2173,'Limit result set to items with particular parent IDs.','','default',0),(2174,'Limit result set to all items except those of a particular parent ID.','','default',0),(2175,'Alternative text to display when attachment is not displayed.','','default',0),(2176,'The attachment caption.','','default',0),(2177,'Caption for the attachment, as it exists in the database.','','default',0),(2178,'HTML caption for the attachment, transformed for display.','','default',0),(2179,'The attachment description.','','default',0),(2180,'Description for the object, as it exists in the database.','','default',0),(2181,'HTML description for the object, transformed for display.','','default',0),(2182,'Attachment type.','','default',0),(2183,'The attachment MIME type.','','default',0),(2184,'Details about the media file, specific to its type.','','default',0),(2185,'The ID for the associated post of the attachment.','','default',0),(2186,'URL to the original attachment file.','','default',0),(2187,'List of the missing image sizes of the attachment.','','default',0),(2188,'Limit result set to attachments of a particular media type.','','default',0),(2189,'Limit result set to attachments of a particular MIME type.','','default',0),(2190,'URL to the edited image file.','','default',0),(2191,'Array of image edits.','','default',0),(2192,'Image edit.','','default',0),(2193,'Rotation','','default',0),(2194,'Rotation type.','','default',0),(2195,'Rotation arguments.','','default',0),(2196,'Angle to rotate clockwise in degrees.','','default',0),(2197,'Crop','','default',0),(2198,'Crop type.','','default',0),(2199,'Crop arguments.','','default',0),(2200,'Horizontal position from the left to begin the crop as a percentage of the image width.','','default',0),(2201,'Vertical position from the top to begin the crop as a percentage of the image height.','','default',0),(2202,'Width of the crop as a percentage of the image width.','','default',0),(2203,'Height of the crop as a percentage of the image height.','','default',0),(2204,'The amount to rotate the image clockwise in degrees. DEPRECATED: Use `modifiers` instead.','','default',0),(2205,'As a percentage of the image, the x position to start the crop from. DEPRECATED: Use `modifiers` instead.','','default',0),(2206,'As a percentage of the image, the y position to start the crop from. DEPRECATED: Use `modifiers` instead.','','default',0),(2207,'As a percentage of the image, the width to crop the image to. DEPRECATED: Use `modifiers` instead.','','default',0),(2208,'As a percentage of the image, the height to crop the image to. DEPRECATED: Use `modifiers` instead.','','default',0),(2209,'All capabilities used by the post type.','','default',0),(2210,'A human-readable description of the post type.','','default',0),(2211,'Whether or not the post type should have children.','','default',0),(2212,'Whether or not the post type can be viewed.','','default',0),(2213,'Human-readable labels for the post type for various contexts.','','default',0),(2214,'The title for the post type.','','default',0),(2215,'An alphanumeric identifier for the post type.','','default',0),(2216,'All features, supported by the post type.','','default',0),(2217,'Taxonomies associated with post type.','','default',0),(2218,'REST base route for the post type.','','default',0),(2219,'The title for the status.','','default',0),(2220,'Whether posts with this status should be private.','','default',0),(2221,'Whether posts with this status should be protected.','','default',0),(2222,'Whether posts of this status should be shown in the front end of the site.','','default',0),(2223,'Whether posts with this status should be publicly-queryable.','','default',0),(2224,'Whether to include posts in the edit listing for their post type.','','default',0),(2225,'An alphanumeric identifier for the status.','','default',0),(2226,'Whether posts of this status may have floating published dates.','','default',0),(2227,'All capabilities used by the taxonomy.','','default',0),(2228,'A human-readable description of the taxonomy.','','default',0),(2229,'Whether or not the taxonomy should have children.','','default',0),(2230,'Human-readable labels for the taxonomy for various contexts.','','default',0),(2231,'The title for the taxonomy.','','default',0),(2232,'An alphanumeric identifier for the taxonomy.','','default',0),(2233,'Whether or not the term cloud should be displayed.','','default',0),(2234,'Types associated with the taxonomy.','','default',0),(2235,'REST base route for the taxonomy.','','default',0),(2236,'The visibility settings for the taxonomy.','','default',0),(2237,'Whether a taxonomy is intended for use publicly either via the admin interface or by front-end users.','','default',0),(2238,'Whether the taxonomy is publicly queryable.','','default',0),(2239,'Whether to generate a default UI for managing this taxonomy.','','default',0),(2240,'Whether to allow automatic creation of taxonomy columns on associated post-types table.','','default',0),(2241,'Whether to make the taxonomy available for selection in navigation menus.','','default',0),(2242,'Whether to show the taxonomy in the quick/bulk edit panel.','','default',0),(2243,'Limit results to taxonomies associated with a specific post type.','','default',0),(2244,'Unique identifier for the term.','','default',0),(2245,'Number of published posts for the term.','','default',0),(2246,'HTML description of the term.','','default',0),(2247,'URL of the term.','','default',0),(2248,'HTML title for the term.','','default',0),(2249,'An alphanumeric identifier for the term unique to its type.','','default',0),(2250,'Type attribution for the term.','','default',0),(2251,'The parent term ID.','','default',0),(2252,'Sort collection by term attribute.','','default',0),(2253,'Whether to hide terms not assigned to any posts.','','default',0),(2254,'Limit result set to terms assigned to a specific parent.','','default',0),(2255,'Limit result set to terms assigned to a specific post.','','default',0),(2256,'Limit result set to terms with one or more specific slugs.','','default',0),(2257,'Required to be true, as terms do not support trashing.','','default',0),(2258,'Unique identifier for the user.','','default',0),(2259,'Login name for the user.','','default',0),(2260,'Display name for the user.','','default',0),(2261,'First name for the user.','','default',0),(2262,'Last name for the user.','','default',0),(2263,'The email address for the user.','','default',0),(2264,'URL of the user.','','default',0),(2265,'Description of the user.','','default',0),(2266,'Author URL of the user.','','default',0),(2267,'Locale for the user.','','default',0),(2268,'The nickname for the user.','','default',0),(2269,'An alphanumeric identifier for the user.','','default',0),(2270,'Registration date for the user.','','default',0),(2271,'Roles assigned to the user.','','default',0),(2272,'Password for the user (never included).','','default',0),(2273,'All capabilities assigned to the user.','','default',0),(2274,'Any extra capabilities assigned to the user.','','default',0),(2275,'Avatar URL with image size of %d pixels.','','default',0),(2276,'Avatar URLs for the user.','','default',0),(2277,'Limit result set to users with one or more specific slugs.','','default',0),(2278,'Limit result set to users matching at least one specific role provided. Accepts csv list or single role.','','default',0),(2279,'Limit result set to users who are considered authors.','','default',0),(2280,'Required to be true, as users do not support trashing.','','default',0),(2281,'Reassign the deleted user\'s posts and links to this user ID.','','default',0),(2282,'The unique identifier for the application password.','','default',0),(2283,'A uuid provided by the application to uniquely identify it. It is recommended to use an UUID v5 with the URL or DNS namespace.','','default',0),(2284,'The name of the application password.','','default',0),(2285,'The generated password. Only available after adding an application.','','default',0),(2286,'The GMT date the application password was created.','','default',0),(2287,'The GMT date the application password was last used.','','default',0),(2288,'The IP address the application password was last used by.','','default',0),(2289,'The ID of the user object, if author was a user.','','default',0),(2290,'Email address for the object author.','','default',0),(2291,'IP address for the object author.','','default',0),(2292,'Display name for the object author.','','default',0),(2293,'URL for the object author.','','default',0),(2294,'User agent for the object author.','','default',0),(2295,'The ID of the associated post object.','','default',0),(2296,'State of the object.','','default',0),(2297,'Type of Comment for the object.','','default',0),(2298,'Avatar URLs for the object author.','','default',0),(2299,'Limit response to comments published after a given ISO8601 compliant date.','','default',0),(2300,'Limit result set to comments assigned to specific user IDs. Requires authorization.','','default',0),(2301,'Ensure result set excludes comments assigned to specific user IDs. Requires authorization.','','default',0),(2302,'Limit result set to that from a specific author email. Requires authorization.','','default',0),(2303,'Limit response to comments published before a given ISO8601 compliant date.','','default',0),(2304,'Limit result set to comments of specific parent IDs.','','default',0),(2305,'Ensure result set excludes specific parent IDs.','','default',0),(2306,'Limit result set to comments assigned to specific post IDs.','','default',0),(2307,'Limit result set to comments assigned a specific status. Requires authorization.','','default',0),(2308,'Limit result set to comments assigned a specific type. Requires authorization.','','default',0),(2309,'The password for the parent post of the comment (if the post is password protected).','','default',0),(2310,'Object type.','','default',0),(2311,'Object subtype.','','default',0),(2312,'Limit results to items of an object type.','','default',0),(2313,'Limit results to items of one or more object subtypes.','','default',0),(2314,'Unique registered name for the block.','','default',0),(2315,'The rendered block.','','default',0),(2316,'Attributes for the block.','','default',0),(2317,'ID of the post context.','','default',0),(2318,'Version of block API.','','default',0),(2319,'Title of block type.','','default',0),(2320,'Unique name identifying the block type.','','default',0),(2321,'Description of block type.','','default',0),(2322,'Icon of block type.','','default',0),(2323,'Block attributes.','','default',0),(2324,'Context provided by blocks of this type.','','default',0),(2325,'Context values inherited by blocks of this type.','','default',0),(2326,'Block supports.','','default',0),(2327,'Block category.','','default',0),(2328,'Is the block dynamically rendered.','','default',0),(2329,'Editor script handle.','','default',0),(2330,'Public facing script handle.','','default',0),(2331,'Editor style handle.','','default',0),(2332,'Public facing style handle.','','default',0),(2333,'Block style variations.','','default',0),(2334,'Unique name identifying the style.','','default',0),(2335,'The human-readable label for the style.','','default',0),(2336,'Inline CSS code that registers the CSS class required for the style.','','default',0),(2337,'Contains the handle that defines the block style.','','default',0),(2338,'Public text domain.','','default',0),(2339,'Parent blocks.','','default',0),(2340,'Block keywords.','','default',0),(2341,'Block example.','','default',0),(2342,'The attributes used in the example.','','default',0),(2343,'The list of inner blocks used in the example.','','default',0),(2344,'The name of the inner block.','','default',0),(2345,'The attributes of the inner block.','','default',0),(2346,'A list of the inner block\'s own inner blocks. This is a recursive definition following the parent innerBlocks schema.','','default',0),(2347,'Block namespace.','','default',0),(2348,'Block name.','','default',0),(2349,'Limit result set to themes assigned one or more statuses.','','default',0),(2350,'The theme\'s stylesheet. This uniquely identifies the theme.','','default',0),(2351,'The plugin file.','','default',0),(2352,'The plugin activation status.','','default',0),(2353,'The plugin name.','','default',0),(2354,'The plugin\'s website address.','','default',0),(2355,'The plugin author.','','default',0),(2356,'Plugin author\'s website address.','','default',0),(2357,'The plugin description.','','default',0),(2358,'The raw plugin description.','','default',0),(2359,'The plugin description formatted for display.','','default',0),(2360,'The plugin version number.','','default',0),(2361,'Whether the plugin can only be activated network-wide.','','default',0),(2362,'Minimum required version of WordPress.','','default',0),(2363,'Minimum required version of PHP.','','default',0),(2364,'The plugin\'s text domain.','','default',0),(2365,'Limits results to plugins with the given status.','','default',0),(2366,'WordPress.org plugin directory slug.','','default',0),(2367,'The block name, in namespace/block-name format.','','default',0),(2368,'The block title, in human readable format.','','default',0),(2369,'A short description of the block, in human readable format.','','default',0),(2370,'The block slug.','','default',0),(2371,'The star rating of the block.','','default',0),(2372,'The number of ratings.','','default',0),(2373,'The number sites that have activated this block.','','default',0),(2374,'The average rating of blocks published by the same author.','','default',0),(2375,'The number of blocks published by the same author.','','default',0),(2376,'The WordPress.org username of the block author.','','default',0),(2377,'The block icon.','','default',0),(2378,'The date when the block was last updated, in fuzzy human readable format.','','default',0),(2379,'Limit result set to blocks matching the search term.','','default',0),(2380,'words','','woocommerce',0),(2381,'Select options','','woocommerce',0),(2382,'Rated %1$s out of 5 based on %2$s customer ratings','','woocommerce',0),(2383,'Rated %1$s out of 5 based on %2$s customer rating','','woocommerce',0),(2384,'Sale','','woocommerce',0),(2385,'Product on sale','','woocommerce',0),(2386,'-%1$d%%','','ignition',0),(2387,'Afghanistan','','woocommerce',0),(2388,'Åland Islands','','woocommerce',0),(2389,'Albania','','woocommerce',0),(2390,'Algeria','','woocommerce',0),(2391,'American Samoa','','woocommerce',0),(2392,'Andorra','','woocommerce',0),(2393,'Angola','','woocommerce',0),(2394,'Anguilla','','woocommerce',0),(2395,'Antarctica','','woocommerce',0),(2396,'Antigua and Barbuda','','woocommerce',0),(2397,'Argentina','','woocommerce',0),(2398,'Armenia','','woocommerce',0),(2399,'Aruba','','woocommerce',0),(2400,'Australia','','woocommerce',0),(2401,'Austria','','woocommerce',0),(2402,'Azerbaijan','','woocommerce',0),(2403,'Bahamas','','woocommerce',0),(2404,'Bahrain','','woocommerce',0),(2405,'Bangladesh','','woocommerce',0),(2406,'Barbados','','woocommerce',0),(2407,'Belarus','','woocommerce',0),(2408,'Belgium','','woocommerce',0),(2409,'Belau','','woocommerce',0),(2410,'Belize','','woocommerce',0),(2411,'Benin','','woocommerce',0),(2412,'Bermuda','','woocommerce',0),(2413,'Bhutan','','woocommerce',0),(2414,'Bolivia','','woocommerce',0),(2415,'Bonaire, Saint Eustatius and Saba','','woocommerce',0),(2416,'Bosnia and Herzegovina','','woocommerce',0),(2417,'Botswana','','woocommerce',0),(2418,'Bouvet Island','','woocommerce',0),(2419,'Brazil','','woocommerce',0),(2420,'British Indian Ocean Territory','','woocommerce',0),(2421,'Brunei','','woocommerce',0),(2422,'Bulgaria','','woocommerce',0),(2423,'Burkina Faso','','woocommerce',0),(2424,'Burundi','','woocommerce',0),(2425,'Cambodia','','woocommerce',0),(2426,'Cameroon','','woocommerce',0),(2427,'Canada','','woocommerce',0),(2428,'Cape Verde','','woocommerce',0),(2429,'Cayman Islands','','woocommerce',0),(2430,'Central African Republic','','woocommerce',0),(2431,'Chad','','woocommerce',0),(2432,'Chile','','woocommerce',0),(2433,'China','','woocommerce',0),(2434,'Christmas Island','','woocommerce',0),(2435,'Cocos (Keeling) Islands','','woocommerce',0),(2436,'Colombia','','woocommerce',0),(2437,'Comoros','','woocommerce',0),(2438,'Congo (Brazzaville)','','woocommerce',0),(2439,'Congo (Kinshasa)','','woocommerce',0),(2440,'Cook Islands','','woocommerce',0),(2441,'Costa Rica','','woocommerce',0),(2442,'Croatia','','woocommerce',0),(2443,'Cuba','','woocommerce',0),(2444,'Cura&ccedil;ao','','woocommerce',0),(2445,'Cyprus','','woocommerce',0),(2446,'Czech Republic','','woocommerce',0),(2447,'Denmark','','woocommerce',0),(2448,'Djibouti','','woocommerce',0),(2449,'Dominica','','woocommerce',0),(2450,'Dominican Republic','','woocommerce',0),(2451,'Ecuador','','woocommerce',0),(2452,'Egypt','','woocommerce',0),(2453,'El Salvador','','woocommerce',0),(2454,'Equatorial Guinea','','woocommerce',0),(2455,'Eritrea','','woocommerce',0),(2456,'Estonia','','woocommerce',0),(2457,'Ethiopia','','woocommerce',0),(2458,'Falkland Islands','','woocommerce',0),(2459,'Faroe Islands','','woocommerce',0),(2460,'Fiji','','woocommerce',0),(2461,'Finland','','woocommerce',0),(2462,'France','','woocommerce',0),(2463,'French Guiana','','woocommerce',0),(2464,'French Polynesia','','woocommerce',0),(2465,'French Southern Territories','','woocommerce',0),(2466,'Gabon','','woocommerce',0),(2467,'Gambia','','woocommerce',0),(2468,'Georgia','','woocommerce',0),(2469,'Germany','','woocommerce',0),(2470,'Ghana','','woocommerce',0),(2471,'Gibraltar','','woocommerce',0),(2472,'Greece','','woocommerce',0),(2473,'Greenland','','woocommerce',0),(2474,'Grenada','','woocommerce',0),(2475,'Guadeloupe','','woocommerce',0),(2476,'Guam','','woocommerce',0),(2477,'Guatemala','','woocommerce',0),(2478,'Guernsey','','woocommerce',0),(2479,'Guinea','','woocommerce',0),(2480,'Guinea-Bissau','','woocommerce',0),(2481,'Guyana','','woocommerce',0),(2482,'Haiti','','woocommerce',0),(2483,'Heard Island and McDonald Islands','','woocommerce',0),(2484,'Honduras','','woocommerce',0),(2485,'Hong Kong','','woocommerce',0),(2486,'Hungary','','woocommerce',0),(2487,'Iceland','','woocommerce',0),(2488,'India','','woocommerce',0),(2489,'Indonesia','','woocommerce',0),(2490,'Iran','','woocommerce',0),(2491,'Iraq','','woocommerce',0),(2492,'Ireland','','woocommerce',0),(2493,'Isle of Man','','woocommerce',0),(2494,'Israel','','woocommerce',0),(2495,'Italy','','woocommerce',0),(2496,'Ivory Coast','','woocommerce',0),(2497,'Jamaica','','woocommerce',0),(2498,'Japan','','woocommerce',0),(2499,'Jersey','','woocommerce',0),(2500,'Jordan','','woocommerce',0),(2501,'Kazakhstan','','woocommerce',0),(2502,'Kenya','','woocommerce',0),(2503,'Kiribati','','woocommerce',0),(2504,'Kuwait','','woocommerce',0),(2505,'Kyrgyzstan','','woocommerce',0),(2506,'Laos','','woocommerce',0),(2507,'Latvia','','woocommerce',0),(2508,'Lebanon','','woocommerce',0),(2509,'Lesotho','','woocommerce',0),(2510,'Liberia','','woocommerce',0),(2511,'Libya','','woocommerce',0),(2512,'Liechtenstein','','woocommerce',0),(2513,'Lithuania','','woocommerce',0),(2514,'Luxembourg','','woocommerce',0),(2515,'Macao','','woocommerce',0),(2516,'North Macedonia','','woocommerce',0),(2517,'Madagascar','','woocommerce',0),(2518,'Malawi','','woocommerce',0),(2519,'Malaysia','','woocommerce',0),(2520,'Maldives','','woocommerce',0),(2521,'Mali','','woocommerce',0),(2522,'Malta','','woocommerce',0),(2523,'Marshall Islands','','woocommerce',0),(2524,'Martinique','','woocommerce',0),(2525,'Mauritania','','woocommerce',0),(2526,'Mauritius','','woocommerce',0),(2527,'Mayotte','','woocommerce',0),(2528,'Mexico','','woocommerce',0),(2529,'Micronesia','','woocommerce',0),(2530,'Moldova','','woocommerce',0),(2531,'Monaco','','woocommerce',0),(2532,'Mongolia','','woocommerce',0),(2533,'Montenegro','','woocommerce',0),(2534,'Montserrat','','woocommerce',0),(2535,'Morocco','','woocommerce',0),(2536,'Mozambique','','woocommerce',0),(2537,'Myanmar','','woocommerce',0),(2538,'Namibia','','woocommerce',0),(2539,'Nauru','','woocommerce',0),(2540,'Nepal','','woocommerce',0),(2541,'Netherlands','','woocommerce',0),(2542,'New Caledonia','','woocommerce',0),(2543,'New Zealand','','woocommerce',0),(2544,'Nicaragua','','woocommerce',0),(2545,'Niger','','woocommerce',0),(2546,'Nigeria','','woocommerce',0),(2547,'Niue','','woocommerce',0),(2548,'Norfolk Island','','woocommerce',0),(2549,'Northern Mariana Islands','','woocommerce',0),(2550,'North Korea','','woocommerce',0),(2551,'Norway','','woocommerce',0),(2552,'Oman','','woocommerce',0),(2553,'Pakistan','','woocommerce',0),(2554,'Palestinian Territory','','woocommerce',0),(2555,'Panama','','woocommerce',0),(2556,'Papua New Guinea','','woocommerce',0),(2557,'Paraguay','','woocommerce',0),(2558,'Peru','','woocommerce',0),(2559,'Philippines','','woocommerce',0),(2560,'Pitcairn','','woocommerce',0),(2561,'Poland','','woocommerce',0),(2562,'Portugal','','woocommerce',0),(2563,'Puerto Rico','','woocommerce',0),(2564,'Qatar','','woocommerce',0),(2565,'Reunion','','woocommerce',0),(2566,'Romania','','woocommerce',0),(2567,'Russia','','woocommerce',0),(2568,'Rwanda','','woocommerce',0),(2569,'Saint Barth&eacute;lemy','','woocommerce',0),(2570,'Saint Helena','','woocommerce',0),(2571,'Saint Kitts and Nevis','','woocommerce',0),(2572,'Saint Lucia','','woocommerce',0),(2573,'Saint Martin (French part)','','woocommerce',0),(2574,'Saint Martin (Dutch part)','','woocommerce',0),(2575,'Saint Pierre and Miquelon','','woocommerce',0),(2576,'Saint Vincent and the Grenadines','','woocommerce',0),(2577,'San Marino','','woocommerce',0),(2578,'S&atilde;o Tom&eacute; and Pr&iacute;ncipe','','woocommerce',0),(2579,'Saudi Arabia','','woocommerce',0),(2580,'Senegal','','woocommerce',0),(2581,'Serbia','','woocommerce',0),(2582,'Seychelles','','woocommerce',0),(2583,'Sierra Leone','','woocommerce',0),(2584,'Singapore','','woocommerce',0),(2585,'Slovakia','','woocommerce',0),(2586,'Slovenia','','woocommerce',0),(2587,'Solomon Islands','','woocommerce',0),(2588,'Somalia','','woocommerce',0),(2589,'South Africa','','woocommerce',0),(2590,'South Georgia/Sandwich Islands','','woocommerce',0),(2591,'South Korea','','woocommerce',0),(2592,'South Sudan','','woocommerce',0),(2593,'Spain','','woocommerce',0),(2594,'Sri Lanka','','woocommerce',0),(2595,'Sudan','','woocommerce',0),(2596,'Suriname','','woocommerce',0),(2597,'Svalbard and Jan Mayen','','woocommerce',0),(2598,'Swaziland','','woocommerce',0),(2599,'Sweden','','woocommerce',0),(2600,'Switzerland','','woocommerce',0),(2601,'Syria','','woocommerce',0),(2602,'Taiwan','','woocommerce',0),(2603,'Tajikistan','','woocommerce',0),(2604,'Tanzania','','woocommerce',0),(2605,'Thailand','','woocommerce',0),(2606,'Timor-Leste','','woocommerce',0),(2607,'Togo','','woocommerce',0),(2608,'Tokelau','','woocommerce',0),(2609,'Tonga','','woocommerce',0),(2610,'Trinidad and Tobago','','woocommerce',0),(2611,'Tunisia','','woocommerce',0),(2612,'Turkey','','woocommerce',0),(2613,'Turkmenistan','','woocommerce',0),(2614,'Turks and Caicos Islands','','woocommerce',0),(2615,'Tuvalu','','woocommerce',0),(2616,'Uganda','','woocommerce',0),(2617,'Ukraine','','woocommerce',0),(2618,'United Arab Emirates','','woocommerce',0),(2619,'United Kingdom (UK)','','woocommerce',0),(2620,'United States (US)','','woocommerce',0),(2621,'United States (US) Minor Outlying Islands','','woocommerce',0),(2622,'Uruguay','','woocommerce',0),(2623,'Uzbekistan','','woocommerce',0),(2624,'Vanuatu','','woocommerce',0),(2625,'Vatican','','woocommerce',0),(2626,'Venezuela','','woocommerce',0),(2627,'Vietnam','','woocommerce',0),(2628,'Virgin Islands (British)','','woocommerce',0),(2629,'Virgin Islands (US)','','woocommerce',0),(2630,'Wallis and Futuna','','woocommerce',0),(2631,'Western Sahara','','woocommerce',0),(2632,'Samoa','','woocommerce',0),(2633,'Yemen','','woocommerce',0),(2634,'Zambia','','woocommerce',0),(2635,'Zimbabwe','','woocommerce',0),(2636,'Africa','','woocommerce',0),(2637,'Asia','','woocommerce',0),(2638,'Europe','','woocommerce',0),(2639,'North America','','woocommerce',0),(2640,'Oceania','','woocommerce',0),(2641,'South America','','woocommerce',0),(2642,'Flat rate','','woocommerce',0),(2643,'Lets you charge a fixed rate for shipping.','','woocommerce',0),(2644,'Enter a cost (excl. tax) or sum, e.g. <code>10.00 * [qty]</code>.','','woocommerce',0),(2645,'Use <code>[qty]</code> for the number of items, <br/><code>[cost]</code> for the total cost of items, and <code>[fee percent=\"10\" min_fee=\"20\" max_fee=\"\"]</code> for percentage based fees.','','woocommerce',0),(2646,'Method title','','woocommerce',0),(2647,'Tax status','','woocommerce',0),(2648,'Taxable','','woocommerce',0),(2649,'None','','woocommerce',0),(2650,'Cost','','woocommerce',0),(2651,'Free shipping','','woocommerce',0),(2652,'Free shipping is a special method which can be triggered with coupons and minimum spends.','','woocommerce',0),(2653,'Free shipping requires...','','woocommerce',0),(2654,'A valid free shipping coupon','','woocommerce',0),(2655,'A minimum order amount','','woocommerce',0),(2656,'A minimum order amount OR a coupon','','woocommerce',0),(2657,'A minimum order amount AND a coupon','','woocommerce',0),(2658,'Minimum order amount','','woocommerce',0),(2659,'Users will need to spend this amount to get free shipping (if enabled above).','','woocommerce',0),(2660,'Coupons discounts','','woocommerce',0),(2661,'Apply minimum order rule before coupon discount','','woocommerce',0),(2662,'If checked, free shipping would be available based on pre-discount order amount.','','woocommerce',0),(2663,'Customer matched zone \"%s\"','','woocommerce',0),(2664,'Local pickup','','woocommerce',0),(2665,'Allow customers to pick up orders themselves. By default, when using local pickup store base taxes will apply regardless of customer address.','','woocommerce',0),(2666,'Optional cost for local pickup.','','woocommerce',0),(2667,'Items','','woocommerce',0),(2668,'Once Hourly','','default',0),(2669,'Twice Daily','','default',0),(2670,'Once Daily','','default',0),(2671,'Once Weekly','','default',0),(2672,'Autoptimize CriticalCSS','','default',0),(2673,'Every %d Minutes','','default',0),(2674,'No products in the cart.','','woocommerce',0),(2675,'&ldquo;%s&rdquo;','','woocommerce',0),(2676,'%s has been added to your cart.','','woocommerce',0),(2677,'Continue shopping','','woocommerce',0),(2678,'Province','','woocommerce',0),(2679,'Suburb','','woocommerce',0),(2680,'Postcode','','woocommerce',0),(2681,'State','','woocommerce',0),(2682,'Canton','','woocommerce',0),(2683,'District','','woocommerce',0),(2684,'Region','','woocommerce',0),(2685,'Department','','woocommerce',0),(2686,'Town / District','','woocommerce',0),(2687,'County','','woocommerce',0),(2688,'Eircode','','woocommerce',0),(2689,'Pin code','','woocommerce',0),(2690,'Town / City / Post Office','','woocommerce',0),(2691,'Postal Code','','woocommerce',0),(2692,'Parish','','woocommerce',0),(2693,'Prefecture','','woocommerce',0),(2694,'Municipality','','woocommerce',0),(2695,'State / Zone','','woocommerce',0),(2696,'Municipality / District','','woocommerce',0),(2697,'Town / Village','','woocommerce',0),(2698,'ZIP','','woocommerce',0),(2699,'Apartment, suite, unit, etc.','','woocommerce',0),(2700,'Apartment, suite, unit, etc. (optional)','','woocommerce',0),(2701,'Company name','','woocommerce',0),(2702,'Country / Region','','woocommerce',0),(2703,'Street address','','woocommerce',0),(2704,'House number and street name','','woocommerce',0),(2705,'Town / City','','woocommerce',0),(2706,'State / County','','woocommerce',0),(2707,'Postcode / ZIP','','woocommerce',0),(2708,'required','','woocommerce',0),(2709,'optional','','woocommerce',0),(2710,'Bengo','','woocommerce',0),(2711,'Benguela','','woocommerce',0),(2712,'Bié','','woocommerce',0),(2713,'Cabinda','','woocommerce',0),(2714,'Cunene','','woocommerce',0),(2715,'Huambo','','woocommerce',0),(2716,'Huíla','','woocommerce',0),(2717,'Kuando Kubango','','woocommerce',0),(2718,'Kwanza-Norte','','woocommerce',0),(2719,'Kwanza-Sul','','woocommerce',0),(2720,'Luanda','','woocommerce',0),(2721,'Lunda-Norte','','woocommerce',0),(2722,'Lunda-Sul','','woocommerce',0),(2723,'Malanje','','woocommerce',0),(2724,'Moxico','','woocommerce',0),(2725,'Namibe','','woocommerce',0),(2726,'Uíge','','woocommerce',0),(2727,'Zaire','','woocommerce',0),(2728,'Ciudad Autónoma de Buenos Aires','','woocommerce',0),(2729,'Buenos Aires','','woocommerce',0),(2730,'Catamarca','','woocommerce',0),(2731,'Chaco','','woocommerce',0),(2732,'Chubut','','woocommerce',0),(2733,'Córdoba','','woocommerce',0),(2734,'Corrientes','','woocommerce',0),(2735,'Entre Ríos','','woocommerce',0),(2736,'Formosa','','woocommerce',0),(2737,'Jujuy','','woocommerce',0),(2738,'La Pampa','','woocommerce',0),(2739,'La Rioja','','woocommerce',0),(2740,'Mendoza','','woocommerce',0),(2741,'Misiones','','woocommerce',0),(2742,'Neuquén','','woocommerce',0),(2743,'Río Negro','','woocommerce',0),(2744,'Salta','','woocommerce',0),(2745,'San Juan','','woocommerce',0),(2746,'San Luis','','woocommerce',0),(2747,'Santa Cruz','','woocommerce',0),(2748,'Santa Fe','','woocommerce',0),(2749,'Santiago del Estero','','woocommerce',0),(2750,'Tierra del Fuego','','woocommerce',0),(2751,'Tucumán','','woocommerce',0),(2752,'Australian Capital Territory','','woocommerce',0),(2753,'New South Wales','','woocommerce',0),(2754,'Northern Territory','','woocommerce',0),(2755,'Queensland','','woocommerce',0),(2756,'South Australia','','woocommerce',0),(2757,'Tasmania','','woocommerce',0),(2758,'Victoria','','woocommerce',0),(2759,'Western Australia','','woocommerce',0),(2760,'Bagerhat','','woocommerce',0),(2761,'Bandarban','','woocommerce',0),(2762,'Barguna','','woocommerce',0),(2763,'Barishal','','woocommerce',0),(2764,'Bhola','','woocommerce',0),(2765,'Bogura','','woocommerce',0),(2766,'Brahmanbaria','','woocommerce',0),(2767,'Chandpur','','woocommerce',0),(2768,'Chattogram','','woocommerce',0),(2769,'Chuadanga','','woocommerce',0),(2770,'Cox\'s Bazar','','woocommerce',0),(2771,'Cumilla','','woocommerce',0),(2772,'Dhaka','','woocommerce',0),(2773,'Dinajpur','','woocommerce',0),(2774,'Faridpur ','','woocommerce',0),(2775,'Feni','','woocommerce',0),(2776,'Gaibandha','','woocommerce',0),(2777,'Gazipur','','woocommerce',0),(2778,'Gopalganj','','woocommerce',0),(2779,'Habiganj','','woocommerce',0),(2780,'Jamalpur','','woocommerce',0),(2781,'Jashore','','woocommerce',0),(2782,'Jhalokati','','woocommerce',0),(2783,'Jhenaidah','','woocommerce',0),(2784,'Joypurhat','','woocommerce',0),(2785,'Khagrachhari','','woocommerce',0),(2786,'Khulna','','woocommerce',0),(2787,'Kishoreganj','','woocommerce',0),(2788,'Kurigram','','woocommerce',0),(2789,'Kushtia','','woocommerce',0),(2790,'Lakshmipur','','woocommerce',0),(2791,'Lalmonirhat','','woocommerce',0),(2792,'Madaripur','','woocommerce',0),(2793,'Magura','','woocommerce',0),(2794,'Manikganj ','','woocommerce',0),(2795,'Meherpur','','woocommerce',0),(2796,'Moulvibazar','','woocommerce',0),(2797,'Munshiganj','','woocommerce',0),(2798,'Mymensingh','','woocommerce',0),(2799,'Naogaon','','woocommerce',0),(2800,'Narail','','woocommerce',0),(2801,'Narayanganj','','woocommerce',0),(2802,'Narsingdi','','woocommerce',0),(2803,'Natore','','woocommerce',0),(2804,'Nawabganj','','woocommerce',0),(2805,'Netrakona','','woocommerce',0),(2806,'Nilphamari','','woocommerce',0),(2807,'Noakhali','','woocommerce',0),(2808,'Pabna','','woocommerce',0),(2809,'Panchagarh','','woocommerce',0),(2810,'Patuakhali','','woocommerce',0),(2811,'Pirojpur','','woocommerce',0),(2812,'Rajbari','','woocommerce',0),(2813,'Rajshahi','','woocommerce',0),(2814,'Rangamati','','woocommerce',0),(2815,'Rangpur','','woocommerce',0),(2816,'Satkhira','','woocommerce',0),(2817,'Shariatpur','','woocommerce',0),(2818,'Sherpur','','woocommerce',0),(2819,'Sirajganj','','woocommerce',0),(2820,'Sunamganj','','woocommerce',0),(2821,'Sylhet','','woocommerce',0),(2822,'Tangail','','woocommerce',0),(2823,'Thakurgaon','','woocommerce',0),(2824,'Blagoevgrad','','woocommerce',0),(2825,'Burgas','','woocommerce',0),(2826,'Dobrich','','woocommerce',0),(2827,'Gabrovo','','woocommerce',0),(2828,'Haskovo','','woocommerce',0),(2829,'Kardzhali','','woocommerce',0),(2830,'Kyustendil','','woocommerce',0),(2831,'Lovech','','woocommerce',0),(2832,'Montana','','woocommerce',0),(2833,'Pazardzhik','','woocommerce',0),(2834,'Pernik','','woocommerce',0),(2835,'Pleven','','woocommerce',0),(2836,'Plovdiv','','woocommerce',0),(2837,'Razgrad','','woocommerce',0),(2838,'Ruse','','woocommerce',0),(2839,'Shumen','','woocommerce',0),(2840,'Silistra','','woocommerce',0),(2841,'Sliven','','woocommerce',0),(2842,'Smolyan','','woocommerce',0),(2843,'Sofia','','woocommerce',0),(2844,'Sofia-Grad','','woocommerce',0),(2845,'Stara Zagora','','woocommerce',0),(2846,'Targovishte','','woocommerce',0),(2847,'Varna','','woocommerce',0),(2848,'Veliko Tarnovo','','woocommerce',0),(2849,'Vidin','','woocommerce',0),(2850,'Vratsa','','woocommerce',0),(2851,'Yambol','','woocommerce',0),(2852,'Alibori','','woocommerce',0),(2853,'Atakora','','woocommerce',0),(2854,'Atlantique','','woocommerce',0),(2855,'Borgou','','woocommerce',0),(2856,'Collines','','woocommerce',0),(2857,'Kouffo','','woocommerce',0),(2858,'Donga','','woocommerce',0),(2859,'Littoral','','woocommerce',0),(2860,'Mono','','woocommerce',0),(2861,'Ouémé','','woocommerce',0),(2862,'Plateau','','woocommerce',0),(2863,'Zou','','woocommerce',0),(2864,'Chuquisaca','','woocommerce',0),(2865,'Beni','','woocommerce',0),(2866,'Cochabamba','','woocommerce',0),(2867,'La Paz','','woocommerce',0),(2868,'Oruro','','woocommerce',0),(2869,'Pando','','woocommerce',0),(2870,'Potosí','','woocommerce',0),(2871,'Tarija','','woocommerce',0),(2872,'Acre','','woocommerce',0),(2873,'Alagoas','','woocommerce',0),(2874,'Amapá','','woocommerce',0),(2875,'Amazonas','','woocommerce',0),(2876,'Bahia','','woocommerce',0),(2877,'Ceará','','woocommerce',0),(2878,'Distrito Federal','','woocommerce',0),(2879,'Espírito Santo','','woocommerce',0),(2880,'Goiás','','woocommerce',0),(2881,'Maranhão','','woocommerce',0),(2882,'Mato Grosso','','woocommerce',0),(2883,'Mato Grosso do Sul','','woocommerce',0),(2884,'Minas Gerais','','woocommerce',0),(2885,'Pará','','woocommerce',0),(2886,'Paraíba','','woocommerce',0),(2887,'Paraná','','woocommerce',0),(2888,'Pernambuco','','woocommerce',0),(2889,'Piauí','','woocommerce',0),(2890,'Rio de Janeiro','','woocommerce',0),(2891,'Rio Grande do Norte','','woocommerce',0),(2892,'Rio Grande do Sul','','woocommerce',0),(2893,'Rondônia','','woocommerce',0),(2894,'Roraima','','woocommerce',0),(2895,'Santa Catarina','','woocommerce',0),(2896,'São Paulo','','woocommerce',0),(2897,'Sergipe','','woocommerce',0),(2898,'Tocantins','','woocommerce',0),(2899,'Alberta','','woocommerce',0),(2900,'British Columbia','','woocommerce',0),(2901,'Manitoba','','woocommerce',0),(2902,'New Brunswick','','woocommerce',0),(2903,'Newfoundland and Labrador','','woocommerce',0),(2904,'Northwest Territories','','woocommerce',0),(2905,'Nova Scotia','','woocommerce',0),(2906,'Nunavut','','woocommerce',0),(2907,'Ontario','','woocommerce',0),(2908,'Prince Edward Island','','woocommerce',0),(2909,'Quebec','','woocommerce',0),(2910,'Saskatchewan','','woocommerce',0),(2911,'Yukon Territory','','woocommerce',0),(2912,'Aargau','','woocommerce',0),(2913,'Appenzell Ausserrhoden','','woocommerce',0),(2914,'Appenzell Innerrhoden','','woocommerce',0),(2915,'Basel-Landschaft','','woocommerce',0),(2916,'Basel-Stadt','','woocommerce',0),(2917,'Bern','','woocommerce',0),(2918,'Fribourg','','woocommerce',0),(2919,'Geneva','','woocommerce',0),(2920,'Glarus','','woocommerce',0),(2921,'Graubünden','','woocommerce',0),(2922,'Jura','','woocommerce',0),(2923,'Luzern','','woocommerce',0),(2924,'Neuchâtel','','woocommerce',0),(2925,'Nidwalden','','woocommerce',0),(2926,'Obwalden','','woocommerce',0),(2927,'Schaffhausen','','woocommerce',0),(2928,'Schwyz','','woocommerce',0),(2929,'Solothurn','','woocommerce',0),(2930,'St. Gallen','','woocommerce',0),(2931,'Thurgau','','woocommerce',0),(2932,'Ticino','','woocommerce',0),(2933,'Uri','','woocommerce',0),(2934,'Valais','','woocommerce',0),(2935,'Vaud','','woocommerce',0),(2936,'Zug','','woocommerce',0),(2937,'Zürich','','woocommerce',0),(2938,'Yunnan / 云南','','woocommerce',0),(2939,'Beijing / 北京','','woocommerce',0),(2940,'Tianjin / 天津','','woocommerce',0),(2941,'Hebei / 河北','','woocommerce',0),(2942,'Shanxi / 山西','','woocommerce',0),(2943,'Inner Mongolia / 內蒙古','','woocommerce',0),(2944,'Liaoning / 辽宁','','woocommerce',0),(2945,'Jilin / 吉林','','woocommerce',0),(2946,'Heilongjiang / 黑龙江','','woocommerce',0),(2947,'Shanghai / 上海','','woocommerce',0),(2948,'Jiangsu / 江苏','','woocommerce',0),(2949,'Zhejiang / 浙江','','woocommerce',0),(2950,'Anhui / 安徽','','woocommerce',0),(2951,'Fujian / 福建','','woocommerce',0),(2952,'Jiangxi / 江西','','woocommerce',0),(2953,'Shandong / 山东','','woocommerce',0),(2954,'Henan / 河南','','woocommerce',0),(2955,'Hubei / 湖北','','woocommerce',0),(2956,'Hunan / 湖南','','woocommerce',0),(2957,'Guangdong / 广东','','woocommerce',0),(2958,'Guangxi Zhuang / 广西壮族','','woocommerce',0),(2959,'Hainan / 海南','','woocommerce',0),(2960,'Chongqing / 重庆','','woocommerce',0),(2961,'Sichuan / 四川','','woocommerce',0),(2962,'Guizhou / 贵州','','woocommerce',0),(2963,'Shaanxi / 陕西','','woocommerce',0),(2964,'Gansu / 甘肃','','woocommerce',0),(2965,'Qinghai / 青海','','woocommerce',0),(2966,'Ningxia Hui / 宁夏','','woocommerce',0),(2967,'Macao / 澳门','','woocommerce',0),(2968,'Tibet / 西藏','','woocommerce',0),(2969,'Xinjiang / 新疆','','woocommerce',0),(2970,'Distrito Nacional','','woocommerce',0),(2971,'Azua','','woocommerce',0),(2972,'Baoruco','','woocommerce',0),(2973,'Barahona','','woocommerce',0),(2974,'Dajabón','','woocommerce',0),(2975,'Duarte','','woocommerce',0),(2976,'Elías Piña','','woocommerce',0),(2977,'El Seibo','','woocommerce',0),(2978,'Espaillat','','woocommerce',0),(2979,'Independencia','','woocommerce',0),(2980,'La Altagracia','','woocommerce',0),(2981,'La Romana','','woocommerce',0),(2982,'La Vega','','woocommerce',0),(2983,'María Trinidad Sánchez','','woocommerce',0),(2984,'Monte Cristi','','woocommerce',0),(2985,'Pedernales','','woocommerce',0),(2986,'Peravia','','woocommerce',0),(2987,'Puerto Plata','','woocommerce',0),(2988,'Hermanas Mirabal','','woocommerce',0),(2989,'Samaná','','woocommerce',0),(2990,'San Cristóbal','','woocommerce',0),(2991,'San Pedro de Macorís','','woocommerce',0),(2992,'Sánchez Ramírez','','woocommerce',0),(2993,'Santiago','','woocommerce',0),(2994,'Santiago Rodríguez','','woocommerce',0),(2995,'Valverde','','woocommerce',0),(2996,'Monseñor Nouel','','woocommerce',0),(2997,'Monte Plata','','woocommerce',0),(2998,'Hato Mayor','','woocommerce',0),(2999,'San José de Ocoa','','woocommerce',0),(3000,'Santo Domingo','','woocommerce',0),(3001,'Adrar','','woocommerce',0),(3002,'Chlef','','woocommerce',0),(3003,'Laghouat','','woocommerce',0),(3004,'Oum El Bouaghi','','woocommerce',0),(3005,'Batna','','woocommerce',0),(3006,'Béjaïa','','woocommerce',0),(3007,'Biskra','','woocommerce',0),(3008,'Béchar','','woocommerce',0),(3009,'Blida','','woocommerce',0),(3010,'Bouira','','woocommerce',0),(3011,'Tamanghasset','','woocommerce',0),(3012,'Tébessa','','woocommerce',0),(3013,'Tlemcen','','woocommerce',0),(3014,'Tiaret','','woocommerce',0),(3015,'Tizi Ouzou','','woocommerce',0),(3016,'Algiers','','woocommerce',0),(3017,'Djelfa','','woocommerce',0),(3018,'Jijel','','woocommerce',0),(3019,'Sétif','','woocommerce',0),(3020,'Saïda','','woocommerce',0),(3021,'Skikda','','woocommerce',0),(3022,'Sidi Bel Abbès','','woocommerce',0),(3023,'Annaba','','woocommerce',0),(3024,'Guelma','','woocommerce',0),(3025,'Constantine','','woocommerce',0),(3026,'Médéa','','woocommerce',0),(3027,'Mostaganem','','woocommerce',0),(3028,'M’Sila','','woocommerce',0),(3029,'Mascara','','woocommerce',0),(3030,'Ouargla','','woocommerce',0),(3031,'Oran','','woocommerce',0),(3032,'El Bayadh','','woocommerce',0),(3033,'Illizi','','woocommerce',0),(3034,'Bordj Bou Arréridj','','woocommerce',0),(3035,'Boumerdès','','woocommerce',0),(3036,'El Tarf','','woocommerce',0),(3037,'Tindouf','','woocommerce',0),(3038,'Tissemsilt','','woocommerce',0),(3039,'El Oued','','woocommerce',0),(3040,'Khenchela','','woocommerce',0),(3041,'Souk Ahras','','woocommerce',0),(3042,'Tipasa','','woocommerce',0),(3043,'Mila','','woocommerce',0),(3044,'Aïn Defla','','woocommerce',0),(3045,'Naama','','woocommerce',0),(3046,'Aïn Témouchent','','woocommerce',0),(3047,'Ghardaïa','','woocommerce',0),(3048,'Relizane','','woocommerce',0),(3049,'Alexandria','','woocommerce',0),(3050,'Aswan','','woocommerce',0),(3051,'Asyut','','woocommerce',0),(3052,'Red Sea','','woocommerce',0),(3053,'Beheira','','woocommerce',0),(3054,'Beni Suef','','woocommerce',0),(3055,'Cairo','','woocommerce',0),(3056,'Dakahlia','','woocommerce',0),(3057,'Damietta','','woocommerce',0),(3058,'Faiyum','','woocommerce',0),(3059,'Gharbia','','woocommerce',0),(3060,'Giza','','woocommerce',0),(3061,'Ismailia','','woocommerce',0),(3062,'South Sinai','','woocommerce',0),(3063,'Qalyubia','','woocommerce',0),(3064,'Kafr el-Sheikh','','woocommerce',0),(3065,'Qena','','woocommerce',0),(3066,'Luxor','','woocommerce',0),(3067,'Minya','','woocommerce',0),(3068,'Monufia','','woocommerce',0),(3069,'Matrouh','','woocommerce',0),(3070,'Port Said','','woocommerce',0),(3071,'Sohag','','woocommerce',0),(3072,'Al Sharqia','','woocommerce',0),(3073,'North Sinai','','woocommerce',0),(3074,'Suez','','woocommerce',0),(3075,'New Valley','','woocommerce',0),(3076,'A Coruña','','woocommerce',0),(3077,'Araba/Álava','','woocommerce',0),(3078,'Albacete','','woocommerce',0),(3079,'Alicante','','woocommerce',0),(3080,'Almería','','woocommerce',0),(3081,'Asturias','','woocommerce',0),(3082,'Ávila','','woocommerce',0),(3083,'Badajoz','','woocommerce',0),(3084,'Baleares','','woocommerce',0),(3085,'Barcelona','','woocommerce',0),(3086,'Burgos','','woocommerce',0),(3087,'Cáceres','','woocommerce',0),(3088,'Cádiz','','woocommerce',0),(3089,'Cantabria','','woocommerce',0),(3090,'Castellón','','woocommerce',0),(3091,'Ceuta','','woocommerce',0),(3092,'Ciudad Real','','woocommerce',0),(3093,'Cuenca','','woocommerce',0),(3094,'Girona','','woocommerce',0),(3095,'Granada','','woocommerce',0),(3096,'Guadalajara','','woocommerce',0),(3097,'Gipuzkoa','','woocommerce',0),(3098,'Huelva','','woocommerce',0),(3099,'Huesca','','woocommerce',0),(3100,'Jaén','','woocommerce',0),(3101,'Las Palmas','','woocommerce',0),(3102,'León','','woocommerce',0),(3103,'Lleida','','woocommerce',0),(3104,'Lugo','','woocommerce',0),(3105,'Madrid','','woocommerce',0),(3106,'Málaga','','woocommerce',0),(3107,'Melilla','','woocommerce',0),(3108,'Murcia','','woocommerce',0),(3109,'Navarra','','woocommerce',0),(3110,'Ourense','','woocommerce',0),(3111,'Palencia','','woocommerce',0),(3112,'Pontevedra','','woocommerce',0),(3113,'Salamanca','','woocommerce',0),(3114,'Santa Cruz de Tenerife','','woocommerce',0),(3115,'Segovia','','woocommerce',0),(3116,'Sevilla','','woocommerce',0),(3117,'Soria','','woocommerce',0),(3118,'Tarragona','','woocommerce',0),(3119,'Teruel','','woocommerce',0),(3120,'Toledo','','woocommerce',0),(3121,'Valencia','','woocommerce',0),(3122,'Valladolid','','woocommerce',0),(3123,'Biscay','','woocommerce',0),(3124,'Zamora','','woocommerce',0),(3125,'Zaragoza','','woocommerce',0),(3126,'Ahafo','','woocommerce',0),(3127,'Ashanti','','woocommerce',0),(3128,'Brong-Ahafo','','woocommerce',0),(3129,'Bono','','woocommerce',0),(3130,'Bono East','','woocommerce',0),(3131,'Central','','woocommerce',0),(3132,'Eastern','','woocommerce',0),(3133,'Greater Accra','','woocommerce',0),(3134,'North East','','woocommerce',0),(3135,'Northern','','woocommerce',0),(3136,'Oti','','woocommerce',0),(3137,'Savannah','','woocommerce',0),(3138,'Upper East','','woocommerce',0),(3139,'Upper West','','woocommerce',0),(3140,'Volta','','woocommerce',0),(3141,'Western','','woocommerce',0),(3142,'Western North','','woocommerce',0),(3143,'Attica','','woocommerce',0),(3144,'East Macedonia and Thrace','','woocommerce',0),(3145,'Central Macedonia','','woocommerce',0),(3146,'West Macedonia','','woocommerce',0),(3147,'Epirus','','woocommerce',0),(3148,'Thessaly','','woocommerce',0),(3149,'Ionian Islands','','woocommerce',0),(3150,'West Greece','','woocommerce',0),(3151,'Central Greece','','woocommerce',0),(3152,'Peloponnese','','woocommerce',0),(3153,'North Aegean','','woocommerce',0),(3154,'South Aegean','','woocommerce',0),(3155,'Crete','','woocommerce',0),(3156,'Alta Verapaz','','woocommerce',0),(3157,'Baja Verapaz','','woocommerce',0),(3158,'Chimaltenango','','woocommerce',0),(3159,'Chiquimula','','woocommerce',0),(3160,'El Progreso','','woocommerce',0),(3161,'Escuintla','','woocommerce',0),(3162,'Huehuetenango','','woocommerce',0),(3163,'Izabal','','woocommerce',0),(3164,'Jalapa','','woocommerce',0),(3165,'Jutiapa','','woocommerce',0),(3166,'Petén','','woocommerce',0),(3167,'Quetzaltenango','','woocommerce',0),(3168,'Quiché','','woocommerce',0),(3169,'Retalhuleu','','woocommerce',0),(3170,'Sacatepéquez','','woocommerce',0),(3171,'San Marcos','','woocommerce',0),(3172,'Santa Rosa','','woocommerce',0),(3173,'Sololá','','woocommerce',0),(3174,'Suchitepéquez','','woocommerce',0),(3175,'Totonicapán','','woocommerce',0),(3176,'Zacapa','','woocommerce',0),(3177,'Hong Kong Island','','woocommerce',0),(3178,'Kowloon','','woocommerce',0),(3179,'New Territories','','woocommerce',0),(3180,'Bács-Kiskun','','woocommerce',0),(3181,'Békés','','woocommerce',0),(3182,'Baranya','','woocommerce',0),(3183,'Borsod-Abaúj-Zemplén','','woocommerce',0),(3184,'Budapest','','woocommerce',0),(3185,'Csongrád-Csanád','','woocommerce',0),(3186,'Fejér','','woocommerce',0),(3187,'Győr-Moson-Sopron','','woocommerce',0),(3188,'Hajdú-Bihar','','woocommerce',0),(3189,'Heves','','woocommerce',0),(3190,'Jász-Nagykun-Szolnok','','woocommerce',0),(3191,'Komárom-Esztergom','','woocommerce',0),(3192,'Nógrád','','woocommerce',0),(3193,'Pest','','woocommerce',0),(3194,'Somogy','','woocommerce',0),(3195,'Szabolcs-Szatmár-Bereg','','woocommerce',0),(3196,'Tolna','','woocommerce',0),(3197,'Vas','','woocommerce',0),(3198,'Veszprém','','woocommerce',0),(3199,'Zala','','woocommerce',0),(3200,'Daerah Istimewa Aceh','','woocommerce',0),(3201,'Sumatera Utara','','woocommerce',0),(3202,'Sumatera Barat','','woocommerce',0),(3203,'Riau','','woocommerce',0),(3204,'Kepulauan Riau','','woocommerce',0),(3205,'Jambi','','woocommerce',0),(3206,'Sumatera Selatan','','woocommerce',0),(3207,'Bangka Belitung','','woocommerce',0),(3208,'Bengkulu','','woocommerce',0),(3209,'Lampung','','woocommerce',0),(3210,'DKI Jakarta','','woocommerce',0),(3211,'Jawa Barat','','woocommerce',0),(3212,'Banten','','woocommerce',0),(3213,'Jawa Tengah','','woocommerce',0),(3214,'Jawa Timur','','woocommerce',0),(3215,'Daerah Istimewa Yogyakarta','','woocommerce',0),(3216,'Bali','','woocommerce',0),(3217,'Nusa Tenggara Barat','','woocommerce',0),(3218,'Nusa Tenggara Timur','','woocommerce',0),(3219,'Kalimantan Barat','','woocommerce',0),(3220,'Kalimantan Tengah','','woocommerce',0),(3221,'Kalimantan Timur','','woocommerce',0),(3222,'Kalimantan Selatan','','woocommerce',0),(3223,'Kalimantan Utara','','woocommerce',0),(3224,'Sulawesi Utara','','woocommerce',0),(3225,'Sulawesi Tengah','','woocommerce',0),(3226,'Sulawesi Tenggara','','woocommerce',0),(3227,'Sulawesi Barat','','woocommerce',0),(3228,'Sulawesi Selatan','','woocommerce',0),(3229,'Gorontalo','','woocommerce',0),(3230,'Maluku','','woocommerce',0),(3231,'Maluku Utara','','woocommerce',0),(3232,'Papua','','woocommerce',0),(3233,'Papua Barat','','woocommerce',0),(3234,'Carlow','','woocommerce',0),(3235,'Cavan','','woocommerce',0),(3236,'Clare','','woocommerce',0),(3237,'Cork','','woocommerce',0),(3238,'Donegal','','woocommerce',0),(3239,'Dublin','','woocommerce',0),(3240,'Galway','','woocommerce',0),(3241,'Kerry','','woocommerce',0),(3242,'Kildare','','woocommerce',0),(3243,'Kilkenny','','woocommerce',0),(3244,'Laois','','woocommerce',0),(3245,'Leitrim','','woocommerce',0),(3246,'Limerick','','woocommerce',0),(3247,'Longford','','woocommerce',0),(3248,'Louth','','woocommerce',0),(3249,'Mayo','','woocommerce',0),(3250,'Meath','','woocommerce',0),(3251,'Monaghan','','woocommerce',0),(3252,'Offaly','','woocommerce',0),(3253,'Roscommon','','woocommerce',0),(3254,'Sligo','','woocommerce',0),(3255,'Tipperary','','woocommerce',0),(3256,'Waterford','','woocommerce',0),(3257,'Westmeath','','woocommerce',0),(3258,'Wexford','','woocommerce',0),(3259,'Wicklow','','woocommerce',0),(3260,'Andhra Pradesh','','woocommerce',0),(3261,'Arunachal Pradesh','','woocommerce',0),(3262,'Assam','','woocommerce',0),(3263,'Bihar','','woocommerce',0),(3264,'Chhattisgarh','','woocommerce',0),(3265,'Goa','','woocommerce',0),(3266,'Gujarat','','woocommerce',0),(3267,'Haryana','','woocommerce',0),(3268,'Himachal Pradesh','','woocommerce',0),(3269,'Jammu and Kashmir','','woocommerce',0),(3270,'Jharkhand','','woocommerce',0),(3271,'Karnataka','','woocommerce',0),(3272,'Kerala','','woocommerce',0),(3273,'Ladakh','','woocommerce',0),(3274,'Madhya Pradesh','','woocommerce',0),(3275,'Maharashtra','','woocommerce',0),(3276,'Manipur','','woocommerce',0),(3277,'Meghalaya','','woocommerce',0),(3278,'Mizoram','','woocommerce',0),(3279,'Nagaland','','woocommerce',0),(3280,'Odisha','','woocommerce',0),(3281,'Punjab','','woocommerce',0),(3282,'Rajasthan','','woocommerce',0),(3283,'Sikkim','','woocommerce',0),(3284,'Tamil Nadu','','woocommerce',0),(3285,'Telangana','','woocommerce',0),(3286,'Tripura','','woocommerce',0),(3287,'Uttarakhand','','woocommerce',0),(3288,'Uttar Pradesh','','woocommerce',0),(3289,'West Bengal','','woocommerce',0),(3290,'Andaman and Nicobar Islands','','woocommerce',0),(3291,'Chandigarh','','woocommerce',0),(3292,'Dadra and Nagar Haveli','','woocommerce',0),(3293,'Daman and Diu','','woocommerce',0),(3294,'Delhi','','woocommerce',0),(3295,'Lakshadeep','','woocommerce',0),(3296,'Pondicherry (Puducherry)','','woocommerce',0),(3297,'Khuzestan  (خوزستان)','','woocommerce',0),(3298,'Tehran  (تهران)','','woocommerce',0),(3299,'Ilaam (ایلام)','','woocommerce',0),(3300,'Bushehr (بوشهر)','','woocommerce',0),(3301,'Ardabil (اردبیل)','','woocommerce',0),(3302,'Isfahan (اصفهان)','','woocommerce',0),(3303,'Yazd (یزد)','','woocommerce',0),(3304,'Kermanshah (کرمانشاه)','','woocommerce',0),(3305,'Kerman (کرمان)','','woocommerce',0),(3306,'Hamadan (همدان)','','woocommerce',0),(3307,'Ghazvin (قزوین)','','woocommerce',0),(3308,'Zanjan (زنجان)','','woocommerce',0),(3309,'Luristan (لرستان)','','woocommerce',0),(3310,'Alborz (البرز)','','woocommerce',0),(3311,'East Azarbaijan (آذربایجان شرقی)','','woocommerce',0),(3312,'West Azarbaijan (آذربایجان غربی)','','woocommerce',0),(3313,'Chaharmahal and Bakhtiari (چهارمحال و بختیاری)','','woocommerce',0),(3314,'South Khorasan (خراسان جنوبی)','','woocommerce',0),(3315,'Razavi Khorasan (خراسان رضوی)','','woocommerce',0),(3316,'North Khorasan (خراسان شمالی)','','woocommerce',0),(3317,'Semnan (سمنان)','','woocommerce',0),(3318,'Fars (فارس)','','woocommerce',0),(3319,'Qom (قم)','','woocommerce',0),(3320,'Kurdistan / کردستان)','','woocommerce',0),(3321,'Kohgiluyeh and BoyerAhmad (کهگیلوییه و بویراحمد)','','woocommerce',0),(3322,'Golestan (گلستان)','','woocommerce',0),(3323,'Gilan (گیلان)','','woocommerce',0),(3324,'Mazandaran (مازندران)','','woocommerce',0),(3325,'Markazi (مرکزی)','','woocommerce',0),(3326,'Hormozgan (هرمزگان)','','woocommerce',0),(3327,'Sistan and Baluchestan (سیستان و بلوچستان)','','woocommerce',0),(3328,'Agrigento','','woocommerce',0),(3329,'Alessandria','','woocommerce',0),(3330,'Ancona','','woocommerce',0),(3331,'Aosta','','woocommerce',0),(3332,'Arezzo','','woocommerce',0),(3333,'Ascoli Piceno','','woocommerce',0),(3334,'Asti','','woocommerce',0),(3335,'Avellino','','woocommerce',0),(3336,'Bari','','woocommerce',0),(3337,'Barletta-Andria-Trani','','woocommerce',0),(3338,'Belluno','','woocommerce',0),(3339,'Benevento','','woocommerce',0),(3340,'Bergamo','','woocommerce',0),(3341,'Biella','','woocommerce',0),(3342,'Bologna','','woocommerce',0),(3343,'Bolzano','','woocommerce',0),(3344,'Brescia','','woocommerce',0),(3345,'Brindisi','','woocommerce',0),(3346,'Cagliari','','woocommerce',0),(3347,'Caltanissetta','','woocommerce',0),(3348,'Campobasso','','woocommerce',0),(3349,'Caserta','','woocommerce',0),(3350,'Catania','','woocommerce',0),(3351,'Catanzaro','','woocommerce',0),(3352,'Chieti','','woocommerce',0),(3353,'Como','','woocommerce',0),(3354,'Cosenza','','woocommerce',0),(3355,'Cremona','','woocommerce',0),(3356,'Crotone','','woocommerce',0),(3357,'Cuneo','','woocommerce',0),(3358,'Enna','','woocommerce',0),(3359,'Fermo','','woocommerce',0),(3360,'Ferrara','','woocommerce',0),(3361,'Firenze','','woocommerce',0),(3362,'Foggia','','woocommerce',0),(3363,'Forlì-Cesena','','woocommerce',0),(3364,'Frosinone','','woocommerce',0),(3365,'Genova','','woocommerce',0),(3366,'Gorizia','','woocommerce',0),(3367,'Grosseto','','woocommerce',0),(3368,'Imperia','','woocommerce',0),(3369,'Isernia','','woocommerce',0),(3370,'La Spezia','','woocommerce',0),(3371,'L\'Aquila','','woocommerce',0),(3372,'Latina','','woocommerce',0),(3373,'Lecce','','woocommerce',0),(3374,'Lecco','','woocommerce',0),(3375,'Livorno','','woocommerce',0),(3376,'Lodi','','woocommerce',0),(3377,'Lucca','','woocommerce',0),(3378,'Macerata','','woocommerce',0),(3379,'Mantova','','woocommerce',0),(3380,'Massa-Carrara','','woocommerce',0),(3381,'Matera','','woocommerce',0),(3382,'Messina','','woocommerce',0),(3383,'Milano','','woocommerce',0),(3384,'Modena','','woocommerce',0),(3385,'Monza e della Brianza','','woocommerce',0),(3386,'Napoli','','woocommerce',0),(3387,'Novara','','woocommerce',0),(3388,'Nuoro','','woocommerce',0),(3389,'Oristano','','woocommerce',0),(3390,'Padova','','woocommerce',0),(3391,'Palermo','','woocommerce',0),(3392,'Parma','','woocommerce',0),(3393,'Pavia','','woocommerce',0),(3394,'Perugia','','woocommerce',0),(3395,'Pesaro e Urbino','','woocommerce',0),(3396,'Pescara','','woocommerce',0),(3397,'Piacenza','','woocommerce',0),(3398,'Pisa','','woocommerce',0),(3399,'Pistoia','','woocommerce',0),(3400,'Pordenone','','woocommerce',0),(3401,'Potenza','','woocommerce',0),(3402,'Prato','','woocommerce',0),(3403,'Ragusa','','woocommerce',0),(3404,'Ravenna','','woocommerce',0),(3405,'Reggio Calabria','','woocommerce',0),(3406,'Reggio Emilia','','woocommerce',0),(3407,'Rieti','','woocommerce',0),(3408,'Rimini','','woocommerce',0),(3409,'Roma','','woocommerce',0),(3410,'Rovigo','','woocommerce',0),(3411,'Salerno','','woocommerce',0),(3412,'Sassari','','woocommerce',0),(3413,'Savona','','woocommerce',0),(3414,'Siena','','woocommerce',0),(3415,'Siracusa','','woocommerce',0),(3416,'Sondrio','','woocommerce',0),(3417,'Sud Sardegna','','woocommerce',0),(3418,'Taranto','','woocommerce',0),(3419,'Teramo','','woocommerce',0),(3420,'Terni','','woocommerce',0),(3421,'Torino','','woocommerce',0),(3422,'Trapani','','woocommerce',0),(3423,'Trento','','woocommerce',0),(3424,'Treviso','','woocommerce',0),(3425,'Trieste','','woocommerce',0),(3426,'Udine','','woocommerce',0),(3427,'Varese','','woocommerce',0),(3428,'Venezia','','woocommerce',0),(3429,'Verbano-Cusio-Ossola','','woocommerce',0),(3430,'Vercelli','','woocommerce',0),(3431,'Verona','','woocommerce',0),(3432,'Vibo Valentia','','woocommerce',0),(3433,'Vicenza','','woocommerce',0),(3434,'Viterbo','','woocommerce',0),(3435,'Kingston','','woocommerce',0),(3436,'Saint Andrew','','woocommerce',0),(3437,'Saint Thomas','','woocommerce',0),(3438,'Portland','','woocommerce',0),(3439,'Saint Mary','','woocommerce',0),(3440,'Saint Ann','','woocommerce',0),(3441,'Trelawny','','woocommerce',0),(3442,'Saint James','','woocommerce',0),(3443,'Hanover','','woocommerce',0),(3444,'Westmoreland','','woocommerce',0),(3445,'Saint Elizabeth','','woocommerce',0),(3446,'Manchester','','woocommerce',0),(3447,'Clarendon','','woocommerce',0),(3448,'Saint Catherine','','woocommerce',0),(3449,'Hokkaido','','woocommerce',0),(3450,'Aomori','','woocommerce',0),(3451,'Iwate','','woocommerce',0),(3452,'Miyagi','','woocommerce',0),(3453,'Akita','','woocommerce',0),(3454,'Yamagata','','woocommerce',0),(3455,'Fukushima','','woocommerce',0),(3456,'Ibaraki','','woocommerce',0),(3457,'Tochigi','','woocommerce',0),(3458,'Gunma','','woocommerce',0),(3459,'Saitama','','woocommerce',0),(3460,'Chiba','','woocommerce',0),(3461,'Tokyo','','woocommerce',0),(3462,'Kanagawa','','woocommerce',0),(3463,'Niigata','','woocommerce',0),(3464,'Toyama','','woocommerce',0),(3465,'Ishikawa','','woocommerce',0),(3466,'Fukui','','woocommerce',0),(3467,'Yamanashi','','woocommerce',0),(3468,'Nagano','','woocommerce',0),(3469,'Gifu','','woocommerce',0),(3470,'Shizuoka','','woocommerce',0),(3471,'Aichi','','woocommerce',0),(3472,'Mie','','woocommerce',0),(3473,'Shiga','','woocommerce',0),(3474,'Kyoto','','woocommerce',0),(3475,'Osaka','','woocommerce',0),(3476,'Hyogo','','woocommerce',0),(3477,'Nara','','woocommerce',0),(3478,'Wakayama','','woocommerce',0),(3479,'Tottori','','woocommerce',0),(3480,'Shimane','','woocommerce',0),(3481,'Okayama','','woocommerce',0),(3482,'Hiroshima','','woocommerce',0),(3483,'Yamaguchi','','woocommerce',0),(3484,'Tokushima','','woocommerce',0),(3485,'Kagawa','','woocommerce',0),(3486,'Ehime','','woocommerce',0),(3487,'Kochi','','woocommerce',0),(3488,'Fukuoka','','woocommerce',0),(3489,'Saga','','woocommerce',0),(3490,'Nagasaki','','woocommerce',0),(3491,'Kumamoto','','woocommerce',0),(3492,'Oita','','woocommerce',0),(3493,'Miyazaki','','woocommerce',0),(3494,'Kagoshima','','woocommerce',0),(3495,'Okinawa','','woocommerce',0),(3496,'Baringo','','woocommerce',0),(3497,'Bomet','','woocommerce',0),(3498,'Bungoma','','woocommerce',0),(3499,'Busia','','woocommerce',0),(3500,'Elgeyo-Marakwet','','woocommerce',0),(3501,'Embu','','woocommerce',0),(3502,'Garissa','','woocommerce',0),(3503,'Homa Bay','','woocommerce',0),(3504,'Isiolo','','woocommerce',0),(3505,'Kajiado','','woocommerce',0),(3506,'Kakamega','','woocommerce',0),(3507,'Kericho','','woocommerce',0),(3508,'Kiambu','','woocommerce',0),(3509,'Kilifi','','woocommerce',0),(3510,'Kirinyaga','','woocommerce',0),(3511,'Kisii','','woocommerce',0),(3512,'Kisumu','','woocommerce',0),(3513,'Kitui','','woocommerce',0),(3514,'Kwale','','woocommerce',0),(3515,'Laikipia','','woocommerce',0),(3516,'Lamu','','woocommerce',0),(3517,'Machakos','','woocommerce',0),(3518,'Makueni','','woocommerce',0),(3519,'Mandera','','woocommerce',0),(3520,'Marsabit','','woocommerce',0),(3521,'Meru','','woocommerce',0),(3522,'Migori','','woocommerce',0),(3523,'Mombasa','','woocommerce',0),(3524,'Murang’a','','woocommerce',0),(3525,'Nairobi County','','woocommerce',0),(3526,'Nakuru','','woocommerce',0),(3527,'Nandi','','woocommerce',0),(3528,'Narok','','woocommerce',0),(3529,'Nyamira','','woocommerce',0),(3530,'Nyandarua','','woocommerce',0),(3531,'Nyeri','','woocommerce',0),(3532,'Samburu','','woocommerce',0),(3533,'Siaya','','woocommerce',0),(3534,'Taita-Taveta','','woocommerce',0),(3535,'Tana River','','woocommerce',0),(3536,'Tharaka-Nithi','','woocommerce',0),(3537,'Trans Nzoia','','woocommerce',0),(3538,'Turkana','','woocommerce',0),(3539,'Uasin Gishu','','woocommerce',0),(3540,'Vihiga','','woocommerce',0),(3541,'Wajir','','woocommerce',0),(3542,'West Pokot','','woocommerce',0),(3543,'Attapeu','','woocommerce',0),(3544,'Bokeo','','woocommerce',0),(3545,'Bolikhamsai','','woocommerce',0),(3546,'Champasak','','woocommerce',0),(3547,'Houaphanh','','woocommerce',0),(3548,'Khammouane','','woocommerce',0),(3549,'Luang Namtha','','woocommerce',0),(3550,'Luang Prabang','','woocommerce',0),(3551,'Oudomxay','','woocommerce',0),(3552,'Phongsaly','','woocommerce',0),(3553,'Salavan','','woocommerce',0),(3554,'Savannakhet','','woocommerce',0),(3555,'Vientiane Province','','woocommerce',0),(3556,'Vientiane','','woocommerce',0),(3557,'Sainyabuli','','woocommerce',0),(3558,'Sekong','','woocommerce',0),(3559,'Xiangkhouang','','woocommerce',0),(3560,'Xaisomboun','','woocommerce',0),(3561,'Bomi','','woocommerce',0),(3562,'Bong','','woocommerce',0),(3563,'Gbarpolu','','woocommerce',0),(3564,'Grand Bassa','','woocommerce',0),(3565,'Grand Cape Mount','','woocommerce',0),(3566,'Grand Gedeh','','woocommerce',0),(3567,'Grand Kru','','woocommerce',0),(3568,'Lofa','','woocommerce',0),(3569,'Margibi','','woocommerce',0),(3570,'Maryland','','woocommerce',0),(3571,'Montserrado','','woocommerce',0),(3572,'Nimba','','woocommerce',0),(3573,'Rivercess','','woocommerce',0),(3574,'River Gee','','woocommerce',0),(3575,'Sinoe','','woocommerce',0),(3576,'Chișinău','','woocommerce',0),(3577,'Bălți','','woocommerce',0),(3578,'Anenii Noi','','woocommerce',0),(3579,'Basarabeasca','','woocommerce',0),(3580,'Briceni','','woocommerce',0),(3581,'Cahul','','woocommerce',0),(3582,'Cantemir','','woocommerce',0),(3583,'Călărași','','woocommerce',0),(3584,'Căușeni','','woocommerce',0),(3585,'Cimișlia','','woocommerce',0),(3586,'Criuleni','','woocommerce',0),(3587,'Dondușeni','','woocommerce',0),(3588,'Drochia','','woocommerce',0),(3589,'Dubăsari','','woocommerce',0),(3590,'Edineț','','woocommerce',0),(3591,'Fălești','','woocommerce',0),(3592,'Florești','','woocommerce',0),(3593,'UTA Găgăuzia','','woocommerce',0),(3594,'Glodeni','','woocommerce',0),(3595,'Hîncești','','woocommerce',0),(3596,'Ialoveni','','woocommerce',0),(3597,'Leova','','woocommerce',0),(3598,'Nisporeni','','woocommerce',0),(3599,'Ocnița','','woocommerce',0),(3600,'Orhei','','woocommerce',0),(3601,'Rezina','','woocommerce',0),(3602,'Rîșcani','','woocommerce',0),(3603,'Sîngerei','','woocommerce',0),(3604,'Soroca','','woocommerce',0),(3605,'Strășeni','','woocommerce',0),(3606,'Șoldănești','','woocommerce',0),(3607,'Taraclia','','woocommerce',0),(3608,'Telenești','','woocommerce',0),(3609,'Ungheni','','woocommerce',0),(3610,'Ciudad de México','','woocommerce',0),(3611,'Jalisco','','woocommerce',0),(3612,'Nuevo León','','woocommerce',0),(3613,'Aguascalientes','','woocommerce',0),(3614,'Baja California','','woocommerce',0),(3615,'Baja California Sur','','woocommerce',0),(3616,'Campeche','','woocommerce',0),(3617,'Chiapas','','woocommerce',0),(3618,'Chihuahua','','woocommerce',0),(3619,'Coahuila','','woocommerce',0),(3620,'Colima','','woocommerce',0),(3621,'Durango','','woocommerce',0),(3622,'Guanajuato','','woocommerce',0),(3623,'Guerrero','','woocommerce',0),(3624,'Hidalgo','','woocommerce',0),(3625,'Estado de México','','woocommerce',0),(3626,'Michoacán','','woocommerce',0),(3627,'Morelos','','woocommerce',0),(3628,'Nayarit','','woocommerce',0),(3629,'Oaxaca','','woocommerce',0),(3630,'Puebla','','woocommerce',0),(3631,'Querétaro','','woocommerce',0),(3632,'Quintana Roo','','woocommerce',0),(3633,'San Luis Potosí','','woocommerce',0),(3634,'Sinaloa','','woocommerce',0),(3635,'Sonora','','woocommerce',0),(3636,'Tabasco','','woocommerce',0),(3637,'Tamaulipas','','woocommerce',0),(3638,'Tlaxcala','','woocommerce',0),(3639,'Veracruz','','woocommerce',0),(3640,'Yucatán','','woocommerce',0),(3641,'Zacatecas','','woocommerce',0),(3642,'Johor','','woocommerce',0),(3643,'Kedah','','woocommerce',0),(3644,'Kelantan','','woocommerce',0),(3645,'Labuan','','woocommerce',0),(3646,'Malacca (Melaka)','','woocommerce',0),(3647,'Negeri Sembilan','','woocommerce',0),(3648,'Pahang','','woocommerce',0),(3649,'Penang (Pulau Pinang)','','woocommerce',0),(3650,'Perak','','woocommerce',0),(3651,'Perlis','','woocommerce',0),(3652,'Sabah','','woocommerce',0),(3653,'Sarawak','','woocommerce',0),(3654,'Selangor','','woocommerce',0),(3655,'Terengganu','','woocommerce',0),(3656,'Putrajaya','','woocommerce',0),(3657,'Kuala Lumpur','','woocommerce',0),(3658,'Cabo Delgado','','woocommerce',0),(3659,'Gaza','','woocommerce',0),(3660,'Inhambane','','woocommerce',0),(3661,'Manica','','woocommerce',0),(3662,'Maputo Province','','woocommerce',0),(3663,'Maputo','','woocommerce',0),(3664,'Nampula','','woocommerce',0),(3665,'Niassa','','woocommerce',0),(3666,'Sofala','','woocommerce',0),(3667,'Tete','','woocommerce',0),(3668,'Zambézia','','woocommerce',0),(3669,'Erongo','','woocommerce',0),(3670,'Hardap','','woocommerce',0),(3671,'Karas','','woocommerce',0),(3672,'Kavango East','','woocommerce',0),(3673,'Kavango West','','woocommerce',0),(3674,'Khomas','','woocommerce',0),(3675,'Kunene','','woocommerce',0),(3676,'Ohangwena','','woocommerce',0),(3677,'Omaheke','','woocommerce',0),(3678,'Omusati','','woocommerce',0),(3679,'Oshana','','woocommerce',0),(3680,'Oshikoto','','woocommerce',0),(3681,'Otjozondjupa','','woocommerce',0),(3682,'Zambezi','','woocommerce',0),(3683,'Abia','','woocommerce',0),(3684,'Abuja','','woocommerce',0),(3685,'Adamawa','','woocommerce',0),(3686,'Akwa Ibom','','woocommerce',0),(3687,'Anambra','','woocommerce',0),(3688,'Bauchi','','woocommerce',0),(3689,'Bayelsa','','woocommerce',0),(3690,'Benue','','woocommerce',0),(3691,'Borno','','woocommerce',0),(3692,'Cross River','','woocommerce',0),(3693,'Delta','','woocommerce',0),(3694,'Ebonyi','','woocommerce',0),(3695,'Edo','','woocommerce',0),(3696,'Ekiti','','woocommerce',0),(3697,'Enugu','','woocommerce',0),(3698,'Gombe','','woocommerce',0),(3699,'Imo','','woocommerce',0),(3700,'Jigawa','','woocommerce',0),(3701,'Kaduna','','woocommerce',0),(3702,'Kano','','woocommerce',0),(3703,'Katsina','','woocommerce',0),(3704,'Kebbi','','woocommerce',0),(3705,'Kogi','','woocommerce',0),(3706,'Kwara','','woocommerce',0),(3707,'Lagos','','woocommerce',0),(3708,'Nasarawa','','woocommerce',0),(3709,'Ogun','','woocommerce',0),(3710,'Ondo','','woocommerce',0),(3711,'Osun','','woocommerce',0),(3712,'Oyo','','woocommerce',0),(3713,'Rivers','','woocommerce',0),(3714,'Sokoto','','woocommerce',0),(3715,'Taraba','','woocommerce',0),(3716,'Yobe','','woocommerce',0),(3717,'Zamfara','','woocommerce',0),(3718,'Bagmati','','woocommerce',0),(3719,'Bheri','','woocommerce',0),(3720,'Dhaulagiri','','woocommerce',0),(3721,'Gandaki','','woocommerce',0),(3722,'Janakpur','','woocommerce',0),(3723,'Karnali','','woocommerce',0),(3724,'Koshi','','woocommerce',0),(3725,'Lumbini','','woocommerce',0),(3726,'Mahakali','','woocommerce',0),(3727,'Mechi','','woocommerce',0),(3728,'Narayani','','woocommerce',0),(3729,'Rapti','','woocommerce',0),(3730,'Sagarmatha','','woocommerce',0),(3731,'Seti','','woocommerce',0),(3732,'Northland','','woocommerce',0),(3733,'Auckland','','woocommerce',0),(3734,'Waikato','','woocommerce',0),(3735,'Bay of Plenty','','woocommerce',0),(3736,'Taranaki','','woocommerce',0),(3737,'Gisborne','','woocommerce',0),(3738,'Hawke’s Bay','','woocommerce',0),(3739,'Manawatu-Wanganui','','woocommerce',0),(3740,'Wellington','','woocommerce',0),(3741,'Nelson','','woocommerce',0),(3742,'Marlborough','','woocommerce',0),(3743,'Tasman','','woocommerce',0),(3744,'West Coast','','woocommerce',0),(3745,'Canterbury','','woocommerce',0),(3746,'Otago','','woocommerce',0),(3747,'Southland','','woocommerce',0),(3748,'El Callao','','woocommerce',0),(3749,'Municipalidad Metropolitana de Lima','','woocommerce',0),(3750,'Ancash','','woocommerce',0),(3751,'Apurímac','','woocommerce',0),(3752,'Arequipa','','woocommerce',0),(3753,'Ayacucho','','woocommerce',0),(3754,'Cajamarca','','woocommerce',0),(3755,'Cusco','','woocommerce',0),(3756,'Huancavelica','','woocommerce',0),(3757,'Huánuco','','woocommerce',0),(3758,'Ica','','woocommerce',0),(3759,'Junín','','woocommerce',0),(3760,'La Libertad','','woocommerce',0),(3761,'Lambayeque','','woocommerce',0),(3762,'Lima','','woocommerce',0),(3763,'Loreto','','woocommerce',0),(3764,'Madre de Dios','','woocommerce',0),(3765,'Moquegua','','woocommerce',0),(3766,'Pasco','','woocommerce',0),(3767,'Piura','','woocommerce',0),(3768,'Puno','','woocommerce',0),(3769,'San Martín','','woocommerce',0),(3770,'Tacna','','woocommerce',0),(3771,'Tumbes','','woocommerce',0),(3772,'Ucayali','','woocommerce',0),(3773,'Abra','','woocommerce',0),(3774,'Agusan del Norte','','woocommerce',0),(3775,'Agusan del Sur','','woocommerce',0),(3776,'Aklan','','woocommerce',0),(3777,'Albay','','woocommerce',0),(3778,'Antique','','woocommerce',0),(3779,'Apayao','','woocommerce',0),(3780,'Aurora','','woocommerce',0),(3781,'Basilan','','woocommerce',0),(3782,'Bataan','','woocommerce',0),(3783,'Batanes','','woocommerce',0),(3784,'Batangas','','woocommerce',0),(3785,'Benguet','','woocommerce',0),(3786,'Biliran','','woocommerce',0),(3787,'Bohol','','woocommerce',0),(3788,'Bukidnon','','woocommerce',0),(3789,'Bulacan','','woocommerce',0),(3790,'Cagayan','','woocommerce',0),(3791,'Camarines Norte','','woocommerce',0),(3792,'Camarines Sur','','woocommerce',0),(3793,'Camiguin','','woocommerce',0),(3794,'Capiz','','woocommerce',0),(3795,'Catanduanes','','woocommerce',0),(3796,'Cavite','','woocommerce',0),(3797,'Cebu','','woocommerce',0),(3798,'Compostela Valley','','woocommerce',0),(3799,'Cotabato','','woocommerce',0),(3800,'Davao del Norte','','woocommerce',0),(3801,'Davao del Sur','','woocommerce',0),(3802,'Davao Occidental','','woocommerce',0),(3803,'Davao Oriental','','woocommerce',0),(3804,'Dinagat Islands','','woocommerce',0),(3805,'Eastern Samar','','woocommerce',0),(3806,'Guimaras','','woocommerce',0),(3807,'Ifugao','','woocommerce',0),(3808,'Ilocos Norte','','woocommerce',0),(3809,'Ilocos Sur','','woocommerce',0),(3810,'Iloilo','','woocommerce',0),(3811,'Isabela','','woocommerce',0),(3812,'Kalinga','','woocommerce',0),(3813,'La Union','','woocommerce',0),(3814,'Laguna','','woocommerce',0),(3815,'Lanao del Norte','','woocommerce',0),(3816,'Lanao del Sur','','woocommerce',0),(3817,'Leyte','','woocommerce',0),(3818,'Maguindanao','','woocommerce',0),(3819,'Marinduque','','woocommerce',0),(3820,'Masbate','','woocommerce',0),(3821,'Misamis Occidental','','woocommerce',0),(3822,'Misamis Oriental','','woocommerce',0),(3823,'Mountain Province','','woocommerce',0),(3824,'Negros Occidental','','woocommerce',0),(3825,'Negros Oriental','','woocommerce',0),(3826,'Northern Samar','','woocommerce',0),(3827,'Nueva Ecija','','woocommerce',0),(3828,'Nueva Vizcaya','','woocommerce',0),(3829,'Occidental Mindoro','','woocommerce',0),(3830,'Oriental Mindoro','','woocommerce',0),(3831,'Palawan','','woocommerce',0),(3832,'Pampanga','','woocommerce',0),(3833,'Pangasinan','','woocommerce',0),(3834,'Quezon','','woocommerce',0),(3835,'Quirino','','woocommerce',0),(3836,'Rizal','','woocommerce',0),(3837,'Romblon','','woocommerce',0),(3838,'Samar','','woocommerce',0),(3839,'Sarangani','','woocommerce',0),(3840,'Siquijor','','woocommerce',0),(3841,'Sorsogon','','woocommerce',0),(3842,'South Cotabato','','woocommerce',0),(3843,'Southern Leyte','','woocommerce',0),(3844,'Sultan Kudarat','','woocommerce',0),(3845,'Sulu','','woocommerce',0),(3846,'Surigao del Norte','','woocommerce',0),(3847,'Surigao del Sur','','woocommerce',0),(3848,'Tarlac','','woocommerce',0),(3849,'Tawi-Tawi','','woocommerce',0),(3850,'Zambales','','woocommerce',0),(3851,'Zamboanga del Norte','','woocommerce',0),(3852,'Zamboanga del Sur','','woocommerce',0),(3853,'Zamboanga Sibugay','','woocommerce',0),(3854,'Metro Manila','','woocommerce',0),(3855,'Azad Kashmir','','woocommerce',0),(3856,'Balochistan','','woocommerce',0),(3857,'FATA','','woocommerce',0),(3858,'Gilgit Baltistan','','woocommerce',0),(3859,'Islamabad Capital Territory','','woocommerce',0),(3860,'Khyber Pakhtunkhwa','','woocommerce',0),(3861,'Sindh','','woocommerce',0),(3862,'Asunción','','woocommerce',0),(3863,'Concepción','','woocommerce',0),(3864,'San Pedro','','woocommerce',0),(3865,'Cordillera','','woocommerce',0),(3866,'Guairá','','woocommerce',0),(3867,'Caaguazú','','woocommerce',0),(3868,'Caazapá','','woocommerce',0),(3869,'Itapúa','','woocommerce',0),(3870,'Paraguarí','','woocommerce',0),(3871,'Alto Paraná','','woocommerce',0),(3872,'Ñeembucú','','woocommerce',0),(3873,'Amambay','','woocommerce',0),(3874,'Canindeyú','','woocommerce',0),(3875,'Presidente Hayes','','woocommerce',0),(3876,'Alto Paraguay','','woocommerce',0),(3877,'Boquerón','','woocommerce',0),(3878,'Alba','','woocommerce',0),(3879,'Arad','','woocommerce',0),(3880,'Argeș','','woocommerce',0),(3881,'Bacău','','woocommerce',0),(3882,'Bihor','','woocommerce',0),(3883,'Bistrița-Năsăud','','woocommerce',0),(3884,'Botoșani','','woocommerce',0),(3885,'Brăila','','woocommerce',0),(3886,'Brașov','','woocommerce',0),(3887,'București','','woocommerce',0),(3888,'Buzău','','woocommerce',0),(3889,'Caraș-Severin','','woocommerce',0),(3890,'Cluj','','woocommerce',0),(3891,'Constanța','','woocommerce',0),(3892,'Covasna','','woocommerce',0),(3893,'Dâmbovița','','woocommerce',0),(3894,'Dolj','','woocommerce',0),(3895,'Galați','','woocommerce',0),(3896,'Giurgiu','','woocommerce',0),(3897,'Gorj','','woocommerce',0),(3898,'Harghita','','woocommerce',0),(3899,'Hunedoara','','woocommerce',0),(3900,'Ialomița','','woocommerce',0),(3901,'Iași','','woocommerce',0),(3902,'Ilfov','','woocommerce',0),(3903,'Maramureș','','woocommerce',0),(3904,'Mehedinți','','woocommerce',0),(3905,'Mureș','','woocommerce',0),(3906,'Neamț','','woocommerce',0),(3907,'Olt','','woocommerce',0),(3908,'Prahova','','woocommerce',0),(3909,'Sălaj','','woocommerce',0),(3910,'Satu Mare','','woocommerce',0),(3911,'Sibiu','','woocommerce',0),(3912,'Suceava','','woocommerce',0),(3913,'Teleorman','','woocommerce',0),(3914,'Timiș','','woocommerce',0),(3915,'Tulcea','','woocommerce',0),(3916,'Vâlcea','','woocommerce',0),(3917,'Vaslui','','woocommerce',0),(3918,'Vrancea','','woocommerce',0),(3919,'Amnat Charoen','','woocommerce',0),(3920,'Ang Thong','','woocommerce',0),(3921,'Ayutthaya','','woocommerce',0),(3922,'Bangkok','','woocommerce',0),(3923,'Bueng Kan','','woocommerce',0),(3924,'Buri Ram','','woocommerce',0),(3925,'Chachoengsao','','woocommerce',0),(3926,'Chai Nat','','woocommerce',0),(3927,'Chaiyaphum','','woocommerce',0),(3928,'Chanthaburi','','woocommerce',0),(3929,'Chiang Mai','','woocommerce',0),(3930,'Chiang Rai','','woocommerce',0),(3931,'Chonburi','','woocommerce',0),(3932,'Chumphon','','woocommerce',0),(3933,'Kalasin','','woocommerce',0),(3934,'Kamphaeng Phet','','woocommerce',0),(3935,'Kanchanaburi','','woocommerce',0),(3936,'Khon Kaen','','woocommerce',0),(3937,'Krabi','','woocommerce',0),(3938,'Lampang','','woocommerce',0),(3939,'Lamphun','','woocommerce',0),(3940,'Loei','','woocommerce',0),(3941,'Lopburi','','woocommerce',0),(3942,'Mae Hong Son','','woocommerce',0),(3943,'Maha Sarakham','','woocommerce',0),(3944,'Mukdahan','','woocommerce',0),(3945,'Nakhon Nayok','','woocommerce',0),(3946,'Nakhon Pathom','','woocommerce',0),(3947,'Nakhon Phanom','','woocommerce',0),(3948,'Nakhon Ratchasima','','woocommerce',0),(3949,'Nakhon Sawan','','woocommerce',0),(3950,'Nakhon Si Thammarat','','woocommerce',0),(3951,'Nan','','woocommerce',0),(3952,'Narathiwat','','woocommerce',0),(3953,'Nong Bua Lam Phu','','woocommerce',0),(3954,'Nong Khai','','woocommerce',0),(3955,'Nonthaburi','','woocommerce',0),(3956,'Pathum Thani','','woocommerce',0),(3957,'Pattani','','woocommerce',0),(3958,'Phang Nga','','woocommerce',0),(3959,'Phatthalung','','woocommerce',0),(3960,'Phayao','','woocommerce',0),(3961,'Phetchabun','','woocommerce',0),(3962,'Phetchaburi','','woocommerce',0),(3963,'Phichit','','woocommerce',0),(3964,'Phitsanulok','','woocommerce',0),(3965,'Phrae','','woocommerce',0),(3966,'Phuket','','woocommerce',0),(3967,'Prachin Buri','','woocommerce',0),(3968,'Prachuap Khiri Khan','','woocommerce',0),(3969,'Ranong','','woocommerce',0),(3970,'Ratchaburi','','woocommerce',0),(3971,'Rayong','','woocommerce',0),(3972,'Roi Et','','woocommerce',0),(3973,'Sa Kaeo','','woocommerce',0),(3974,'Sakon Nakhon','','woocommerce',0),(3975,'Samut Prakan','','woocommerce',0),(3976,'Samut Sakhon','','woocommerce',0),(3977,'Samut Songkhram','','woocommerce',0),(3978,'Saraburi','','woocommerce',0),(3979,'Satun','','woocommerce',0),(3980,'Sing Buri','','woocommerce',0),(3981,'Sisaket','','woocommerce',0),(3982,'Songkhla','','woocommerce',0),(3983,'Sukhothai','','woocommerce',0),(3984,'Suphan Buri','','woocommerce',0),(3985,'Surat Thani','','woocommerce',0),(3986,'Surin','','woocommerce',0),(3987,'Tak','','woocommerce',0),(3988,'Trang','','woocommerce',0),(3989,'Trat','','woocommerce',0),(3990,'Ubon Ratchathani','','woocommerce',0),(3991,'Udon Thani','','woocommerce',0),(3992,'Uthai Thani','','woocommerce',0),(3993,'Uttaradit','','woocommerce',0),(3994,'Yala','','woocommerce',0),(3995,'Yasothon','','woocommerce',0),(3996,'Adana','','woocommerce',0),(3997,'Adıyaman','','woocommerce',0),(3998,'Afyon','','woocommerce',0),(3999,'Ağrı','','woocommerce',0),(4000,'Amasya','','woocommerce',0),(4001,'Ankara','','woocommerce',0),(4002,'Antalya','','woocommerce',0),(4003,'Artvin','','woocommerce',0),(4004,'Aydın','','woocommerce',0),(4005,'Balıkesir','','woocommerce',0),(4006,'Bilecik','','woocommerce',0),(4007,'Bingöl','','woocommerce',0),(4008,'Bitlis','','woocommerce',0),(4009,'Bolu','','woocommerce',0),(4010,'Burdur','','woocommerce',0),(4011,'Bursa','','woocommerce',0),(4012,'Çanakkale','','woocommerce',0),(4013,'Çankırı','','woocommerce',0),(4014,'Çorum','','woocommerce',0),(4015,'Denizli','','woocommerce',0),(4016,'Diyarbakır','','woocommerce',0),(4017,'Edirne','','woocommerce',0),(4018,'Elazığ','','woocommerce',0),(4019,'Erzincan','','woocommerce',0),(4020,'Erzurum','','woocommerce',0),(4021,'Eskişehir','','woocommerce',0),(4022,'Gaziantep','','woocommerce',0),(4023,'Giresun','','woocommerce',0),(4024,'Gümüşhane','','woocommerce',0),(4025,'Hakkari','','woocommerce',0),(4026,'Hatay','','woocommerce',0),(4027,'Isparta','','woocommerce',0),(4028,'İçel','','woocommerce',0),(4029,'İstanbul','','woocommerce',0),(4030,'İzmir','','woocommerce',0),(4031,'Kars','','woocommerce',0),(4032,'Kastamonu','','woocommerce',0),(4033,'Kayseri','','woocommerce',0),(4034,'Kırklareli','','woocommerce',0),(4035,'Kırşehir','','woocommerce',0),(4036,'Kocaeli','','woocommerce',0),(4037,'Konya','','woocommerce',0),(4038,'Kütahya','','woocommerce',0),(4039,'Malatya','','woocommerce',0),(4040,'Manisa','','woocommerce',0),(4041,'Kahramanmaraş','','woocommerce',0),(4042,'Mardin','','woocommerce',0),(4043,'Muğla','','woocommerce',0),(4044,'Muş','','woocommerce',0),(4045,'Nevşehir','','woocommerce',0),(4046,'Niğde','','woocommerce',0),(4047,'Ordu','','woocommerce',0),(4048,'Rize','','woocommerce',0),(4049,'Sakarya','','woocommerce',0),(4050,'Samsun','','woocommerce',0),(4051,'Siirt','','woocommerce',0),(4052,'Sinop','','woocommerce',0),(4053,'Sivas','','woocommerce',0),(4054,'Tekirdağ','','woocommerce',0),(4055,'Tokat','','woocommerce',0),(4056,'Trabzon','','woocommerce',0),(4057,'Tunceli','','woocommerce',0),(4058,'Şanlıurfa','','woocommerce',0),(4059,'Uşak','','woocommerce',0),(4060,'Van','','woocommerce',0),(4061,'Yozgat','','woocommerce',0),(4062,'Zonguldak','','woocommerce',0),(4063,'Aksaray','','woocommerce',0),(4064,'Bayburt','','woocommerce',0),(4065,'Karaman','','woocommerce',0),(4066,'Kırıkkale','','woocommerce',0),(4067,'Batman','','woocommerce',0),(4068,'Şırnak','','woocommerce',0),(4069,'Bartın','','woocommerce',0),(4070,'Ardahan','','woocommerce',0),(4071,'Iğdır','','woocommerce',0),(4072,'Yalova','','woocommerce',0),(4073,'Karabük','','woocommerce',0),(4074,'Kilis','','woocommerce',0),(4075,'Osmaniye','','woocommerce',0),(4076,'Düzce','','woocommerce',0),(4077,'Arusha','','woocommerce',0),(4078,'Dar es Salaam','','woocommerce',0),(4079,'Dodoma','','woocommerce',0),(4080,'Iringa','','woocommerce',0),(4081,'Kagera','','woocommerce',0),(4082,'Pemba North','','woocommerce',0),(4083,'Zanzibar North','','woocommerce',0),(4084,'Kigoma','','woocommerce',0),(4085,'Kilimanjaro','','woocommerce',0),(4086,'Pemba South','','woocommerce',0),(4087,'Zanzibar South','','woocommerce',0),(4088,'Lindi','','woocommerce',0),(4089,'Mara','','woocommerce',0),(4090,'Mbeya','','woocommerce',0),(4091,'Zanzibar West','','woocommerce',0),(4092,'Morogoro','','woocommerce',0),(4093,'Mtwara','','woocommerce',0),(4094,'Mwanza','','woocommerce',0),(4095,'Coast','','woocommerce',0),(4096,'Rukwa','','woocommerce',0),(4097,'Ruvuma','','woocommerce',0),(4098,'Shinyanga','','woocommerce',0),(4099,'Singida','','woocommerce',0),(4100,'Tabora','','woocommerce',0),(4101,'Tanga','','woocommerce',0),(4102,'Manyara','','woocommerce',0),(4103,'Geita','','woocommerce',0),(4104,'Katavi','','woocommerce',0),(4105,'Njombe','','woocommerce',0),(4106,'Simiyu','','woocommerce',0),(4107,'Belgrade','','woocommerce',0),(4108,'Bor','','woocommerce',0),(4109,'Braničevo','','woocommerce',0),(4110,'Central Banat','','woocommerce',0),(4111,'Danube','','woocommerce',0),(4112,'Jablanica','','woocommerce',0),(4113,'Kolubara','','woocommerce',0),(4114,'Mačva','','woocommerce',0),(4115,'Morava','','woocommerce',0),(4116,'Nišava','','woocommerce',0),(4117,'North Bačka','','woocommerce',0),(4118,'North Banat','','woocommerce',0),(4119,'Pčinja','','woocommerce',0),(4120,'Pirot','','woocommerce',0),(4121,'Pomoravlje','','woocommerce',0),(4122,'Rasina','','woocommerce',0),(4123,'Raška','','woocommerce',0),(4124,'South Bačka','','woocommerce',0),(4125,'South Banat','','woocommerce',0),(4126,'Srem','','woocommerce',0),(4127,'Šumadija','','woocommerce',0),(4128,'Toplica','','woocommerce',0),(4129,'West Bačka','','woocommerce',0),(4130,'Zaječar','','woocommerce',0),(4131,'Zlatibor','','woocommerce',0),(4132,'Kosovo','','woocommerce',0),(4133,'Peć','','woocommerce',0),(4134,'Prizren','','woocommerce',0),(4135,'Kosovska Mitrovica','','woocommerce',0),(4136,'Kosovo-Pomoravlje','','woocommerce',0),(4137,'Kosovo-Metohija','','woocommerce',0),(4138,'Vojvodina','','woocommerce',0),(4139,'Abim','','woocommerce',0),(4140,'Adjumani','','woocommerce',0),(4141,'Agago','','woocommerce',0),(4142,'Alebtong','','woocommerce',0),(4143,'Amolatar','','woocommerce',0),(4144,'Amudat','','woocommerce',0),(4145,'Amuria','','woocommerce',0),(4146,'Amuru','','woocommerce',0),(4147,'Apac','','woocommerce',0),(4148,'Arua','','woocommerce',0),(4149,'Budaka','','woocommerce',0),(4150,'Bududa','','woocommerce',0),(4151,'Bugiri','','woocommerce',0),(4152,'Bugweri','','woocommerce',0),(4153,'Buhweju','','woocommerce',0),(4154,'Buikwe','','woocommerce',0),(4155,'Bukedea','','woocommerce',0),(4156,'Bukomansimbi','','woocommerce',0),(4157,'Bukwa','','woocommerce',0),(4158,'Bulambuli','','woocommerce',0),(4159,'Buliisa','','woocommerce',0),(4160,'Bundibugyo','','woocommerce',0),(4161,'Bunyangabu','','woocommerce',0),(4162,'Bushenyi','','woocommerce',0),(4163,'Butaleja','','woocommerce',0),(4164,'Butambala','','woocommerce',0),(4165,'Butebo','','woocommerce',0),(4166,'Buvuma','','woocommerce',0),(4167,'Buyende','','woocommerce',0),(4168,'Dokolo','','woocommerce',0),(4169,'Gomba','','woocommerce',0),(4170,'Gulu','','woocommerce',0),(4171,'Hoima','','woocommerce',0),(4172,'Ibanda','','woocommerce',0),(4173,'Iganga','','woocommerce',0),(4174,'Isingiro','','woocommerce',0),(4175,'Jinja','','woocommerce',0),(4176,'Kaabong','','woocommerce',0),(4177,'Kabale','','woocommerce',0),(4178,'Kabarole','','woocommerce',0),(4179,'Kaberamaido','','woocommerce',0),(4180,'Kagadi','','woocommerce',0),(4181,'Kakumiro','','woocommerce',0),(4182,'Kalangala','','woocommerce',0),(4183,'Kaliro','','woocommerce',0),(4184,'Kalungu','','woocommerce',0),(4185,'Kampala','','woocommerce',0),(4186,'Kamuli','','woocommerce',0),(4187,'Kamwenge','','woocommerce',0),(4188,'Kanungu','','woocommerce',0),(4189,'Kapchorwa','','woocommerce',0),(4190,'Kapelebyong','','woocommerce',0),(4191,'Kasanda','','woocommerce',0),(4192,'Kasese','','woocommerce',0),(4193,'Katakwi','','woocommerce',0),(4194,'Kayunga','','woocommerce',0),(4195,'Kibaale','','woocommerce',0),(4196,'Kiboga','','woocommerce',0),(4197,'Kibuku','','woocommerce',0),(4198,'Kikuube','','woocommerce',0),(4199,'Kiruhura','','woocommerce',0),(4200,'Kiryandongo','','woocommerce',0),(4201,'Kisoro','','woocommerce',0),(4202,'Kitgum','','woocommerce',0),(4203,'Koboko','','woocommerce',0),(4204,'Kole','','woocommerce',0),(4205,'Kotido','','woocommerce',0),(4206,'Kumi','','woocommerce',0),(4207,'Kwania','','woocommerce',0),(4208,'Kween','','woocommerce',0),(4209,'Kyankwanzi','','woocommerce',0),(4210,'Kyegegwa','','woocommerce',0),(4211,'Kyenjojo','','woocommerce',0),(4212,'Kyotera','','woocommerce',0),(4213,'Lamwo','','woocommerce',0),(4214,'Lira','','woocommerce',0),(4215,'Luuka','','woocommerce',0),(4216,'Luwero','','woocommerce',0),(4217,'Lwengo','','woocommerce',0),(4218,'Lyantonde','','woocommerce',0),(4219,'Manafwa','','woocommerce',0),(4220,'Maracha','','woocommerce',0),(4221,'Masaka','','woocommerce',0),(4222,'Masindi','','woocommerce',0),(4223,'Mayuge','','woocommerce',0),(4224,'Mbale','','woocommerce',0),(4225,'Mbarara','','woocommerce',0),(4226,'Mitooma','','woocommerce',0),(4227,'Mityana','','woocommerce',0),(4228,'Moroto','','woocommerce',0),(4229,'Moyo','','woocommerce',0),(4230,'Mpigi','','woocommerce',0),(4231,'Mubende','','woocommerce',0),(4232,'Mukono','','woocommerce',0),(4233,'Nabilatuk','','woocommerce',0),(4234,'Nakapiripirit','','woocommerce',0),(4235,'Nakaseke','','woocommerce',0),(4236,'Nakasongola','','woocommerce',0),(4237,'Namayingo','','woocommerce',0),(4238,'Namisindwa','','woocommerce',0),(4239,'Namutumba','','woocommerce',0),(4240,'Napak','','woocommerce',0),(4241,'Nebbi','','woocommerce',0),(4242,'Ngora','','woocommerce',0),(4243,'Ntoroko','','woocommerce',0),(4244,'Ntungamo','','woocommerce',0),(4245,'Nwoya','','woocommerce',0),(4246,'Omoro','','woocommerce',0),(4247,'Otuke','','woocommerce',0),(4248,'Oyam','','woocommerce',0),(4249,'Pader','','woocommerce',0),(4250,'Pakwach','','woocommerce',0),(4251,'Pallisa','','woocommerce',0),(4252,'Rakai','','woocommerce',0),(4253,'Rubanda','','woocommerce',0),(4254,'Rubirizi','','woocommerce',0),(4255,'Rukiga','','woocommerce',0),(4256,'Rukungiri','','woocommerce',0),(4257,'Sembabule','','woocommerce',0),(4258,'Serere','','woocommerce',0),(4259,'Sheema','','woocommerce',0),(4260,'Sironko','','woocommerce',0),(4261,'Soroti','','woocommerce',0),(4262,'Tororo','','woocommerce',0),(4263,'Wakiso','','woocommerce',0),(4264,'Yumbe','','woocommerce',0),(4265,'Zombo','','woocommerce',0),(4266,'Baker Island','','woocommerce',0),(4267,'Howland Island','','woocommerce',0),(4268,'Jarvis Island','','woocommerce',0),(4269,'Johnston Atoll','','woocommerce',0),(4270,'Kingman Reef','','woocommerce',0),(4271,'Midway Atoll','','woocommerce',0),(4272,'Navassa Island','','woocommerce',0),(4273,'Palmyra Atoll','','woocommerce',0),(4274,'Wake Island','','woocommerce',0),(4275,'Alabama','','woocommerce',0),(4276,'Alaska','','woocommerce',0),(4277,'Arizona','','woocommerce',0),(4278,'Arkansas','','woocommerce',0),(4279,'California','','woocommerce',0),(4280,'Colorado','','woocommerce',0),(4281,'Connecticut','','woocommerce',0),(4282,'Delaware','','woocommerce',0),(4283,'District Of Columbia','','woocommerce',0),(4284,'Florida','','woocommerce',0),(4285,'Hawaii','','woocommerce',0),(4286,'Idaho','','woocommerce',0),(4287,'Illinois','','woocommerce',0),(4288,'Indiana','','woocommerce',0),(4289,'Iowa','','woocommerce',0),(4290,'Kansas','','woocommerce',0),(4291,'Kentucky','','woocommerce',0),(4292,'Louisiana','','woocommerce',0),(4293,'Maine','','woocommerce',0),(4294,'Massachusetts','','woocommerce',0),(4295,'Michigan','','woocommerce',0),(4296,'Minnesota','','woocommerce',0),(4297,'Mississippi','','woocommerce',0),(4298,'Missouri','','woocommerce',0),(4299,'Nebraska','','woocommerce',0),(4300,'Nevada','','woocommerce',0),(4301,'New Hampshire','','woocommerce',0),(4302,'New Jersey','','woocommerce',0),(4303,'New Mexico','','woocommerce',0),(4304,'New York','','woocommerce',0),(4305,'North Carolina','','woocommerce',0),(4306,'North Dakota','','woocommerce',0),(4307,'Ohio','','woocommerce',0),(4308,'Oklahoma','','woocommerce',0),(4309,'Oregon','','woocommerce',0),(4310,'Pennsylvania','','woocommerce',0),(4311,'Rhode Island','','woocommerce',0),(4312,'South Carolina','','woocommerce',0),(4313,'South Dakota','','woocommerce',0),(4314,'Tennessee','','woocommerce',0),(4315,'Texas','','woocommerce',0),(4316,'Utah','','woocommerce',0),(4317,'Vermont','','woocommerce',0),(4318,'Virginia','','woocommerce',0),(4319,'Washington','','woocommerce',0),(4320,'West Virginia','','woocommerce',0),(4321,'Wisconsin','','woocommerce',0),(4322,'Wyoming','','woocommerce',0),(4323,'Armed Forces (AA)','','woocommerce',0),(4324,'Armed Forces (AE)','','woocommerce',0),(4325,'Armed Forces (AP)','','woocommerce',0),(4326,'Capital','','woocommerce',0),(4327,'Anzoátegui','','woocommerce',0),(4328,'Apure','','woocommerce',0),(4329,'Aragua','','woocommerce',0),(4330,'Barinas','','woocommerce',0),(4331,'Bolívar','','woocommerce',0),(4332,'Carabobo','','woocommerce',0),(4333,'Cojedes','','woocommerce',0),(4334,'Falcón','','woocommerce',0),(4335,'Guárico','','woocommerce',0),(4336,'Lara','','woocommerce',0),(4337,'Mérida','','woocommerce',0),(4338,'Miranda','','woocommerce',0),(4339,'Monagas','','woocommerce',0),(4340,'Nueva Esparta','','woocommerce',0),(4341,'Portuguesa','','woocommerce',0),(4342,'Sucre','','woocommerce',0),(4343,'Táchira','','woocommerce',0),(4344,'Trujillo','','woocommerce',0),(4345,'Yaracuy','','woocommerce',0),(4346,'Zulia','','woocommerce',0),(4347,'Federal Dependencies','','woocommerce',0),(4348,'Vargas','','woocommerce',0),(4349,'Delta Amacuro','','woocommerce',0),(4350,'Eastern Cape','','woocommerce',0),(4351,'Free State','','woocommerce',0),(4352,'Gauteng','','woocommerce',0),(4353,'KwaZulu-Natal','','woocommerce',0),(4354,'Limpopo','','woocommerce',0),(4355,'Mpumalanga','','woocommerce',0),(4356,'Northern Cape','','woocommerce',0),(4357,'North West','','woocommerce',0),(4358,'Western Cape','','woocommerce',0),(4359,'Luapula','','woocommerce',0),(4360,'North-Western','','woocommerce',0),(4361,'Southern','','woocommerce',0),(4362,'Copperbelt','','woocommerce',0),(4363,'Lusaka','','woocommerce',0),(4364,'Muchinga','','woocommerce',0),(4365,'Select an option&hellip;','','woocommerce',0),(4366,'No matches found','','woocommerce',0),(4367,'Loading failed','','woocommerce',0),(4368,'Please enter 1 or more characters','','woocommerce',0),(4369,'Please enter %qty% or more characters','','woocommerce',0),(4370,'Please delete 1 character','','woocommerce',0),(4371,'Please delete %qty% characters','','woocommerce',0),(4372,'You can only select 1 item','','woocommerce',0),(4373,'You can only select %qty% items','','woocommerce',0),(4374,'Loading more results&hellip;','','woocommerce',0),(4375,'Searching&hellip;','','woocommerce',0),(4376,'Your Cart','','ignition',0),(4377,'Confirmation','','ignition',0),(4378,'Blog','','ignition',0),(4379,'Product','','woocommerce',0),(4380,'Price','','woocommerce',0),(4381,'Quantity','','woocommerce',0),(4382,'Subtotal','','woocommerce',0),(4383,'%s quantity','','woocommerce',0),(4384,'Qty','','woocommerce',0),(4385,'Coupon:','','woocommerce',0),(4386,'Coupon code','','woocommerce',0),(4387,'Apply coupon','','woocommerce',0),(4388,'Update cart','','woocommerce',0),(4389,'Continue Shopping','','ignition',0),(4390,'Cart totals','','woocommerce',0),(4391,'Shipping to %s.','','woocommerce',0),(4392,'Change address','','woocommerce',0),(4393,'Select a country / region&hellip;','','woocommerce',0),(4394,'Update','','woocommerce',0),(4395,'Total','','woocommerce',0),(4396,'OR','','woocommerce-gateway-stripe',0),(4397,'Proceed to checkout','','woocommerce',0),(4398,'OR','','woocommerce-gateway-paypal-express-checkout',0),(4399,'Shipping','','woocommerce-gateway-stripe',0),(4400,'Please select a rating','','woocommerce',0),(4401,'product','','woocommerce',0),(4402,'product-category','','woocommerce',0),(4403,'product-tag','','woocommerce',0),(4404,'%s customer reviews','','woocommerce',0),(4405,'Language (month names)','','woo-extra-product-options',0),(4406,'Category:','','woocommerce',0),(4407,'Tags:','','woocommerce',0),(4408,'Reviews (%d)','','woocommerce',0),(4409,'%1$s reviews for %2$s','','woocommerce',0),(4410,'verified owner','','woocommerce',0),(4411,'Add a review','','woocommerce',0),(4412,'Leave a Reply to %s','','woocommerce',0),(4413,'Submit','','woocommerce',0),(4414,'Name','','woocommerce',0),(4415,'You must be %1$slogged in%2$s to post a review.','','woocommerce',0),(4416,'Your rating','','woocommerce',0),(4417,'Rate&hellip;','','woocommerce',0),(4418,'Perfect','','woocommerce',0),(4419,'Good','','woocommerce',0),(4420,'Average','','woocommerce',0),(4421,'Not that bad','','woocommerce',0),(4422,'Very poor','','woocommerce',0),(4423,'Your review','','woocommerce',0),(4424,'Name','','default',0),(4425,'Email','','default',0),(4426,'Website','','default',0),(4427,'Save my name, email, and website in this browser for the next time I comment.','','default',0),(4428,'Required fields are marked %s','','default',0),(4429,'Comment','','default',0),(4430,'You must be <a href=\"%s\">logged in</a> to post a comment.','','default',0),(4431,'<a href=\"%1$s\" aria-label=\"%2$s\">Logged in as %3$s</a>. <a href=\"%4$s\">Log out?</a>','','default',0),(4432,'Logged in as %s. Edit your profile.','','default',0),(4433,'Your email address will not be published.','','default',0),(4434,'Leave a Reply','','default',0),(4435,'Leave a Reply to %s','','default',0),(4436,'Cancel reply','','default',0),(4437,'Post Comment','','default',0),(4438,'Related products','','woocommerce',0),(4439,'Close (Esc)','','woocommerce',0),(4440,'Share','','woocommerce',0),(4441,'Toggle fullscreen','','woocommerce',0),(4442,'Zoom in/out','','woocommerce',0),(4443,'Previous (arrow left)','','woocommerce',0),(4444,'Next (arrow right)','','woocommerce',0),(4445,'Error processing checkout. Please try again.','','woocommerce',0),(4446,'Have a coupon?','','woocommerce',0),(4447,'Click here to enter your code','','woocommerce',0),(4448,'If you have a coupon code, please apply it below.','','woocommerce',0),(4449,'Email address','','woocommerce',0),(4450,'Order notes','','woocommerce',0),(4451,'Notes about your order, e.g. special notes for delivery.','','woocommerce',0),(4452,'Billing details','','woocommerce',0),(4453,'Update country / region','','woocommerce',0),(4454,'Ship to a different address?','','woocommerce',0),(4455,'Your order','','woocommerce',0),(4456,'Place order','','woocommerce',0),(4457,'Use a new payment method','','woocommerce',0),(4458,'Card Number','','woocommerce-gateway-stripe',0),(4459,'Expiry Date','','woocommerce-gateway-stripe',0),(4460,'Card Code (CVC)','','woocommerce-gateway-stripe',0),(4461,'Save payment information to my account for future purchases.','','woocommerce-gateway-stripe',0),(4462,'Since your browser does not support JavaScript, or it is disabled, please ensure you click the %1$sUpdate Totals%2$s button before placing your order. You may be charged more than the amount stated above if you fail to do so.','','woocommerce',0),(4463,'Update totals','','woocommerce',0),(4464,'Your personal data will be used to process your order, support your experience throughout this website, and for other purposes described in our %s.','','woocommerce',0),(4465,'privacy policy','','woocommerce',0),(4466,'terms and conditions','','woocommerce',0),(4467,'packetshop window','','pakkelabels-for-woocommerce',0),(4468,'Something went wrong, please try again!','','pakkelabels-for-woocommerce',0),(4469,'Close','','pakkelabels-for-woocommerce',0),(4470,'Coupon code applied successfully.','','woocommerce',0),(4471,'Coupon: %s','','woocommerce',0),(4472,'[Remove]','','woocommerce',0),(4473,'Discount','','woocommerce-gateway-stripe',0),(4474,'Coupon code already applied!','','woocommerce',0),(4475,'Sorry, you cannot list resources.','','woocommerce',0),(4476,'Sorry, fetching performance indicators failed.','','woocommerce',0),(4477,'Front Page','','default',0),(4478,'Posts Page','','default',0),(4479,'Privacy Policy Page','','default',0),(4480,'&#8220;%s&#8221;','','default',0),(4481,'Shift-click to edit this element.','','default',0),(4482,'This link is not live-previewable.','','default',0),(4483,'This form is not live-previewable.','','default',0),(4484,'Shift-click to edit this widget.','','default',0),(4485,'Click to edit this menu.','','default',0),(4486,'Click to edit this widget.','','default',0),(4487,'Click to edit the site title.','','default',0),(4488,'Click to edit this element.','','default',0),(4489,'%s is forbidden','','default',0),(4490,'Widgets are independent sections of content that can be placed into widgetized areas provided by your theme (commonly called sidebars).','','default',0),(4491,'To track your order please enter your Order ID in the box below and press the \"Track\" button. This was given to you on your receipt and in the confirmation email you should have received.','','woocommerce',0),(4492,'Order ID','','woocommerce',0),(4493,'Found in your order confirmation email.','','woocommerce',0),(4494,'Billing email','','woocommerce',0),(4495,'Email you used during checkout.','','woocommerce',0),(4496,'Track','','woocommerce',0),(4497,'Previous','','ignition',0),(4498,'Next','','ignition',0),(4499,'Posts navigation','','ignition',0),(4500,'Please enable JavaScript in your browser to complete this form.','','wpforms-lite',0),(4501,'This field is required.','','wpforms-lite',0),(4502,'Please enter a valid email address.','','wpforms-lite',0),(4503,'Did you mean {suggestion}?','','wpforms-lite',0),(4504,'Click to accept this suggestion.','','wpforms-lite',0),(4505,'This email address is not allowed.','','wpforms-lite',0),(4506,'Please enter a valid number.','','wpforms-lite',0),(4507,'Please enter a valid positive number.','','wpforms-lite',0),(4508,'Field values do not match.','','wpforms-lite',0),(4509,'You have exceeded the number of allowed selections: {#}.','','wpforms-lite',0),(4510,'{count} of {limit} max characters.','','wpforms-lite',0),(4511,'{count} of {limit} max words.','','wpforms-lite',0),(4512,'Google reCAPTCHA verification failed, please try again later.','','wpforms-lite',0),(4513,'Please fill out all blanks.','','wpforms-lite',0),(4514,'Sale!','','woocommerce',0),(4515,'Private: %s','','default',0),(4516,'action created','','woocommerce',0),(4517,'You might be interested in &hellip;','','ignition',0);

--
